06-06 07:40:26.680 28473 28473 W libc : Access denied finding property "persist.camera.toggle_zoom_bar"
06-06 07:40:26.681 28473 28473 W libc : Access denied finding property "persist.camera.chameleon.enabled"
06-06 07:40:26.689 28473 28473 W libc : Access denied finding property "persist.camera.hdr_plus_torch_thermal_throttling"
06-06 07:40:26.691 28473 28473 W CAM_A : ModeSwitcher WAS ALREADY ENABLED!
06-06 07:40:26.696 28473 28473 W libc : Access denied finding property "persist.camera.catshark_enabled.RESTART"
06-06 07:40:26.701 28473 28473 D CameraManager2: GotArray:0
06-06 07:40:26.701 28473 28473 D CameraManager2: GotArray:1
06-06 07:40:26.712 28473 28473 D CameraManager2: GotArray:0
06-06 07:40:26.712 28473 28473 D CameraManager2: GotArray:1
06-06 07:40:26.716 28473 28473 W libc : Access denied finding property "persist.camera.gouda.max_zoom_override"
06-06 07:40:26.717 28473 28473 W libc : Access denied finding property "persist.camera.p20_lens_setup"
06-06 07:40:26.717 28473 28473 W libc : Access denied finding property "persist.camera.p20_lens_setup"
06-06 07:40:26.721 28473 28473 W libc : Access denied finding property "persist.camera.p20_lens_setup"
06-06 07:40:26.722 28473 28473 W libc : Access denied finding property "persist.camera.p20_lens_setup"
06-06 07:40:26.723 28473 28473 W libc : Access denied finding property "persist.camera.p20_lens_setup"
06-06 07:40:26.723 28473 28473 W libc : Access denied finding property "persist.camera.p20_lens_setup"
06-06 07:40:26.724 28473 28473 W libc : Access denied finding property "persist.camera.p20_lens_setup"
06-06 07:40:26.727 28473 29051 W libc : Access denied finding property "persist.camera.dualev.limitUltrawide"
06-06 07:40:26.728 28473 28473 D CameraManager2: GotArray:0
06-06 07:40:26.728 28473 28473 D CameraManager2: GotArray:1
06-06 07:40:26.731 28473 28473 W libc : Access denied finding property "persist.camera.p21_front_setup"
06-06 07:40:26.776 28473 28473 W libc : Access denied finding property "persist.camera.p20_lens_setup"
06-06 07:40:26.777 28473 28473 W libc : Access denied finding property "persist.camera.p20_lens_setup"
06-06 07:40:26.778 28473 28473 W libc : Access denied finding property "persist.camera.p20_lens_setup"
06-06 07:40:26.779 28473 28473 W libc : Access denied finding property "persist.camera.p20_lens_setup"
06-06 07:40:26.782 28473 28473 W libc : Access denied finding property "persist.camera.p20_lens_setup"
06-06 07:40:26.783 28473 28473 W libc : Access denied finding property "persist.camera.p20_lens_setup"
06-06 07:40:26.785 28473 28473 W libc : Access denied finding property "persist.camera.p20_lens_setup"
06-06 07:40:26.787 28473 28473 W libc : Access denied finding property "persist.camera.catshark_enabled.RESTART"
06-06 07:40:26.792 28473 29051 W libc : Access denied finding property "persist.camera.dualev.limitUltrawide"
06-06 07:40:26.792 28473 29051 W libc : Access denied finding property "persist.camera.dualev.limitUltrawide"
06-06 07:40:26.795 28473 29051 W libc : Access denied finding property "persist.camera.dualev.limitUltrawide"
06-06 07:40:26.797 28473 29100 I tflite : Replacing 26 node(s) with delegate (unknown) node, yielding 1 partitions.
06-06 07:40:26.797 28473 28582 E GoLog : INFO: Replacing 26 node(s) with delegate (unknown) node, yielding 1 partitions.
06-06 07:40:26.800 28473 28473 W libc : Access denied finding property "persist.camera.cutout_display"
06-06 07:40:26.810 28473 28473 I Choreographer: Skipped 33 frames! The application may be doing too much work on its main thread.
06-06 07:40:26.812 28473 29054 W CAM_SimpleReqProcessor: Failed to add Stream-3 to CaptureRequest for Request-99. The surface (null) was not valid.
06-06 07:40:26.816 28473 28473 W libc : Access denied finding property "persist.camera.cutout_display"
06-06 07:40:26.816 28473 28473 W libc : Access denied finding property "persist.camera.optbar.icons_on_closed_menu"
06-06 07:40:26.819 28473 28473 W libc : Access denied finding property "persist.camera.cutout_trial_size"
06-06 07:40:26.829 28473 28473 W libc : Access denied finding property "persist.camera.cutout_display"
06-06 07:40:26.829 28473 28497 E OpenGLRenderer: Unable to match the desired swap behavior.
06-06 07:40:26.841 28473 28473 W eCameraEngR13F2: type=1400 audit(0.0:58372190): avc: denied { read } for name="u:object_r:vendor_camera_prop:s0" dev="tmpfs" ino=13499 scontext=u:r:untrusted_app_29:s0:c73,c257,c512,c768 tcontext=u:object_r:vendor_camera_prop:s0 tclass=file permissive=0 app=com.google.android.GoogleCameraEngR13F2
06-06 07:40:26.830 28473 28473 W libc : Access denied finding property "persist.camera.cutout_trial_size"
06-06 07:40:26.844 28473 28473 I DeezNuts: MSG: SLIDER 1 FOCUS: 1.0E-4
06-06 07:40:26.844 28473 28473 I ProReC : setprogres0
06-06 07:40:26.844 28473 28473 I DeezNuts: MSG: SLIDER 0 IDX: 0
06-06 07:40:26.844 28473 28473 I ProReC : setprogres_iso0
06-06 07:40:26.844 28473 28473 I za.defcomk.prorec.cust2.RotSeek: setprogres_iso0
06-06 07:40:26.845 28473 28473 W View : requestLayout() improperly called by com.google.android.material.button.MaterialButton{6f35e44 VFED..C.. ......I. 0,0-0,0 #7f0b000b app:id/AuxButtonMain} during layout: running second layout pass
06-06 07:40:26.846 28473 28473 W libc : Access denied finding property "persist.camera.cutout_display"
06-06 07:40:26.850 28473 29051 W libc : Access denied finding property "persist.camera.dualev.limitUltrawide"
06-06 07:40:26.851 28473 28473 W libc : Access denied finding property "persist.camera.cutout_trial_size"
06-06 07:40:26.865 28473 29100 I tflite : Replacing 26 node(s) with delegate (unknown) node, yielding 1 partitions.
06-06 07:40:26.865 28473 28582 E GoLog : INFO: Replacing 26 node(s) with delegate (unknown) node, yielding 1 partitions.
06-06 07:40:26.844 28473 28473 W CallbackHndlr: type=1400 audit(0.0:58372192): avc: denied { read } for name="u:object_r:vendor_camera_prop:s0" dev="tmpfs" ino=13499 scontext=u:r:untrusted_app_29:s0:c73,c257,c512,c768 tcontext=u:object_r:vendor_camera_prop:s0 tclass=file permissive=0 app=com.google.android.GoogleCameraEngR13F2
06-06 07:40:26.847 28473 28473 W eCameraEngR13F2: type=1400 audit(0.0:58372193): avc: denied { read } for name="u:object_r:vendor_camera_prop:s0" dev="tmpfs" ino=13499 scontext=u:r:untrusted_app_29:s0:c73,c257,c512,c768 tcontext=u:object_r:vendor_camera_prop:s0 tclass=file permissive=0 app=com.google.android.GoogleCameraEngR13F2
06-06 07:40:26.894 28473 29051 W libc : Access denied finding property "persist.camera.dualev.limitUltrawide"
06-06 07:40:26.915 28473 28495 I Manager : prepareModelFromCache: successfully prepared model from cache
06-06 07:40:26.915 28473 28495 I ExecutionPlan: ExecutionPlan::SimpleBody::finish: compilation finished successfully on qti-default
06-06 07:40:26.918 28473 29051 W libc : Access denied finding property "persist.camera.dualev.limitUltrawide"
06-06 07:40:26.926 28473 28473 W libc : Access denied finding property "persist.camera.cutout_display"
06-06 07:40:26.926 28473 28473 W libc : Access denied finding property "persist.camera.cutout_trial_size"
06-06 07:40:26.932 28473 29054 W CAM_SurfaceMap: Surface(name=null)/@0xc3ef101 is valid but deferred streams are not yet available for CaptureSession-1
06-06 07:40:26.932 28473 29054 W CAM_SimpleReqProcessor: Failed to add Stream-3 to CaptureRequest for Request-100. The surface is not yet available.
06-06 07:40:26.951 28473 28473 W libc : Access denied finding property "persist.camera.enable_hound"
06-06 07:40:26.951 28473 28473 D CameraManager2: GotArray:0
06-06 07:40:26.951 28473 28473 D CameraManager2: GotArray:1
06-06 07:40:26.952 28473 28473 W CAM_A : ModeSwitcher WAS ALREADY ENABLED!
06-06 07:40:26.953 28473 28473 W libc : Access denied finding property "persist.camera.front_lens_indicator"
06-06 07:40:26.955 28473 28473 W libc : Access denied finding property "persist.camera.catshark_minibar_enabled"
06-06 07:40:26.958 28473 28473 W libc : Access denied finding property "persist.camera.skip_oobe"
06-06 07:40:26.958 28473 28473 W libc : Access denied finding property "persist.camera.cutout_display"
06-06 07:40:26.959 28473 28473 W libc : Access denied finding property "persist.camera.cutout_trial_size"
06-06 07:40:26.974 28473 28473 W libc : Access denied finding property "persist.camera.optbar.standalone_settings_button"
06-06 07:40:26.975 28473 28473 W libc : Access denied finding property "persist.camera.catshark_enabled.RESTART"
06-06 07:40:26.977 28473 28473 W libc : Access denied finding property "persist.camera.use_video_resolution_option"
06-06 07:40:26.980 28473 28473 W libc : Access denied finding property "persist.camera.manual_focus_enabled"
06-06 07:40:26.982 28473 28473 W libc : Access denied finding property "persist.camera.hdr_plus_torch_thermal_throttling"
06-06 07:40:26.982 28473 28473 W libc : Access denied finding property "persist.camera.catshark_enabled.RESTART"
06-06 07:40:26.983 28473 28473 W libc : Access denied finding property "persist.camera.cutout_display"
06-06 07:40:26.985 28473 28473 W libc : Access denied finding property "persist.camera.cutout_trial_size"
06-06 07:40:26.988 28473 29107 W libc : Access denied finding property "persist.camera.micro_ls_cancel"
06-06 07:40:26.988 28473 29107 W libc : Access denied finding property "persist.camera.micro_ls_cthreshold"
06-06 07:40:26.988 28473 29107 W libc : Access denied finding property "persist.camera.longshot_xtra_frames"
06-06 07:40:26.988 28473 29107 W libc : Access denied finding property "persist.camera.mts_face_diversity"
06-06 07:40:26.993 28473 28495 W CAM_A : Extractor (frame) of type feature.acmi.imu.frame-straightness depends on foreign type feature.acmi.imu.camera-orientation! Feature values may be calculated out of order!
06-06 07:40:26.994 28473 28495 W CAM_A : Extractor (frame) of type feature.acmi.imu.frame-straightness depends on foreign type feature.acmi.imu.camera-orientation! Feature values may be calculated out of order!
06-06 07:40:26.995 28473 29107 W libc : Access denied finding property "persist.camera.mts_aesthetic_diversity"
06-06 07:40:26.995 28473 29107 W libc : Access denied finding property "persist.camera.mts_enable_nima_v2"
06-06 07:40:26.996 28473 29107 W libc : Access denied finding property "persist.camera.mts_full_color_range"
06-06 07:40:26.996 28473 29107 W libc : Access denied finding property "persist.camera.mts_gpu"
06-06 07:40:26.996 28473 29107 W libc : Access denied finding property "persist.camera.mts_func_encoder"
06-06 07:40:26.999 28473 28507 W libc : Access denied finding property "persist.camera.r_pending_vids"
06-06 07:40:27.000 28473 28507 W libc : Access denied finding property "persist.camera.auto_timer_enabled"
06-06 07:40:27.002 28473 28473 W libc : Access denied finding property "persist.camera.optbar.standalone_settings_button"
06-06 07:40:27.002 28473 28473 W libc : Access denied finding property "persist.camera.catshark_enabled.RESTART"
06-06 07:40:27.008 28473 28473 W libc : Access denied finding property "persist.camera.use_video_resolution_option"
06-06 07:40:27.011 28473 28473 W libc : Access denied finding property "persist.camera.manual_focus_enabled"
06-06 07:40:27.016 28473 28473 W libc : Access denied finding property "persist.camera.hdr_plus_torch_thermal_throttling"
06-06 07:40:27.016 28473 28473 W libc : Access denied finding property "persist.camera.catshark_enabled.RESTART"
06-06 07:40:27.016 28473 28473 W libc : Access denied finding property "persist.camera.hdr_plus_torch_thermal_throttling"
06-06 07:40:27.016 28473 28473 W libc : Access denied finding property "persist.camera.catshark_enabled.RESTART"
06-06 07:40:27.016 28473 29051 W libc : Access denied finding property "persist.camera.dualev.limitUltrawide"
06-06 07:40:27.017 28473 28473 W libc : Access denied finding property "persist.camera.cutout_display"
06-06 07:40:27.018 28473 28473 W libc : Access denied finding property "persist.camera.cutout_trial_size"
06-06 07:40:27.025 28473 29051 W libc : Access denied finding property "persist.camera.dualev.limitUltrawide"
06-06 07:40:27.038 28473 28473 W libc : Access denied finding property "persist.camera.double_tap_launch_edu_enabled"
06-06 07:40:27.050 28473 29107 W libc : Access denied finding property "persist.camera.mts_gpu"
06-06 07:40:27.051 28473 29107 W libc : Access denied finding property "persist.camera.mts_func_encoder"
06-06 07:40:27.052 28473 29107 W libc : Access denied finding property "persist.camera.mts_full_res_ls"
06-06 07:40:27.052 28473 29107 W libc : Access denied finding property "persist.camera.mts_full_br_ls"
06-06 07:40:27.052 28473 29107 W libc : Access denied finding property "persist.camera.mts_full_color_range"
06-06 07:40:27.056 28473 29051 W libc : Access denied finding property "persist.camera.dualev.limitUltrawide"
06-06 07:40:27.109 28473 29051 W libc : Access denied finding property "persist.camera.dualev.limitUltrawide"
06-06 07:40:27.146 28473 28473 W libc : Access denied finding property "persist.camera.cutout_display"
06-06 07:40:27.147 28473 28473 W libc : Access denied finding property "persist.camera.cutout_trial_size"
06-06 07:40:27.151 28473 29051 W libc : Access denied finding property "persist.camera.dualev.limitUltrawide"
06-06 07:40:27.154 28473 29051 W libc : Access denied finding property "persist.camera.dualev.limitUltrawide"
06-06 07:40:27.189 28473 29051 W libc : Access denied finding property "persist.camera.dualev.limitUltrawide"
06-06 07:40:27.191 28473 28612 E CAM_A : Camera metadata not valid at : 1114652116113421
06-06 07:40:27.201 28473 29051 W libc : Access denied finding property "persist.camera.dualev.limitUltrawide"
06-06 07:40:27.203 28473 29107 W libc : Access denied finding property "persist.camera.mts_gpu"
06-06 07:40:27.203 28473 29107 W libc : Access denied finding property "persist.camera.mts_hw_enc_w"
06-06 07:40:27.203 28473 29107 W libc : Access denied finding property "persist.camera.mts_newscore"
06-06 07:40:27.203 28473 29107 W libc : Access denied finding property "persist.camera.mts_face_diversity"
06-06 07:40:27.207 28473 29107 W libc : Access denied finding property "persist.camera.mts_aesthetic_diversity"
06-06 07:40:27.207 28473 29107 W libc : Access denied finding property "persist.camera.mts_enable_nima_v2"
06-06 07:40:27.207 28473 29107 W libc : Access denied finding property "persist.camera.mts_face_diversity"
06-06 07:40:27.207 28473 29107 W libc : Access denied finding property "persist.camera.mts_long_shot_diversity"
06-06 07:40:27.210 28473 29107 W libc : Access denied finding property "persist.camera.micro_prestab"
06-06 07:40:27.211 28473 29107 W libc : Access denied finding property "persist.camera.micro_ls_always_prestab"
06-06 07:40:27.213 28473 29107 W libc : Access denied finding property "persist.camera.mts_4k"
06-06 07:40:27.213 28473 29051 W libc : Access denied finding property "persist.camera.dualev.limitUltrawide"
06-06 07:40:27.235 28473 29051 W libc : Access denied finding property "persist.camera.dualev.limitUltrawide"
06-06 07:40:27.291 28473 29051 W libc : Access denied finding property "persist.camera.dualev.limitUltrawide"
06-06 07:40:27.311 28473 29051 W libc : Access denied finding property "persist.camera.dualev.limitUltrawide"
06-06 07:40:27.348 28473 29051 W libc : Access denied finding property "persist.camera.dualev.limitUltrawide"
06-06 07:40:27.386 28473 29051 W libc : Access denied finding property "persist.camera.dualev.limitUltrawide"
06-06 07:40:27.392 28473 28507 W libc : Access denied finding property "persist.camera.skip_oobe"
06-06 07:40:27.392 28473 28507 W libc : Access denied finding property "persist.camera.enable_coach"
06-06 07:40:27.392 28473 28507 W libc : Access denied finding property "persist.camera.coach.content_detection"
06-06 07:40:27.393 28473 28507 W libc : Access denied finding property "persist.camera.enable_coach"
06-06 07:40:27.393 28473 28507 W libc : Access denied finding property "persist.camera.coach.scene_detection"
06-06 07:40:27.393 28473 28507 W libc : Access denied finding property "persist.camera.enable_coach"
06-06 07:40:27.393 28473 28507 W libc : Access denied finding property "persist.camera.enable_coach"
06-06 07:40:27.393 28473 28507 W libc : Access denied finding property "persist.camera.coach.scene_detection"
06-06 07:40:27.393 28473 28507 W libc : Access denied finding property "persist.camera.enable_coach"
06-06 07:40:27.393 28473 28507 W libc : Access denied finding property "persist.camera.coach.content_detection"
06-06 07:40:27.393 28473 28507 W libc : Access denied finding property "persist.camera.enable_coach"
06-06 07:40:27.393 28473 28507 W libc : Access denied finding property "persist.camera.coach.scene_detection"
06-06 07:40:27.393 28473 28507 W libc : Access denied finding property "persist.camera.lenslite.enable_document_scanning"
06-06 07:40:27.393 28473 28507 W libc : Access denied finding property "persist.camera.enable_lenslite"
06-06 07:40:27.393 28473 28507 W libc : Access denied finding property "persist.camera.enable_coach"
06-06 07:40:27.393 28473 28507 W libc : Access denied finding property "persist.camera.coach.content_detection"
06-06 07:40:27.393 28473 28507 W libc : Access denied finding property "persist.camera.enable_coach"
06-06 07:40:27.393 28473 28507 W libc : Access denied finding property "persist.camera.coach.scene_detection"
06-06 07:40:27.393 28473 28507 W libc : Access denied finding property "persist.camera.lenslite.enable_document_scanning"
06-06 07:40:27.394 28473 28507 W libc : Access denied finding property "persist.camera.enable_lenslite"
06-06 07:40:27.394 28473 28507 W libc : Access denied finding property "persist.camera.enable_coach"
06-06 07:40:27.394 28473 28507 W libc : Access denied finding property "persist.camera.catshark_cheese"
06-06 07:40:27.394 28473 28507 W libc : Access denied finding property "persist.camera.enable_coach"
06-06 07:40:27.394 28473 28507 W libc : Access denied finding property "persist.camera.lasagna"
06-06 07:40:27.394 28473 28507 W libc : Access denied finding property "persist.camera.enable_coach"
06-06 07:40:27.394 28473 28507 W libc : Access denied finding property "persist.camera.coach.hint_ns"
06-06 07:40:27.394 28473 28507 W libc : Access denied finding property "persist.camera.coach.horizon_level"
06-06 07:40:27.394 28473 28507 W libc : Access denied finding property "persist.camera.coach.enable_up_down"
06-06 07:40:27.394 28473 28507 W libc : Access denied finding property "persist.camera.coach.selfie_angle"
06-06 07:40:27.394 28473 28507 W libc : Access denied finding property "persist.camera.coach.long_lock"
06-06 07:40:27.394 28473 28507 W libc : Access denied finding property "persist.camera.enable_coach"
06-06 07:40:27.394 28473 28507 W libc : Access denied finding property "persist.camera.enable_coach"
06-06 07:40:27.395 28473 28507 W libc : Access denied finding property "persist.camera.coach.scene_detection"
06-06 07:40:27.395 28473 28507 W libc : Access denied finding property "persist.camera.enable_inapp_update"
06-06 07:40:27.395 28473 28507 W libc : Access denied finding property "persist.camera.longp_topshot_notification"
06-06 07:40:27.395 28473 28507 W libc : Access denied finding property "persist.camera.enable_coach"
06-06 07:40:27.395 28473 28507 W libc : Access denied finding property "persist.camera.enable_coach"
06-06 07:40:27.399 28473 29051 W libc : Access denied finding property "persist.camera.dualev.limitUltrawide"
06-06 07:40:27.401 28473 28507 W libc : Access denied finding property "persist.camera.coach.persist_hints"
06-06 07:40:27.427 28473 29051 W libc : Access denied finding property "persist.camera.dualev.limitUltrawide"
06-06 07:40:27.491 28473 29051 W libc : Access denied finding property "persist.camera.dualev.limitUltrawide"
06-06 07:40:27.501 28473 29051 W libc : Access denied finding property "persist.camera.dualev.limitUltrawide"
06-06 07:40:27.527 28473 29051 W CAM_AutoFlashIndicator: No converged AE result for 31 frames,falling back to single-image auto-flash photo
06-06 07:40:27.532 28473 29051 W libc : Access denied finding property "persist.camera.dualev.limitUltrawide"
06-06 07:40:27.559 28473 29051 W libc : Access denied finding property "persist.camera.dualev.limitUltrawide"
06-06 07:40:27.564 28473 28582 E GoLog : E0606 07:40:27.564617 29100 resource_util_android.cc:65] generic::internal: RET_CHECK failure (third_party/mediapipe/util/resource_util_android.cc:65) Singleton<AssetManager>::get()->ReadFile(path, output) could not read asset: research/vision/loco/video/models/siamese_fcpp/mobile/model_21086792_30/siamese_end2end.tflite
06-06 07:40:27.564 28473 28582 E GoLog : Stack trace:
06-06 07:40:27.564 28473 28582 E GoLog : 06-06 07:40:27.564 28473 29100 E native : E0606 07:40:27.564617 29100 resource_util_android.cc:65] generic::internal: RET_CHECK failure (third_party/mediapipe/util/resource_util_android.cc:65) Singleton<AssetManager>::get()->ReadFile(path, output) could not read asset: research/vision/loco/video/models/siamese_fcpp/mobile/model_21086792_30/siamese_end2end.tflite
06-06 07:40:27.564 28473 29100 E native : Stack trace:
06-06 07:40:27.564 28473 29100 E native : 06-06 07:40:27.565 28473 28582 E GoLog : E0606 07:40:27.564987 29100 asset_manager_util.cc:166] generic::internal: RET_CHECK failure (third_party/mediapipe/util/android/asset_manager_util.cc:166) ReadFile(asset_path, &asset_data) could not read asset: research/vision/loco/video/models/siamese_fcpp/mobile/model_21086792_30/siamese_end2end.tflite
06-06 07:40:27.565 28473 28582 E GoLog : Stack trace:
06-06 07:40:27.565 28473 28582 E GoLog : 06-06 07:40:27.565 28473 29100 E native : E0606 07:40:27.564987 29100 asset_manager_util.cc:166] generic::internal: RET_CHECK failure (third_party/mediapipe/util/android/asset_manager_util.cc:166) ReadFile(asset_path, &asset_data) could not read asset: research/vision/loco/video/models/siamese_fcpp/mobile/model_21086792_30/siamese_end2end.tflite
06-06 07:40:27.565 28473 29100 E native : Stack trace:
06-06 07:40:27.565 28473 29100 E native : 06-06 07:40:27.595 28473 29051 W libc : Access denied finding property "persist.camera.dualev.limitUltrawide"
06-06 07:40:27.600 28473 28507 W libc : Access denied finding property "persist.camera.coach.persist_hints"
06-06 07:40:27.624 28473 29051 W libc : Access denied finding property "persist.camera.dualev.limitUltrawide"
06-06 07:40:27.669 28473 29051 W libc : Access denied finding property "persist.camera.dualev.limitUltrawide"
06-06 07:40:27.679 28473 29100 I tflite : Replacing 47 node(s) with delegate (unknown) node, yielding 1 partitions.
06-06 07:40:27.679 28473 28582 E GoLog : INFO: Replacing 47 node(s) with delegate (unknown) node, yielding 1 partitions.
06-06 07:40:27.682 28473 28507 W libc : Access denied finding property "persist.camera.catshark_enabled.RESTART"
06-06 07:40:27.682 28473 28507 W libc : Access denied finding property "persist.camera.cuttle.extended"
06-06 07:40:27.686 28473 29051 W libc : Access denied finding property "persist.camera.dualev.limitUltrawide"
06-06 07:40:27.691 28473 29100 I tflite : Replacing 47 node(s) with delegate (unknown) node, yielding 1 partitions.
06-06 07:40:27.692 28473 28582 E GoLog : INFO: Replacing 47 node(s) with delegate (unknown) node, yielding 1 partitions.
06-06 07:40:27.717 28473 29051 W libc : Access denied finding property "persist.camera.dualev.limitUltrawide"
06-06 07:40:27.732 28473 28507 W libc : Access denied finding property "persist.camera.bind_assistant"
06-06 07:40:27.755 28473 29051 W libc : Access denied finding property "persist.camera.dualev.limitUltrawide"
06-06 07:40:27.791 28473 29051 W libc : Access denied finding property "persist.camera.dualev.limitUltrawide"
06-06 07:40:27.817 28473 29051 W libc : Access denied finding property "persist.camera.dualev.limitUltrawide"
06-06 07:40:27.858 28473 29051 W libc : Access denied finding property "persist.camera.dualev.limitUltrawide"
06-06 07:40:27.854 28473 28473 W CallbackHndlr: type=1400 audit(0.0:58372490): avc: denied { read } for name="u:object_r:vendor_camera_prop:s0" dev="tmpfs" ino=13499 scontext=u:r:untrusted_app_29:s0:c73,c257,c512,c768 tcontext=u:object_r:vendor_camera_prop:s0 tclass=file permissive=0 app=com.google.android.GoogleCameraEngR13F2
06-06 07:40:27.892 28473 29051 W libc : Access denied finding property "persist.camera.dualev.limitUltrawide"
06-06 07:40:27.941 28473 29051 W libc : Access denied finding property "persist.camera.dualev.limitUltrawide"
06-06 07:40:27.981 28473 29051 W libc : Access denied finding property "persist.camera.dualev.limitUltrawide"
06-06 07:40:27.988 28473 28493 W libc : Access denied finding property "persist.camera.storage_space_override"
06-06 07:40:28.005 28473 29051 W libc : Access denied finding property "persist.camera.dualev.limitUltrawide"
06-06 07:40:28.026 28473 29051 W libc : Access denied finding property "persist.camera.dualev.limitUltrawide"
06-06 07:40:28.058 28473 29051 W libc : Access denied finding property "persist.camera.dualev.limitUltrawide"
06-06 07:40:28.091 28473 29051 W libc : Access denied finding property "persist.camera.dualev.limitUltrawide"
06-06 07:40:28.119 28473 29051 W libc : Access denied finding property "persist.camera.dualev.limitUltrawide"
06-06 07:40:28.159 28473 29051 W libc : Access denied finding property "persist.camera.dualev.limitUltrawide"
06-06 07:40:28.200 28473 29051 W libc : Access denied finding property "persist.camera.dualev.limitUltrawide"
06-06 07:40:28.251 28473 29051 W libc : Access denied finding property "persist.camera.dualev.limitUltrawide"
06-06 07:40:28.263 28473 29051 W libc : Access denied finding property "persist.camera.dualev.limitUltrawide"
06-06 07:40:28.292 28473 29051 W libc : Access denied finding property "persist.camera.dualev.limitUltrawide"
06-06 07:40:28.326 28473 29051 W libc : Access denied finding property "persist.camera.dualev.limitUltrawide"
06-06 07:40:28.361 28473 29051 W libc : Access denied finding property "persist.camera.dualev.limitUltrawide"
06-06 07:40:28.399 28473 29051 W libc : Access denied finding property "persist.camera.dualev.limitUltrawide"
06-06 07:40:28.421 28473 29051 W libc : Access denied finding property "persist.camera.dualev.limitUltrawide"
06-06 07:40:28.454 28473 29051 W libc : Access denied finding property "persist.camera.dualev.limitUltrawide"
06-06 07:40:28.491 28473 29051 W libc : Access denied finding property "persist.camera.dualev.limitUltrawide"
06-06 07:40:28.524 28473 29051 W libc : Access denied finding property "persist.camera.dualev.limitUltrawide"
06-06 07:40:28.556 28473 29051 W libc : Access denied finding property "persist.camera.dualev.limitUltrawide"
06-06 07:40:28.591 28473 29051 W libc : Access denied finding property "persist.camera.dualev.limitUltrawide"
06-06 07:40:28.621 28473 29051 W libc : Access denied finding property "persist.camera.dualev.limitUltrawide"
06-06 07:40:28.659 28473 29051 W libc : Access denied finding property "persist.camera.dualev.limitUltrawide"
06-06 07:40:28.693 28473 29051 W libc : Access denied finding property "persist.camera.dualev.limitUltrawide"
06-06 07:40:28.725 28473 29051 W libc : Access denied finding property "persist.camera.dualev.limitUltrawide"
06-06 07:40:28.767 28473 29051 W libc : Access denied finding property "persist.camera.dualev.limitUltrawide"
06-06 07:40:28.793 28473 29051 W libc : Access denied finding property "persist.camera.dualev.limitUltrawide"
06-06 07:40:28.825 28473 29051 W libc : Access denied finding property "persist.camera.dualev.limitUltrawide"
06-06 07:40:28.858 28473 29051 W libc : Access denied finding property "persist.camera.dualev.limitUltrawide"
06-06 07:40:28.854 28473 28473 W CallbackHndlr: type=1400 audit(0.0:58372685): avc: denied { read } for name="u:object_r:vendor_camera_prop:s0" dev="tmpfs" ino=13499 scontext=u:r:untrusted_app_29:s0:c73,c257,c512,c768 tcontext=u:object_r:vendor_camera_prop:s0 tclass=file permissive=0 app=com.google.android.GoogleCameraEngR13F2
06-06 07:40:28.897 28473 29051 W libc : Access denied finding property "persist.camera.dualev.limitUltrawide"
06-06 07:40:28.922 28473 29051 W libc : Access denied finding property "persist.camera.dualev.limitUltrawide"
06-06 07:40:28.964 28473 29051 W libc : Access denied finding property "persist.camera.dualev.limitUltrawide"
06-06 07:40:28.992 28473 29051 W libc : Access denied finding property "persist.camera.dualev.limitUltrawide"
06-06 07:40:29.025 28473 29051 W libc : Access denied finding property "persist.camera.dualev.limitUltrawide"
06-06 07:40:29.064 28473 29051 W libc : Access denied finding property "persist.camera.dualev.limitUltrawide"
06-06 07:40:29.093 28473 29051 W libc : Access denied finding property "persist.camera.dualev.limitUltrawide"
06-06 07:40:29.133 28473 29051 W libc : Access denied finding property "persist.camera.dualev.limitUltrawide"
06-06 07:40:29.164 28473 29051 W libc : Access denied finding property "persist.camera.dualev.limitUltrawide"
06-06 07:40:29.259 28473 29051 W libc : Access denied finding property "persist.camera.dualev.limitUltrawide"
06-06 07:40:29.260 28473 29051 W libc : Access denied finding property "persist.camera.dualev.limitUltrawide"
06-06 07:40:29.261 28473 29051 W libc : Access denied finding property "persist.camera.dualev.limitUltrawide"
06-06 07:40:29.292 28473 29051 W libc : Access denied finding property "persist.camera.dualev.limitUltrawide"
06-06 07:40:29.325 28473 29051 W libc : Access denied finding property "persist.camera.dualev.limitUltrawide"
06-06 07:40:29.355 28473 29051 W libc : Access denied finding property "persist.camera.dualev.limitUltrawide"
06-06 07:40:29.402 28473 29051 W libc : Access denied finding property "persist.camera.dualev.limitUltrawide"
06-06 07:40:29.429 28473 29051 W libc : Access denied finding property "persist.camera.dualev.limitUltrawide"
06-06 07:40:29.465 28473 29051 W libc : Access denied finding property "persist.camera.dualev.limitUltrawide"
06-06 07:40:29.500 28473 29051 W libc : Access denied finding property "persist.camera.dualev.limitUltrawide"
06-06 07:40:29.537 28473 29051 W libc : Access denied finding property "persist.camera.dualev.limitUltrawide"
06-06 07:40:29.567 28473 29051 W libc : Access denied finding property "persist.camera.dualev.limitUltrawide"
06-06 07:40:29.598 28473 29051 W libc : Access denied finding property "persist.camera.dualev.limitUltrawide"
06-06 07:40:29.630 28473 29051 W libc : Access denied finding property "persist.camera.dualev.limitUltrawide"
06-06 07:40:29.659 28473 29051 W libc : Access denied finding property "persist.camera.dualev.limitUltrawide"
06-06 07:40:29.681 28473 28612 W CAM_A : Previous or current projection matrix cannot be computed. Defaulting to identity
06-06 07:40:29.696 28473 29051 W libc : Access denied finding property "persist.camera.dualev.limitUltrawide"
06-06 07:40:29.711 28473 28612 W native : W0606 07:40:29.711158 28612 roi_ml_matcher.cc:48] Cannot add new box to tracker:
06-06 07:40:29.711 28473 28612 W native : CANCELLED: Graph has errors: 06-06 07:40:29.711 28473 28612 W native : [type.googleapis.com/mediapipe.StatusList='\n\x02\x08\x01']
06-06 07:40:29.712 28473 28582 E GoLog : W0606 07:40:29.711158 28612 roi_ml_matcher.cc:48] Cannot add new box to tracker:
06-06 07:40:29.712 28473 28582 E GoLog : CANCELLED: Graph has errors: 06-06 07:40:29.712 28473 28582 E GoLog : [type.googleapis.com/mediapipe.StatusList='\n\x02\x08\x01']
06-06 07:40:29.715 28473 28612 W native : W0606 07:40:29.715169 28612 roi_ml_matcher.cc:48] Failed to add input_video to tracker:
06-06 07:40:29.715 28473 28612 W native : CANCELLED: Graph has errors: 06-06 07:40:29.715 28473 28612 W native : [type.googleapis.com/mediapipe.StatusList='\n\x02\x08\x01']
06-06 07:40:29.715 28473 28582 E GoLog : W0606 07:40:29.715169 28612 roi_ml_matcher.cc:48] Failed to add input_video to tracker:
06-06 07:40:29.715 28473 28582 E GoLog : CANCELLED: Graph has errors: 06-06 07:40:29.715 28473 28582 E GoLog : [type.googleapis.com/mediapipe.StatusList='\n\x02\x08\x01']
06-06 07:40:29.725 28473 29051 W CAM_AutoFlashIndicator: No converged AE result for 31 frames,falling back to single-image auto-flash photo
06-06 07:40:29.729 28473 29051 W libc : Access denied finding property "persist.camera.dualev.limitUltrawide"
06-06 07:40:29.766 28473 29051 W libc : Access denied finding property "persist.camera.dualev.limitUltrawide"
06-06 07:40:29.794 28473 29051 W libc : Access denied finding property "persist.camera.dualev.limitUltrawide"
06-06 07:40:29.831 28473 29051 W libc : Access denied finding property "persist.camera.dualev.limitUltrawide"
06-06 07:40:29.857 28473 29051 W libc : Access denied finding property "persist.camera.dualev.limitUltrawide"
06-06 07:40:29.891 28473 29051 W libc : Access denied finding property "persist.camera.dualev.limitUltrawide"
06-06 07:40:29.929 28473 29051 W libc : Access denied finding property "persist.camera.dualev.limitUltrawide"
06-06 07:40:29.932 28473 28612 E CAM_A : Camera metadata not valid at : 1114654921814019
06-06 07:40:29.956 28473 29051 W libc : Access denied finding property "persist.camera.dualev.limitUltrawide"
06-06 07:40:30.003 28473 29051 W libc : Access denied finding property "persist.camera.dualev.limitUltrawide"
06-06 07:40:30.004 28473 28612 E CAM_A : Camera metadata not valid at : 1114654988685425
06-06 07:40:30.057 28473 29051 W libc : Access denied finding property "persist.camera.dualev.limitUltrawide"
06-06 07:40:30.058 28473 28612 E CAM_A : Camera metadata not valid at : 1114655022001935
06-06 07:40:30.067 28473 29051 W libc : Access denied finding property "persist.camera.dualev.limitUltrawide"
06-06 07:40:30.089 28473 29051 W libc : Access denied finding property "persist.camera.dualev.limitUltrawide"
06-06 07:40:30.123 28473 29051 W libc : Access denied finding property "persist.camera.dualev.limitUltrawide"
06-06 07:40:30.157 28473 29051 W libc : Access denied finding property "persist.camera.dualev.limitUltrawide"
06-06 07:40:30.181 28473 28473 W libc : Access denied finding property "persist.camera.raw_mode"
06-06 07:40:30.196 28473 29129 W libc : Access denied finding property "persist.camera.jpeg_data_rotation"
06-06 07:40:30.204 28473 29051 W libc : Access denied finding property "persist.camera.dualev.limitUltrawide"
06-06 07:40:30.251 28473 29051 W libc : Access denied finding property "persist.camera.dualev.limitUltrawide"
06-06 07:40:30.264 28473 29051 W libc : Access denied finding property "persist.camera.dualev.limitUltrawide"
06-06 07:40:30.290 28473 29051 W libc : Access denied finding property "persist.camera.dualev.limitUltrawide"
06-06 07:40:30.325 28473 29051 W libc : Access denied finding property "persist.camera.dualev.limitUltrawide"
06-06 07:40:30.371 28473 29051 W libc : Access denied finding property "persist.camera.dualev.limitUltrawide"
06-06 07:40:30.407 28473 29051 W libc : Access denied finding property "persist.camera.dualev.limitUltrawide"
06-06 07:40:30.441 28473 29051 W libc : Access denied finding property "persist.camera.dualev.limitUltrawide"
06-06 07:40:30.478 28473 29051 W libc : Access denied finding property "persist.camera.dualev.limitUltrawide"
06-06 07:40:30.532 28473 29051 W libc : Access denied finding property "persist.camera.dualev.limitUltrawide"
06-06 07:40:30.558 28473 29051 W libc : Access denied finding property "persist.camera.dualev.limitUltrawide"
06-06 07:40:30.593 28473 29051 W libc : Access denied finding property "persist.camera.dualev.limitUltrawide"
06-06 07:40:30.601 28473 29051 W libc : Access denied finding property "persist.camera.dualev.limitUltrawide"
06-06 07:40:30.636 28473 29051 W libc : Access denied finding property "persist.camera.dualev.limitUltrawide"
06-06 07:40:30.665 28473 29051 W libc : Access denied finding property "persist.camera.dualev.limitUltrawide"
06-06 07:40:30.698 28473 29051 W libc : Access denied finding property "persist.camera.dualev.limitUltrawide"
06-06 07:40:30.731 28473 29051 W libc : Access denied finding property "persist.camera.dualev.limitUltrawide"
06-06 07:40:30.764 28473 29051 W libc : Access denied finding property "persist.camera.dualev.limitUltrawide"
06-06 07:40:30.795 28473 29051 W libc : Access denied finding property "persist.camera.dualev.limitUltrawide"
06-06 07:40:30.831 28473 29051 W libc : Access denied finding property "persist.camera.dualev.limitUltrawide"
06-06 07:40:30.862 28473 29051 W libc : Access denied finding property "persist.camera.dualev.limitUltrawide"
06-06 07:40:30.899 28473 29051 W libc : Access denied finding property "persist.camera.dualev.limitUltrawide"
06-06 07:40:30.903 28473 28593 W libc : Access denied finding property "persist.camera.mts_4k"
06-06 07:40:30.904 28473 28593 W CAM_A : Ignored Rectiface warpfield re-initialization.
06-06 07:40:30.904 28473 28593 W libc : Access denied finding property "persist.camera.acat_on"
06-06 07:40:30.904 28473 28593 W libc : Access denied finding property "persist.camera.acat_debug"
06-06 07:40:30.904 28473 28593 W libc : Access denied finding property "persist.camera.acat_firefly_on"
06-06 07:40:30.904 28473 28593 W libc : Access denied finding property "persist.camera.acat_fsc_on"
06-06 07:40:30.904 28473 28593 W libc : Access denied finding property "persist.camera.acat_cpu_warp"
06-06 07:40:30.904 28473 28593 W libc : Access denied finding property "persist.camera.acat_force_fd"
06-06 07:40:30.904 28473 28593 W libc : Access denied finding property "persist.camera.acat_lc_only"
06-06 07:40:30.904 28473 28593 W libc : Access denied finding property "persist.camera.acat_use_mask"
06-06 07:40:30.930 28473 29051 W libc : Access denied finding property "persist.camera.dualev.limitUltrawide"
06-06 07:40:30.935 28473 28482 I eCameraEngR13F2: NativeAlloc concurrent copying GC freed 304295(10MB) AllocSpace objects, 31(128MB) LOS objects, 57% free, 72MB/168MB, paused 167us,65us total 138.234ms
06-06 07:40:30.969 28473 29051 W libc : Access denied finding property "persist.camera.dualev.limitUltrawide"
06-06 07:40:30.995 28473 29051 W libc : Access denied finding property "persist.camera.dualev.limitUltrawide"
06-06 07:40:31.036 28473 29051 W libc : Access denied finding property "persist.camera.dualev.limitUltrawide"
06-06 07:40:31.063 28473 29051 W libc : Access denied finding property "persist.camera.dualev.limitUltrawide"
06-06 07:40:31.121 28473 28593 W libc : Access denied finding property "persist.camera.jpeg_data_rotation"
06-06 07:40:31.121 28473 29051 W libc : Access denied finding property "persist.camera.dualev.limitUltrawide"
06-06 07:40:31.123 28473 28612 W CAM_A : Previous or current projection matrix cannot be computed. Defaulting to identity
06-06 07:40:31.126 28473 29051 W libc : Access denied finding property "persist.camera.dualev.limitUltrawide"
06-06 07:40:31.129 28473 28612 W native : W0606 07:40:31.129243 28612 roi_ml_matcher.cc:48] Cannot add new box to tracker:
06-06 07:40:31.129 28473 28612 W native : CANCELLED: Graph has errors: 06-06 07:40:31.129 28473 28612 W native : [type.googleapis.com/mediapipe.StatusList='\n\x02\x08\x01']
06-06 07:40:31.129 28473 28582 E GoLog : W0606 07:40:31.129243 28612 roi_ml_matcher.cc:48] Cannot add new box to tracker:
06-06 07:40:31.129 28473 28582 E GoLog : CANCELLED: Graph has errors: 06-06 07:40:31.129 28473 28582 E GoLog : [type.googleapis.com/mediapipe.StatusList='\n\x02\x08\x01']
06-06 07:40:31.164 28473 28612 W native : W0606 07:40:31.164667 28612 roi_ml_matcher.cc:48] Failed to add input_video to tracker:
06-06 07:40:31.164 28473 28612 W native : CANCELLED: Graph has errors: 06-06 07:40:31.164 28473 28612 W native : [type.googleapis.com/mediapipe.StatusList='\n\x02\x08\x01']
06-06 07:40:31.164 28473 28582 E GoLog : W0606 07:40:31.164667 28612 roi_ml_matcher.cc:48] Failed to add input_video to tracker:
06-06 07:40:31.164 28473 28582 E GoLog : CANCELLED: Graph has errors: 06-06 07:40:31.164 28473 28582 E GoLog : [type.googleapis.com/mediapipe.StatusList='\n\x02\x08\x01']
06-06 07:40:31.171 28473 29051 W libc : Access denied finding property "persist.camera.dualev.limitUltrawide"
06-06 07:40:31.211 28473 29051 W libc : Access denied finding property "persist.camera.dualev.limitUltrawide"
06-06 07:40:31.234 28473 29129 W libc : Access denied finding property "persist.camera.cuttle.extended"
06-06 07:40:31.239 28473 29129 W libc : Access denied finding property "persist.camera.cuttle.extended_iterable_burst"
06-06 07:40:31.253 28473 29051 W libc : Access denied finding property "persist.camera.dualev.limitUltrawide"
06-06 07:40:31.273 28473 29051 W libc : Access denied finding property "persist.camera.dualev.limitUltrawide"
06-06 07:40:31.306 28473 29051 W libc : Access denied finding property "persist.camera.dualev.limitUltrawide"
06-06 07:40:31.322 28473 29129 W libc : Access denied finding property "persist.camera.mts_4k"
06-06 07:40:31.324 28473 29129 W libc : Access denied finding property "persist.camera.disable_hdrplus_postview"
06-06 07:40:31.325 28473 29129 W libc : Access denied finding property "persist.camera.jpeg_data_rotation"
06-06 07:40:31.326 28473 29129 W libc : Access denied finding property "persist.camera.acat_firefly_on"
06-06 07:40:31.326 28473 29129 W libc : Access denied finding property "persist.camera.spatial_rgb_enabled"
06-06 07:40:31.326 28473 29129 W libc : Access denied finding property "persist.camera.wiener_force"
06-06 07:40:31.327 28473 29129 W libc : Access denied finding property "persist.camera.shasta_zsl"
06-06 07:40:31.327 28473 29129 W libc : Access denied finding property "persist.camera.shasta.factor"
06-06 07:40:31.328 28473 29129 W libc : Access denied finding property "persist.camera.cuttle.sky"
06-06 07:40:31.328 28473 29129 W libc : Access denied finding property "persist.camera.cuttle.rerun_fd"
06-06 07:40:31.329 28473 29129 W pkr : CaptureResult is present COLOR_CORRECTION_GAINS NEUTRAL.
06-06 07:40:31.333 28473 29051 W libc : Access denied finding property "persist.camera.dualev.limitUltrawide"
06-06 07:40:31.335 28473 29129 W pkr : CaptureResult is present COLOR_CORRECTION_GAINS NEUTRAL.
06-06 07:40:31.341 28473 29129 E libgcam : [tet_model.cc:110]: Check: TetModel::model[1]::overall_gain (1.000000) can not be less than the prior value (1.300000).
06-06 07:40:31.341 28473 29129 E libgcam : [tuning.cc:677]: GetPayloadBurstTetModel: Validation of TetModel failed:
06-06 07:40:31.342 28473 29129 E libgcam : [tuning.cc:680]: GetPayloadBurstTetModel: waypoints 6
06-06 07:40:31.342 28473 29129 E libgcam : exp_time_ms 0
06-06 07:40:31.342 28473 29129 E libgcam : overall_gain 1.29999995
06-06 07:40:31.342 28473 29129 E libgcam : exp_time_ms 3.20000005
06-06 07:40:31.342 28473 29129 E libgcam : overall_gain 1
06-06 07:40:31.342 28473 29129 E libgcam : exp_time_ms 3.20000005
06-06 07:40:31.342 28473 29129 E libgcam : overall_gain 51
06-06 07:40:31.342 28473 29129 E libgcam : exp_time_ms 200
06-06 07:40:31.342 28473 29129 E libgcam : overall_gain 102
06-06 07:40:31.342 28473 29129 E libgcam : exp_time_ms 200
06-06 07:40:31.342 28473 29129 E libgcam : overall_gain 102
06-06 07:40:31.342 28473 29129 E libgcam : exp_time_ms 99999
06-06 07:40:31.342 28473 29129 E libgcam : overall_gain 256
06-06 07:40:31.343 28473 29129 W libc : Access denied finding property "persist.camera.3a.debug_meta"
06-06 07:40:31.344 28473 29129 W libc : Access denied finding property "persist.camera.jpeg_data_rotation"
06-06 07:40:31.385 28473 29051 W libc : Access denied finding property "persist.camera.dualev.limitUltrawide"
06-06 07:40:31.396 28473 29051 W libc : Access denied finding property "persist.camera.dualev.limitUltrawide"
06-06 07:40:31.425 28473 29051 W libc : Access denied finding property "persist.camera.dualev.limitUltrawide"
06-06 07:40:31.461 28473 29051 W libc : Access denied finding property "persist.camera.dualev.limitUltrawide"
06-06 07:40:31.492 28473 29051 W libc : Access denied finding property "persist.camera.dualev.limitUltrawide"
06-06 07:40:31.526 28473 29051 W libc : Access denied finding property "persist.camera.dualev.limitUltrawide"
06-06 07:40:31.559 28473 29051 W libc : Access denied finding property "persist.camera.dualev.limitUltrawide"
06-06 07:40:31.597 28473 29051 W libc : Access denied finding property "persist.camera.dualev.limitUltrawide"
06-06 07:40:31.618 28473 29051 W libc : Access denied finding property "persist.camera.dualev.limitUltrawide"
06-06 07:40:31.621 28473 29129 W pkr : CaptureResult is present COLOR_CORRECTION_GAINS NEUTRAL.
06-06 07:40:31.656 28473 29051 W libc : Access denied finding property "persist.camera.dualev.limitUltrawide"
06-06 07:40:31.659 28473 29129 W pkr : CaptureResult is present COLOR_CORRECTION_GAINS NEUTRAL.
06-06 07:40:31.684 28473 29051 W libc : Access denied finding property "persist.camera.dualev.limitUltrawide"
06-06 07:40:31.687 28473 29129 W pkr : CaptureResult is present COLOR_CORRECTION_GAINS NEUTRAL.
06-06 07:40:31.722 28473 29051 W libc : Access denied finding property "persist.camera.dualev.limitUltrawide"
06-06 07:40:31.726 28473 29129 W pkr : CaptureResult is present COLOR_CORRECTION_GAINS NEUTRAL.
06-06 07:40:31.756 28473 29051 W libc : Access denied finding property "persist.camera.dualev.limitUltrawide"
06-06 07:40:31.759 28473 29129 W pkr : CaptureResult is present COLOR_CORRECTION_GAINS NEUTRAL.
06-06 07:40:31.791 28473 29051 W libc : Access denied finding property "persist.camera.dualev.limitUltrawide"
06-06 07:40:31.796 28473 29129 W pkr : CaptureResult is present COLOR_CORRECTION_GAINS NEUTRAL.
06-06 07:40:31.819 28473 29051 W libc : Access denied finding property "persist.camera.dualev.limitUltrawide"
06-06 07:40:31.822 28473 29129 W pkr : CaptureResult is present COLOR_CORRECTION_GAINS NEUTRAL.
06-06 07:40:31.852 28473 29051 W libc : Access denied finding property "persist.camera.dualev.limitUltrawide"
06-06 07:40:31.855 28473 29129 W pkr : CaptureResult is present COLOR_CORRECTION_GAINS NEUTRAL.
06-06 07:40:31.881 28473 28473 W CallbackHndlr: type=1400 audit(0.0:58373228): avc: denied { read } for name="u:object_r:vendor_camera_prop:s0" dev="tmpfs" ino=13499 scontext=u:r:untrusted_app_29:s0:c73,c257,c512,c768 tcontext=u:object_r:vendor_camera_prop:s0 tclass=file permissive=0 app=com.google.android.GoogleCameraEngR13F2
06-06 07:40:31.885 28473 29051 W libc : Access denied finding property "persist.camera.dualev.limitUltrawide"
06-06 07:40:31.888 28473 29129 W pkr : CaptureResult is present COLOR_CORRECTION_GAINS NEUTRAL.
06-06 07:40:31.920 28473 29051 W libc : Access denied finding property "persist.camera.dualev.limitUltrawide"
06-06 07:40:31.923 28473 29129 W pkr : CaptureResult is present COLOR_CORRECTION_GAINS NEUTRAL.
06-06 07:40:31.929 28473 28763 E libgcam : [tet_model.cc:110]: Check: TetModel::model[1]::overall_gain (1.000000) can not be less than the prior value (1.300000).
06-06 07:40:31.929 28473 28763 E libgcam : [tuning.cc:677]: GetPayloadBurstTetModel: Validation of TetModel failed:
06-06 07:40:31.929 28473 28763 E libgcam : [tuning.cc:680]: GetPayloadBurstTetModel: waypoints 6
06-06 07:40:31.929 28473 28763 E libgcam : exp_time_ms 0
06-06 07:40:31.929 28473 28763 E libgcam : overall_gain 1.29999995
06-06 07:40:31.929 28473 28763 E libgcam : exp_time_ms 8
06-06 07:40:31.929 28473 28763 E libgcam : overall_gain 1
06-06 07:40:31.929 28473 28763 E libgcam : exp_time_ms 8
06-06 07:40:31.929 28473 28763 E libgcam : overall_gain 4
06-06 07:40:31.929 28473 28763 E libgcam : exp_time_ms 100
06-06 07:40:31.929 28473 28763 E libgcam : overall_gain 40
06-06 07:40:31.929 28473 28763 E libgcam : exp_time_ms 100
06-06 07:40:31.929 28473 28763 E libgcam : overall_gain 256
06-06 07:40:31.929 28473 28763 E libgcam : exp_time_ms 99999
06-06 07:40:31.929 28473 28763 E libgcam : overall_gain 256
06-06 07:40:31.929 28473 28763 W libgcam : [shot_helper.cc:368]: LogViewfinderAeWarnings: viewfinder_short_tet (0.410ms) is significantly less than the final short TET (0.694ms). This is unexpected.
06-06 07:40:31.934 28473 28763 W libc : Access denied finding property "persist.camera.mts_4k"
06-06 07:40:31.935 28473 28763 W libc : Access denied finding property "persist.camera.disable_hdrplus_postview"
06-06 07:40:31.966 28473 29051 W libc : Access denied finding property "persist.camera.dualev.limitUltrawide"
06-06 07:40:31.971 28473 28612 W CAM_A : Previous or current projection matrix cannot be computed. Defaulting to identity
06-06 07:40:31.984 28473 28582 E GoLog : W0606 07:40:31.984492 28612 roi_ml_matcher.cc:48] Cannot add new box to tracker:
06-06 07:40:31.984 28473 28582 E GoLog : CANCELLED: Graph has errors: 06-06 07:40:31.984 28473 28582 E GoLog : [type.googleapis.com/mediapipe.StatusList='\n\x02\x08\x01']
06-06 07:40:31.985 28473 28612 W native : W0606 07:40:31.984492 28612 roi_ml_matcher.cc:48] Cannot add new box to tracker:
06-06 07:40:31.985 28473 28612 W native : CANCELLED: Graph has errors: 06-06 07:40:31.985 28473 28612 W native : [type.googleapis.com/mediapipe.StatusList='\n\x02\x08\x01']
06-06 07:40:31.989 28473 28582 E GoLog : W0606 07:40:31.988273 28612 roi_ml_matcher.cc:48] Failed to add input_video to tracker:
06-06 07:40:31.989 28473 28582 E GoLog : CANCELLED: Graph has errors: 06-06 07:40:31.989 28473 28582 E GoLog : [type.googleapis.com/mediapipe.StatusList='\n\x02\x08\x01']
06-06 07:40:31.989 28473 28612 W native : W0606 07:40:31.988273 28612 roi_ml_matcher.cc:48] Failed to add input_video to tracker:
06-06 07:40:31.989 28473 28612 W native : CANCELLED: Graph has errors: 06-06 07:40:31.989 28473 28612 W native : [type.googleapis.com/mediapipe.StatusList='\n\x02\x08\x01']
06-06 07:40:32.000 28473 29051 W libc : Access denied finding property "persist.camera.dualev.limitUltrawide"
06-06 07:40:32.033 28473 29051 W libc : Access denied finding property "persist.camera.dualev.limitUltrawide"
