06-06 07:40:32.063 28473 29051 W libc : Access denied finding property "persist.camera.dualev.limitUltrawide"
06-06 07:40:32.091 28473 28763 W libc : Access denied finding property "persist.camera.no_low_fb"
06-06 07:40:32.095 28473 29051 W libc : Access denied finding property "persist.camera.dualev.limitUltrawide"
06-06 07:40:32.136 28473 29051 W libc : Access denied finding property "persist.camera.dualev.limitUltrawide"
06-06 07:40:32.138 28473 28612 E CAM_A : Camera metadata not valid at : 1114657126697925
06-06 07:40:32.175 28473 29051 W libc : Access denied finding property "persist.camera.dualev.limitUltrawide"
06-06 07:40:32.185 28473 28473 W libc : Access denied finding property "persist.camera.toggle_zoom_bar"
06-06 07:40:32.186 28473 28473 W libc : Access denied finding property "persist.camera.p20_lens_setup"
06-06 07:40:32.186 28473 28473 W libc : Access denied finding property "persist.camera.p20_lens_setup"
06-06 07:40:32.186 28473 28473 W libc : Access denied finding property "persist.camera.p20_lens_setup"
06-06 07:40:32.186 28473 28473 W libc : Access denied finding property "persist.camera.p20_lens_setup"
06-06 07:40:32.186 28473 28473 W libc : Access denied finding property "persist.camera.p20_lens_setup"
06-06 07:40:32.186 28473 28473 W libc : Access denied finding property "persist.camera.p20_lens_setup"
06-06 07:40:32.187 28473 28473 W libc : Access denied finding property "persist.camera.p20_lens_setup"
06-06 07:40:32.188 28473 28473 W libc : Access denied finding property "persist.camera.cutout_display"
06-06 07:40:32.189 28473 28473 W libc : Access denied finding property "persist.camera.cutout_trial_size"
06-06 07:40:32.191 28473 28473 W libc : Access denied finding property "persist.camera.optbar.icons_on_closed_menu"
06-06 07:40:32.199 28473 29051 W libc : Access denied finding property "persist.camera.dualev.limitUltrawide"
06-06 07:40:32.204 28473 28493 W libc : Access denied finding property "persist.camera.storage_space_override"
06-06 07:40:32.242 28473 29051 W libc : Access denied finding property "persist.camera.dualev.limitUltrawide"
06-06 07:40:32.287 28473 29051 W libc : Access denied finding property "persist.camera.dualev.limitUltrawide"
06-06 07:40:32.301 28473 29051 W libc : Access denied finding property "persist.camera.dualev.limitUltrawide"
06-06 07:40:32.310 28473 28473 W CAM_A : isListed: unknown activity. mimeType=image/* className=com.facebook.timeline.stagingground.Fb4aProfilePictureShareActivityAlias
06-06 07:40:32.310 28473 28473 W CAM_A : isListed: unknown activity. mimeType=image/* className=com.facebook.composer.shareintent.ImplicitShareIntentHandlerDefaultAlias
06-06 07:40:32.310 28473 28473 W CAM_A : isListed: unknown activity. mimeType=image/* className=com.facebook.composer.shareintent.ShareToGroupsAlias
06-06 07:40:32.310 28473 28473 W CAM_A : isListed: unknown activity. mimeType=image/* className=com.facebook.lite.composer.activities.ShareIntentMultiPhotoAlphabeticalAlias
06-06 07:40:32.310 28473 28473 W CAM_A : isListed: unknown activity. mimeType=image/* className=com.facebook.lite.composer.activities.ShareIntentMultiPhotoGroupsAlias
06-06 07:40:32.310 28473 28473 W CAM_A : isListed: unknown activity. mimeType=image/* className=com.facebook.messenger.intents.MediaEditShareIntentHandler
06-06 07:40:32.321 28473 28473 W CAM_A : isListed: unknown activity. mimeType=video/* className=com.facebook.composer.shareintent.ImplicitShareIntentHandlerDefaultAlias
06-06 07:40:32.321 28473 28473 W CAM_A : isListed: unknown activity. mimeType=video/* className=com.facebook.composer.shareintent.ShareToGroupsAlias
06-06 07:40:32.321 28473 28473 W CAM_A : isListed: unknown activity. mimeType=video/* className=com.facebook.inspiration.fbshorts.shareintent.InpirationFbShortsShareAlias
06-06 07:40:32.321 28473 28473 W CAM_A : isListed: unknown activity. mimeType=video/* className=com.facebook.lite.composer.activities.ShareIntentVideoGroupsAlias
06-06 07:40:32.321 28473 28473 W CAM_A : isListed: unknown activity. mimeType=video/* className=com.facebook.lite.composer.activities.ShareIntentVideoAlphabeticalAlias
06-06 07:40:32.321 28473 28473 W CAM_A : isListed: unknown activity. mimeType=video/* className=com.facebook.messenger.intents.MediaEditShareIntentHandler
06-06 07:40:32.356 28473 29051 W libc : Access denied finding property "persist.camera.dualev.limitUltrawide"
06-06 07:40:32.365 28473 28482 I eCameraEngR13F2: Background young concurrent copying GC freed 74755(2601KB) AllocSpace objects, 4(224KB) LOS objects, 0% free, 308MB/308MB, paused 119us,144us total 244.732ms
06-06 07:40:32.372 28473 29051 W libc : Access denied finding property "persist.camera.dualev.limitUltrawide"
06-06 07:40:32.399 28473 29051 W libc : Access denied finding property "persist.camera.dualev.limitUltrawide"
06-06 07:40:32.433 28473 29051 W libc : Access denied finding property "persist.camera.dualev.limitUltrawide"
06-06 07:40:32.469 28473 29051 W libc : Access denied finding property "persist.camera.dualev.limitUltrawide"
06-06 07:40:32.471 28473 28482 I eCameraEngR13F2: Background concurrent copying GC freed 79600(4070KB) AllocSpace objects, 25(98MB) LOS objects, 31% free, 207MB/303MB, paused 149us,55us total 104.824ms
06-06 07:40:32.530 28473 29051 W libc : Access denied finding property "persist.camera.dualev.limitUltrawide"
06-06 07:40:32.539 28473 29051 W libc : Access denied finding property "persist.camera.dualev.limitUltrawide"
06-06 07:40:32.565 28473 29051 W libc : Access denied finding property "persist.camera.dualev.limitUltrawide"
06-06 07:40:32.597 28473 29051 W libc : Access denied finding property "persist.camera.dualev.limitUltrawide"
06-06 07:40:32.634 28473 29051 W libc : Access denied finding property "persist.camera.dualev.limitUltrawide"
06-06 07:40:32.662 28473 28473 W libc : Access denied finding property "persist.camera.cutout_display"
06-06 07:40:32.662 28473 28473 W libc : Access denied finding property "persist.camera.cutout_trial_size"
06-06 07:40:32.666 28473 29051 W libc : Access denied finding property "persist.camera.dualev.limitUltrawide"
06-06 07:40:32.677 28473 28473 W libc : Access denied finding property "persist.camera.cutout_display"
06-06 07:40:32.678 28473 28473 W libc : Access denied finding property "persist.camera.cutout_trial_size"
06-06 07:40:32.694 28473 28473 W libc : Access denied finding property "persist.camera.cutout_display"
06-06 07:40:32.696 28473 28473 W libc : Access denied finding property "persist.camera.cutout_trial_size"
06-06 07:40:32.696 28473 29051 W libc : Access denied finding property "persist.camera.dualev.limitUltrawide"
06-06 07:40:32.711 28473 28473 W libc : Access denied finding property "persist.camera.cutout_display"
06-06 07:40:32.711 28473 28473 W libc : Access denied finding property "persist.camera.cutout_trial_size"
06-06 07:40:32.732 28473 28473 W CAM_A : Placeholder drawable removed: key=ShotId-2 evicted=false
06-06 07:40:32.732 28473 28473 W libc : Access denied finding property "persist.camera.cutout_display"
06-06 07:40:32.732 28473 29051 W libc : Access denied finding property "persist.camera.dualev.limitUltrawide"
06-06 07:40:32.733 28473 28473 W libc : Access denied finding property "persist.camera.cutout_trial_size"
06-06 07:40:32.744 28473 28473 W libc : Access denied finding property "persist.camera.cutout_display"
06-06 07:40:32.745 28473 28473 W libc : Access denied finding property "persist.camera.cutout_trial_size"
06-06 07:40:32.761 28473 28473 W libc : Access denied finding property "persist.camera.cutout_display"
06-06 07:40:32.761 28473 28473 W libc : Access denied finding property "persist.camera.cutout_trial_size"
06-06 07:40:32.764 28473 29051 W libc : Access denied finding property "persist.camera.dualev.limitUltrawide"
06-06 07:40:32.778 28473 28473 W libc : Access denied finding property "persist.camera.cutout_display"
06-06 07:40:32.785 28473 28473 W libc : Access denied finding property "persist.camera.cutout_trial_size"
06-06 07:40:32.797 28473 28473 W libc : Access denied finding property "persist.camera.cutout_display"
06-06 07:40:32.800 28473 28473 W libc : Access denied finding property "persist.camera.cutout_trial_size"
06-06 07:40:32.806 28473 29051 W libc : Access denied finding property "persist.camera.dualev.limitUltrawide"
06-06 07:40:32.822 28473 28473 W libc : Access denied finding property "persist.camera.cutout_display"
06-06 07:40:32.824 28473 28473 W libc : Access denied finding property "persist.camera.cutout_trial_size"
06-06 07:40:32.832 28473 29051 W libc : Access denied finding property "persist.camera.dualev.limitUltrawide"
06-06 07:40:32.868 28473 29051 W libc : Access denied finding property "persist.camera.dualev.limitUltrawide"
06-06 07:40:32.910 28473 29051 W libc : Access denied finding property "persist.camera.dualev.limitUltrawide"
06-06 07:40:32.934 28473 29051 W libc : Access denied finding property "persist.camera.dualev.limitUltrawide"
06-06 07:40:32.970 28473 29051 W libc : Access denied finding property "persist.camera.dualev.limitUltrawide"
06-06 07:40:32.998 28473 29051 W libc : Access denied finding property "persist.camera.dualev.limitUltrawide"
06-06 07:40:33.031 28473 29051 W libc : Access denied finding property "persist.camera.dualev.limitUltrawide"
06-06 07:40:33.067 28473 29051 W libc : Access denied finding property "persist.camera.dualev.limitUltrawide"
06-06 07:40:33.097 28473 29051 W libc : Access denied finding property "persist.camera.dualev.limitUltrawide"
06-06 07:40:33.131 28473 29051 W libc : Access denied finding property "persist.camera.dualev.limitUltrawide"
06-06 07:40:33.169 28473 29051 W libc : Access denied finding property "persist.camera.dualev.limitUltrawide"
06-06 07:40:33.203 28473 29051 W libc : Access denied finding property "persist.camera.dualev.limitUltrawide"
06-06 07:40:33.231 28473 29051 W libc : Access denied finding property "persist.camera.dualev.limitUltrawide"
06-06 07:40:33.275 28473 29051 W libc : Access denied finding property "persist.camera.dualev.limitUltrawide"
06-06 07:40:33.302 28473 29051 W libc : Access denied finding property "persist.camera.dualev.limitUltrawide"
06-06 07:40:33.336 28473 29051 W libc : Access denied finding property "persist.camera.dualev.limitUltrawide"
06-06 07:40:33.395 28473 29051 W libc : Access denied finding property "persist.camera.dualev.limitUltrawide"
06-06 07:40:33.423 28473 29051 W libc : Access denied finding property "persist.camera.dualev.limitUltrawide"
06-06 07:40:33.447 28473 29051 W libc : Access denied finding property "persist.camera.dualev.limitUltrawide"
06-06 07:40:33.466 28473 29051 W libc : Access denied finding property "persist.camera.dualev.limitUltrawide"
06-06 07:40:33.528 28473 29051 W libc : Access denied finding property "persist.camera.dualev.limitUltrawide"
06-06 07:40:33.548 28473 29051 W libc : Access denied finding property "persist.camera.dualev.limitUltrawide"
06-06 07:40:33.566 28473 29051 W libc : Access denied finding property "persist.camera.dualev.limitUltrawide"
06-06 07:40:33.599 28473 29051 W libc : Access denied finding property "persist.camera.dualev.limitUltrawide"
06-06 07:40:33.629 28473 29051 W libc : Access denied finding property "persist.camera.dualev.limitUltrawide"
06-06 07:40:33.670 28473 29051 W libc : Access denied finding property "persist.camera.dualev.limitUltrawide"
06-06 07:40:33.695 28473 28473 W libc : Access denied finding property "persist.camera.raw_mode"
06-06 07:40:33.701 28473 29051 W libc : Access denied finding property "persist.camera.dualev.limitUltrawide"
06-06 07:40:33.736 28473 29129 W libc : Access denied finding property "persist.camera.jpeg_data_rotation"
06-06 07:40:33.744 28473 29051 W libc : Access denied finding property "persist.camera.dualev.limitUltrawide"
06-06 07:40:33.766 28473 29051 W libc : Access denied finding property "persist.camera.dualev.limitUltrawide"
06-06 07:40:33.802 28473 29051 W libc : Access denied finding property "persist.camera.dualev.limitUltrawide"
06-06 07:40:33.829 28473 29051 W libc : Access denied finding property "persist.camera.dualev.limitUltrawide"
06-06 07:40:33.869 28473 29051 W libc : Access denied finding property "persist.camera.dualev.limitUltrawide"
06-06 07:40:33.891 28473 28473 W CallbackHndlr: type=1400 audit(0.0:58373622): avc: denied { read } for name="u:object_r:vendor_camera_prop:s0" dev="tmpfs" ino=13499 scontext=u:r:untrusted_app_29:s0:c73,c257,c512,c768 tcontext=u:object_r:vendor_camera_prop:s0 tclass=file permissive=0 app=com.google.android.GoogleCameraEngR13F2
06-06 07:40:33.896 28473 29051 W libc : Access denied finding property "persist.camera.dualev.limitUltrawide"
06-06 07:40:33.932 28473 29051 W libc : Access denied finding property "persist.camera.dualev.limitUltrawide"
06-06 07:40:33.967 28473 29051 W libc : Access denied finding property "persist.camera.dualev.limitUltrawide"
06-06 07:40:33.996 28473 29051 W libc : Access denied finding property "persist.camera.dualev.limitUltrawide"
06-06 07:40:34.034 28473 29051 W libc : Access denied finding property "persist.camera.dualev.limitUltrawide"
06-06 07:40:34.065 28473 29051 W libc : Access denied finding property "persist.camera.dualev.limitUltrawide"
06-06 07:40:34.097 28473 29051 W libc : Access denied finding property "persist.camera.dualev.limitUltrawide"
06-06 07:40:34.135 28473 29051 W libc : Access denied finding property "persist.camera.dualev.limitUltrawide"
06-06 07:40:34.175 28473 29051 W libc : Access denied finding property "persist.camera.dualev.limitUltrawide"
06-06 07:40:34.202 28473 29051 W libc : Access denied finding property "persist.camera.dualev.limitUltrawide"
06-06 07:40:34.234 28473 29051 W libc : Access denied finding property "persist.camera.dualev.limitUltrawide"
06-06 07:40:34.268 28473 29051 W libc : Access denied finding property "persist.camera.dualev.limitUltrawide"
06-06 07:40:34.309 28473 29051 W libc : Access denied finding property "persist.camera.dualev.limitUltrawide"
06-06 07:40:34.338 28473 29051 W libc : Access denied finding property "persist.camera.dualev.limitUltrawide"
06-06 07:40:34.366 28473 29051 W libc : Access denied finding property "persist.camera.dualev.limitUltrawide"
06-06 07:40:34.402 28473 29051 W libc : Access denied finding property "persist.camera.dualev.limitUltrawide"
06-06 07:40:34.430 28473 29051 W libc : Access denied finding property "persist.camera.dualev.limitUltrawide"
06-06 07:40:34.468 28473 29051 W libc : Access denied finding property "persist.camera.dualev.limitUltrawide"
06-06 07:40:34.498 28473 29051 W libc : Access denied finding property "persist.camera.dualev.limitUltrawide"
06-06 07:40:34.540 28473 29051 W libc : Access denied finding property "persist.camera.dualev.limitUltrawide"
06-06 07:40:34.565 28473 29051 W libc : Access denied finding property "persist.camera.dualev.limitUltrawide"
06-06 07:40:34.602 28473 29051 W libc : Access denied finding property "persist.camera.dualev.limitUltrawide"
06-06 07:40:34.632 28473 29051 W libc : Access denied finding property "persist.camera.dualev.limitUltrawide"
06-06 07:40:34.671 28473 29051 W libc : Access denied finding property "persist.camera.dualev.limitUltrawide"
06-06 07:40:34.702 28473 29051 W libc : Access denied finding property "persist.camera.dualev.limitUltrawide"
06-06 07:40:34.738 28473 29129 W libc : Access denied finding property "persist.camera.cuttle.extended"
06-06 07:40:34.738 28473 29129 W libc : Access denied finding property "persist.camera.cuttle.extended_iterable_burst"
06-06 07:40:34.744 28473 29051 W libc : Access denied finding property "persist.camera.dualev.limitUltrawide"
06-06 07:40:34.769 28473 29051 W libc : Access denied finding property "persist.camera.dualev.limitUltrawide"
06-06 07:40:34.770 28473 29129 W libc : Access denied finding property "persist.camera.mts_4k"
06-06 07:40:34.771 28473 29129 W libc : Access denied finding property "persist.camera.disable_hdrplus_postview"
06-06 07:40:34.773 28473 29129 W libc : Access denied finding property "persist.camera.jpeg_data_rotation"
06-06 07:40:34.773 28473 29129 W libc : Access denied finding property "persist.camera.acat_firefly_on"
06-06 07:40:34.774 28473 29129 W libc : Access denied finding property "persist.camera.spatial_rgb_enabled"
06-06 07:40:34.774 28473 29129 W libc : Access denied finding property "persist.camera.wiener_force"
06-06 07:40:34.774 28473 29129 W libc : Access denied finding property "persist.camera.shasta_zsl"
06-06 07:40:34.774 28473 29129 W libc : Access denied finding property "persist.camera.shasta.factor"
06-06 07:40:34.774 28473 29129 W libc : Access denied finding property "persist.camera.cuttle.sky"
06-06 07:40:34.774 28473 29129 W libc : Access denied finding property "persist.camera.cuttle.rerun_fd"
06-06 07:40:34.775 28473 29129 W pkr : CaptureResult is present COLOR_CORRECTION_GAINS NEUTRAL.
06-06 07:40:34.789 28473 29129 W pkr : CaptureResult is present COLOR_CORRECTION_GAINS NEUTRAL.
06-06 07:40:34.800 28473 29129 E libgcam : [tet_model.cc:110]: Check: TetModel::model[1]::overall_gain (1.000000) can not be less than the prior value (1.300000).
06-06 07:40:34.800 28473 29129 E libgcam : [tuning.cc:677]: GetPayloadBurstTetModel: Validation of TetModel failed:
06-06 07:40:34.800 28473 29129 E libgcam : [tuning.cc:680]: GetPayloadBurstTetModel: waypoints 6
06-06 07:40:34.800 28473 29129 E libgcam : exp_time_ms 0
06-06 07:40:34.800 28473 29129 E libgcam : overall_gain 1.29999995
06-06 07:40:34.800 28473 29129 E libgcam : exp_time_ms 3.20000005
06-06 07:40:34.800 28473 29129 E libgcam : overall_gain 1
06-06 07:40:34.800 28473 29129 E libgcam : exp_time_ms 3.20000005
06-06 07:40:34.800 28473 29129 E libgcam : overall_gain 51
06-06 07:40:34.800 28473 29129 E libgcam : exp_time_ms 200
06-06 07:40:34.800 28473 29129 E libgcam : overall_gain 102
06-06 07:40:34.800 28473 29129 E libgcam : exp_time_ms 200
06-06 07:40:34.800 28473 29129 E libgcam : overall_gain 102
06-06 07:40:34.800 28473 29129 E libgcam : exp_time_ms 99999
06-06 07:40:34.800 28473 29129 E libgcam : overall_gain 256
06-06 07:40:34.804 28473 29129 W libc : Access denied finding property "persist.camera.3a.debug_meta"
06-06 07:40:34.805 28473 29129 W libc : Access denied finding property "persist.camera.jpeg_data_rotation"
06-06 07:40:34.816 28473 29051 W libc : Access denied finding property "persist.camera.dualev.limitUltrawide"
06-06 07:40:34.836 28473 29051 W libc : Access denied finding property "persist.camera.dualev.limitUltrawide"
06-06 07:40:34.871 28473 29051 W libc : Access denied finding property "persist.camera.dualev.limitUltrawide"
06-06 07:40:34.901 28473 28473 W CallbackHndlr: type=1400 audit(0.0:58373813): avc: denied { read } for name="u:object_r:vendor_camera_prop:s0" dev="tmpfs" ino=13499 scontext=u:r:untrusted_app_29:s0:c73,c257,c512,c768 tcontext=u:object_r:vendor_camera_prop:s0 tclass=file permissive=0 app=com.google.android.GoogleCameraEngR13F2
06-06 07:40:34.906 28473 29051 W libc : Access denied finding property "persist.camera.dualev.limitUltrawide"
06-06 07:40:34.932 28473 29051 W libc : Access denied finding property "persist.camera.dualev.limitUltrawide"
06-06 07:40:34.971 28473 29051 W libc : Access denied finding property "persist.camera.dualev.limitUltrawide"
06-06 07:40:35.004 28473 29051 W libc : Access denied finding property "persist.camera.dualev.limitUltrawide"
06-06 07:40:35.036 28473 29051 W libc : Access denied finding property "persist.camera.dualev.limitUltrawide"
06-06 07:40:35.057 28473 29051 W libc : Access denied finding property "persist.camera.dualev.limitUltrawide"
06-06 07:40:35.060 28473 29129 W pkr : CaptureResult is present COLOR_CORRECTION_GAINS NEUTRAL.
06-06 07:40:35.090 28473 29051 W libc : Access denied finding property "persist.camera.dualev.limitUltrawide"
06-06 07:40:35.092 28473 29129 W pkr : CaptureResult is present COLOR_CORRECTION_GAINS NEUTRAL.
06-06 07:40:35.123 28473 29051 W libc : Access denied finding property "persist.camera.dualev.limitUltrawide"
06-06 07:40:35.125 28473 29129 W pkr : CaptureResult is present COLOR_CORRECTION_GAINS NEUTRAL.
06-06 07:40:35.158 28473 29051 W libc : Access denied finding property "persist.camera.dualev.limitUltrawide"
06-06 07:40:35.159 28473 29129 W pkr : CaptureResult is present COLOR_CORRECTION_GAINS NEUTRAL.
06-06 07:40:35.198 28473 29051 W libc : Access denied finding property "persist.camera.dualev.limitUltrawide"
06-06 07:40:35.209 28473 29129 W pkr : CaptureResult is present COLOR_CORRECTION_GAINS NEUTRAL.
06-06 07:40:35.231 28473 29051 W libc : Access denied finding property "persist.camera.dualev.limitUltrawide"
06-06 07:40:35.237 28473 29129 W pkr : CaptureResult is present COLOR_CORRECTION_GAINS NEUTRAL.
06-06 07:40:35.258 28473 29051 W libc : Access denied finding property "persist.camera.dualev.limitUltrawide"
06-06 07:40:35.265 28473 29129 W pkr : CaptureResult is present COLOR_CORRECTION_GAINS NEUTRAL.
06-06 07:40:35.294 28473 29051 W libc : Access denied finding property "persist.camera.dualev.limitUltrawide"
06-06 07:40:35.299 28473 29129 W pkr : CaptureResult is present COLOR_CORRECTION_GAINS NEUTRAL.
06-06 07:40:35.326 28473 29051 W libc : Access denied finding property "persist.camera.dualev.limitUltrawide"
06-06 07:40:35.333 28473 29129 W pkr : CaptureResult is present COLOR_CORRECTION_GAINS NEUTRAL.
06-06 07:40:35.364 28473 29051 W libc : Access denied finding property "persist.camera.dualev.limitUltrawide"
06-06 07:40:35.367 28473 29129 W pkr : CaptureResult is present COLOR_CORRECTION_GAINS NEUTRAL.
06-06 07:40:35.372 28473 28763 E libgcam : [tet_model.cc:110]: Check: TetModel::model[1]::overall_gain (1.000000) can not be less than the prior value (1.300000).
06-06 07:40:35.372 28473 28763 E libgcam : [tuning.cc:677]: GetPayloadBurstTetModel: Validation of TetModel failed:
06-06 07:40:35.372 28473 28763 E libgcam : [tuning.cc:680]: GetPayloadBurstTetModel: waypoints 6
06-06 07:40:35.372 28473 28763 E libgcam : exp_time_ms 0
06-06 07:40:35.372 28473 28763 E libgcam : overall_gain 1.29999995
06-06 07:40:35.372 28473 28763 E libgcam : exp_time_ms 8
06-06 07:40:35.372 28473 28763 E libgcam : overall_gain 1
06-06 07:40:35.372 28473 28763 E libgcam : exp_time_ms 8
06-06 07:40:35.372 28473 28763 E libgcam : overall_gain 4
06-06 07:40:35.372 28473 28763 E libgcam : exp_time_ms 100
06-06 07:40:35.372 28473 28763 E libgcam : overall_gain 40
06-06 07:40:35.372 28473 28763 E libgcam : exp_time_ms 100
06-06 07:40:35.372 28473 28763 E libgcam : overall_gain 256
06-06 07:40:35.372 28473 28763 E libgcam : exp_time_ms 99999
06-06 07:40:35.372 28473 28763 E libgcam : overall_gain 256
06-06 07:40:35.372 28473 28763 W libgcam : [shot_helper.cc:368]: LogViewfinderAeWarnings: viewfinder_short_tet (0.415ms) is significantly less than the final short TET (0.695ms). This is unexpected.
06-06 07:40:35.374 28473 28763 W libc : Access denied finding property "persist.camera.disable_hdrplus_postview"
06-06 07:40:35.423 28473 29051 W libc : Access denied finding property "persist.camera.dualev.limitUltrawide"
06-06 07:40:35.439 28473 29051 W libc : Access denied finding property "persist.camera.dualev.limitUltrawide"
06-06 07:40:35.470 28473 29051 W libc : Access denied finding property "persist.camera.dualev.limitUltrawide"
06-06 07:40:35.495 28473 28763 W libc : Access denied finding property "persist.camera.no_low_fb"
06-06 07:40:35.515 28473 29051 W libc : Access denied finding property "persist.camera.dualev.limitUltrawide"
06-06 07:40:35.541 28473 29051 W libc : Access denied finding property "persist.camera.dualev.limitUltrawide"
06-06 07:40:35.543 28473 28473 W libc : Access denied finding property "persist.camera.toggle_zoom_bar"
06-06 07:40:35.543 28473 28473 W libc : Access denied finding property "persist.camera.p20_lens_setup"
06-06 07:40:35.543 28473 28473 W libc : Access denied finding property "persist.camera.p20_lens_setup"
06-06 07:40:35.544 28473 28473 W libc : Access denied finding property "persist.camera.p20_lens_setup"
06-06 07:40:35.544 28473 28473 W libc : Access denied finding property "persist.camera.p20_lens_setup"
06-06 07:40:35.544 28473 28473 W libc : Access denied finding property "persist.camera.p20_lens_setup"
06-06 07:40:35.544 28473 28473 W libc : Access denied finding property "persist.camera.p20_lens_setup"
06-06 07:40:35.544 28473 28473 W libc : Access denied finding property "persist.camera.p20_lens_setup"
06-06 07:40:35.577 28473 28493 W libc : Access denied finding property "persist.camera.storage_space_override"
06-06 07:40:35.593 28473 29051 W libc : Access denied finding property "persist.camera.dualev.limitUltrawide"
06-06 07:40:35.605 28473 29051 W libc : Access denied finding property "persist.camera.dualev.limitUltrawide"
06-06 07:40:35.638 28473 29051 W libc : Access denied finding property "persist.camera.dualev.limitUltrawide"
06-06 07:40:35.678 28473 28473 W libc : Access denied finding property "persist.camera.optbar.icons_on_closed_menu"
06-06 07:40:35.679 28473 29051 W libc : Access denied finding property "persist.camera.dualev.limitUltrawide"
06-06 07:40:35.717 28473 29051 W libc : Access denied finding property "persist.camera.dualev.limitUltrawide"
06-06 07:40:35.745 28473 29051 W libc : Access denied finding property "persist.camera.dualev.limitUltrawide"
06-06 07:40:35.778 28473 29051 W libc : Access denied finding property "persist.camera.dualev.limitUltrawide"
06-06 07:40:35.808 28473 29051 W libc : Access denied finding property "persist.camera.dualev.limitUltrawide"
06-06 07:40:35.836 28473 29051 W libc : Access denied finding property "persist.camera.dualev.limitUltrawide"
06-06 07:40:35.879 28473 29051 W libc : Access denied finding property "persist.camera.dualev.limitUltrawide"
06-06 07:40:35.905 28473 29051 W libc : Access denied finding property "persist.camera.dualev.limitUltrawide"
06-06 07:40:35.901 28473 28473 W CallbackHndlr: type=1400 audit(0.0:58374004): avc: denied { read } for name="u:object_r:vendor_camera_prop:s0" dev="tmpfs" ino=13499 scontext=u:r:untrusted_app_29:s0:c73,c257,c512,c768 tcontext=u:object_r:vendor_camera_prop:s0 tclass=file permissive=0 app=com.google.android.GoogleCameraEngR13F2
06-06 07:40:35.950 28473 29051 W libc : Access denied finding property "persist.camera.dualev.limitUltrawide"
06-06 07:40:36.028 28473 29051 W libc : Access denied finding property "persist.camera.dualev.limitUltrawide"
06-06 07:40:36.040 28473 29051 W libc : Access denied finding property "persist.camera.dualev.limitUltrawide"
06-06 07:40:36.056 28473 29051 W libc : Access denied finding property "persist.camera.dualev.limitUltrawide"
06-06 07:40:36.111 28473 29051 W libc : Access denied finding property "persist.camera.dualev.limitUltrawide"
06-06 07:40:36.118 28473 29051 W libc : Access denied finding property "persist.camera.dualev.limitUltrawide"
06-06 07:40:36.168 28473 29051 W libc : Access denied finding property "persist.camera.dualev.limitUltrawide"
06-06 07:40:36.198 28473 29051 W libc : Access denied finding property "persist.camera.dualev.limitUltrawide"
06-06 07:40:36.215 28473 29051 W libc : Access denied finding property "persist.camera.dualev.limitUltrawide"
06-06 07:40:36.256 28473 29051 W libc : Access denied finding property "persist.camera.dualev.limitUltrawide"
06-06 07:40:36.284 28473 29051 W libc : Access denied finding property "persist.camera.dualev.limitUltrawide"
06-06 07:40:36.371 28473 29051 W libc : Access denied finding property "persist.camera.dualev.limitUltrawide"
06-06 07:40:36.382 28473 29051 W libc : Access denied finding property "persist.camera.dualev.limitUltrawide"
06-06 07:40:36.425 28473 29051 W libc : Access denied finding property "persist.camera.dualev.limitUltrawide"
06-06 07:40:36.446 28473 29051 W libc : Access denied finding property "persist.camera.dualev.limitUltrawide"
06-06 07:40:36.454 28473 29051 W libc : Access denied finding property "persist.camera.dualev.limitUltrawide"
06-06 07:40:36.533 28473 29051 W libc : Access denied finding property "persist.camera.dualev.limitUltrawide"
06-06 07:40:36.534 28473 29051 W libc : Access denied finding property "persist.camera.dualev.limitUltrawide"
06-06 07:40:36.616 28473 29051 W libc : Access denied finding property "persist.camera.dualev.limitUltrawide"
06-06 07:40:36.627 28473 29051 W libc : Access denied finding property "persist.camera.dualev.limitUltrawide"
06-06 07:40:36.634 28473 29051 W libc : Access denied finding property "persist.camera.dualev.limitUltrawide"
06-06 07:40:36.705 28473 29051 W libc : Access denied finding property "persist.camera.dualev.limitUltrawide"
06-06 07:40:36.711 28473 29051 W libc : Access denied finding property "persist.camera.dualev.limitUltrawide"
06-06 07:40:36.731 28473 29051 W libc : Access denied finding property "persist.camera.dualev.limitUltrawide"
06-06 07:40:36.766 28473 29051 W libc : Access denied finding property "persist.camera.dualev.limitUltrawide"
06-06 07:40:36.786 28473 29051 W libc : Access denied finding property "persist.camera.dualev.limitUltrawide"
06-06 07:40:36.810 28473 29051 W libc : Access denied finding property "persist.camera.dualev.limitUltrawide"
06-06 07:40:36.841 28473 29051 W libc : Access denied finding property "persist.camera.dualev.limitUltrawide"
06-06 07:40:36.879 28473 29051 W libc : Access denied finding property "persist.camera.dualev.limitUltrawide"
06-06 07:40:36.923 28473 29051 W libc : Access denied finding property "persist.camera.dualev.limitUltrawide"
06-06 07:40:36.917 28473 28473 W CallbackHndlr: type=1400 audit(0.0:58374164): avc: denied { read } for name="u:object_r:vendor_camera_prop:s0" dev="tmpfs" ino=13499 scontext=u:r:untrusted_app_29:s0:c73,c257,c512,c768 tcontext=u:object_r:vendor_camera_prop:s0 tclass=file permissive=0 app=com.google.android.GoogleCameraEngR13F2
06-06 07:40:36.949 28473 29051 W libc : Access denied finding property "persist.camera.dualev.limitUltrawide"
06-06 07:40:37.019 28473 29051 W libc : Access denied finding property "persist.camera.dualev.limitUltrawide"
06-06 07:40:37.035 28473 29051 W libc : Access denied finding property "persist.camera.dualev.limitUltrawide"
06-06 07:40:37.045 28473 29051 W libc : Access denied finding property "persist.camera.dualev.limitUltrawide"
06-06 07:40:37.085 28473 29051 W libc : Access denied finding property "persist.camera.dualev.limitUltrawide"
06-06 07:40:37.114 28473 29051 W libc : Access denied finding property "persist.camera.dualev.limitUltrawide"
06-06 07:40:37.147 28473 29051 W libc : Access denied finding property "persist.camera.dualev.limitUltrawide"
06-06 07:40:37.179 28473 29051 W libc : Access denied finding property "persist.camera.dualev.limitUltrawide"
06-06 07:40:37.220 28473 29051 W libc : Access denied finding property "persist.camera.dualev.limitUltrawide"
06-06 07:40:37.245 28473 29051 W libc : Access denied finding property "persist.camera.dualev.limitUltrawide"
06-06 07:40:37.290 28473 29051 W libc : Access denied finding property "persist.camera.dualev.limitUltrawide"
06-06 07:40:37.308 28473 29051 W libc : Access denied finding property "persist.camera.dualev.limitUltrawide"
06-06 07:40:37.344 28473 29051 W libc : Access denied finding property "persist.camera.dualev.limitUltrawide"
06-06 07:40:37.377 28473 29051 W libc : Access denied finding property "persist.camera.dualev.limitUltrawide"
06-06 07:40:37.416 28473 29051 W libc : Access denied finding property "persist.camera.dualev.limitUltrawide"
06-06 07:40:37.440 28473 29051 W libc : Access denied finding property "persist.camera.dualev.limitUltrawide"
06-06 07:40:37.481 28473 29051 W libc : Access denied finding property "persist.camera.dualev.limitUltrawide"
06-06 07:40:37.512 28473 29051 W libc : Access denied finding property "persist.camera.dualev.limitUltrawide"
06-06 07:40:37.544 28473 29051 W libc : Access denied finding property "persist.camera.dualev.limitUltrawide"
06-06 07:40:37.580 28473 29051 W libc : Access denied finding property "persist.camera.dualev.limitUltrawide"
06-06 07:40:37.604 28473 29051 W CAM_AutoFlashIndicator: No converged AE result for 31 frames,falling back to single-image auto-flash photo
06-06 07:40:37.605 28473 29051 W libc : Access denied finding property "persist.camera.dualev.limitUltrawide"
06-06 07:40:37.658 28473 29051 W libc : Access denied finding property "persist.camera.dualev.limitUltrawide"
06-06 07:40:37.736 28473 29051 W libc : Access denied finding property "persist.camera.dualev.limitUltrawide"
06-06 07:40:37.740 28473 29051 W libc : Access denied finding property "persist.camera.dualev.limitUltrawide"
06-06 07:40:37.744 28473 29051 W libc : Access denied finding property "persist.camera.dualev.limitUltrawide"
06-06 07:40:37.776 28473 29051 W libc : Access denied finding property "persist.camera.dualev.limitUltrawide"
06-06 07:40:37.815 28473 29051 W libc : Access denied finding property "persist.camera.dualev.limitUltrawide"
06-06 07:40:37.846 28473 29051 W libc : Access denied finding property "persist.camera.dualev.limitUltrawide"
06-06 07:40:37.875 28473 29051 W libc : Access denied finding property "persist.camera.dualev.limitUltrawide"
06-06 07:40:37.904 28473 28473 W CallbackHndlr: type=1400 audit(0.0:58374347): avc: denied { read } for name="u:object_r:vendor_camera_prop:s0" dev="tmpfs" ino=13499 scontext=u:r:untrusted_app_29:s0:c73,c257,c512,c768 tcontext=u:object_r:vendor_camera_prop:s0 tclass=file permissive=0 app=com.google.android.GoogleCameraEngR13F2
06-06 07:40:37.945 28473 29051 W libc : Access denied finding property "persist.camera.dualev.limitUltrawide"
06-06 07:40:37.972 28473 29051 W libc : Access denied finding property "persist.camera.dualev.limitUltrawide"
06-06 07:40:38.010 28473 29051 W libc : Access denied finding property "persist.camera.dualev.limitUltrawide"
06-06 07:40:38.039 28473 29051 W libc : Access denied finding property "persist.camera.dualev.limitUltrawide"
06-06 07:40:38.077 28473 29051 W libc : Access denied finding property "persist.camera.dualev.limitUltrawide"
06-06 07:40:38.108 28473 29051 W libc : Access denied finding property "persist.camera.dualev.limitUltrawide"
06-06 07:40:38.142 28473 29051 W libc : Access denied finding property "persist.camera.dualev.limitUltrawide"
06-06 07:40:38.175 28473 29051 W libc : Access denied finding property "persist.camera.dualev.limitUltrawide"
06-06 07:40:38.209 28473 29051 W libc : Access denied finding property "persist.camera.dualev.limitUltrawide"
06-06 07:40:38.242 28473 29051 W libc : Access denied finding property "persist.camera.dualev.limitUltrawide"
06-06 07:40:38.250 28473 28473 W libc : Access denied finding property "persist.camera.cutout_display"
06-06 07:40:38.251 28473 28473 W libc : Access denied finding property "persist.camera.cutout_trial_size"
06-06 07:40:38.279 28473 29051 W libc : Access denied finding property "persist.camera.dualev.limitUltrawide"
06-06 07:40:38.312 28473 29051 W libc : Access denied finding property "persist.camera.dualev.limitUltrawide"
06-06 07:40:38.345 28473 29051 W libc : Access denied finding property "persist.camera.dualev.limitUltrawide"
06-06 07:40:38.380 28473 29051 W libc : Access denied finding property "persist.camera.dualev.limitUltrawide"
06-06 07:40:38.410 28473 29051 W libc : Access denied finding property "persist.camera.dualev.limitUltrawide"
06-06 07:40:38.444 28473 29051 W libc : Access denied finding property "persist.camera.dualev.limitUltrawide"
06-06 07:40:38.482 28473 29051 W libc : Access denied finding property "persist.camera.dualev.limitUltrawide"
06-06 07:40:38.511 28473 29051 W libc : Access denied finding property "persist.camera.dualev.limitUltrawide"
06-06 07:40:38.550 28473 29051 W libc : Access denied finding property "persist.camera.dualev.limitUltrawide"
06-06 07:40:38.576 28473 29051 W libc : Access denied finding property "persist.camera.dualev.limitUltrawide"
06-06 07:40:38.601 28473 28473 W libc : Access denied finding property "persist.camera.cutout_display"
06-06 07:40:38.602 28473 28473 W libc : Access denied finding property "persist.camera.cutout_trial_size"
06-06 07:40:38.611 28473 28542 W Parcel : Expecting binder but got null!
06-06 07:40:38.618 28473 29051 W libc : Access denied finding property "persist.camera.dualev.limitUltrawide"
06-06 07:40:38.632 28473 28497 E FrameEvents: updateAcquireFence: Did not find frame.
06-06 07:40:38.644 28473 28473 W libc : Access denied finding property "persist.camera.hdr_plus_torch_thermal_throttling"
06-06 07:40:38.644 28473 28473 W CAM_A : Disconnecting the camera device because filmstrip was launched.
06-06 07:40:38.644 28473 28473 W libc : Access denied finding property "persist.camera.catshark_minibar_enabled"
06-06 07:40:38.644 28473 28509 W libc : Access denied finding property "persist.camera.fc_extraction"
06-06 07:40:38.696 28473 29129 E native : E0606 07:40:38.693579 29129 jni_environment.cc:81] Failed to detach current thread from the JVM. JavaVM::DetachCurrentThread returned: -1
06-06 07:40:38.696 28473 28582 E GoLog : E0606 07:40:38.693579 29129 jni_environment.cc:81] Failed to detach current thread from the JVM. JavaVM::DetachCurrentThread returned: -1
06-06 07:40:38.699 28473 28473 W libc : Access denied finding property "persist.camera.cutout_display"
06-06 07:40:38.703 28473 28795 W CAM_DirectGyro: Failed to stop direct gyro provider: Already stopped
06-06 07:40:38.704 28473 28795 E native : E0606 07:40:38.704198 28795 calculator_graph.cc:810] CANCELLED: CalculatorGraph::Run() failed in Run: 06-06 07:40:38.704 28473 28795 E native : [type.googleapis.com/mediapipe.StatusList='\n\x02\x08\x01']
06-06 07:40:38.704 28473 28795 E native : === Source Location Trace: === 06-06 07:40:38.704 28473 28795 E native : third_party/mediapipe/framework/tool/status_util.cc:139
06-06 07:40:38.704 28473 28795 E native : 06-06 07:40:38.704 28473 28795 W native : W0606 07:40:38.704318 28795 roi_ml_matcher.cc:48] Failed to WaitUntilIdle:
06-06 07:40:38.704 28473 28795 W native : CANCELLED: CalculatorGraph::Run() failed in Run: 06-06 07:40:38.704 28473 28795 W native : [type.googleapis.com/mediapipe.StatusList='\n\x02\x08\x01']
06-06 07:40:38.704 28473 28582 E GoLog : E0606 07:40:38.704198 28795 calculator_graph.cc:810] CANCELLED: CalculatorGraph::Run() failed in Run: 06-06 07:40:38.704 28473 28582 E GoLog : [type.googleapis.com/mediapipe.StatusList='\n\x02\x08\x01']
06-06 07:40:38.704 28473 28582 E GoLog : === Source Location Trace: === 06-06 07:40:38.704 28473 28582 E GoLog : third_party/mediapipe/framework/tool/status_util.cc:139
06-06 07:40:38.704 28473 28582 E GoLog : 06-06 07:40:38.704 28473 28582 E GoLog : W0606 07:40:38.704318 28795 roi_ml_matcher.cc:48] Failed to WaitUntilIdle:
06-06 07:40:38.704 28473 28582 E GoLog : CANCELLED: CalculatorGraph::Run() failed in Run: 06-06 07:40:38.704 28473 28582 E GoLog : [type.googleapis.com/mediapipe.StatusList='\n\x02\x08\x01']
06-06 07:40:38.704 28473 28473 W libc : Access denied finding property "persist.camera.cutout_trial_size"
06-06 07:40:38.705 28473 29051 W libc : Access denied finding property "persist.camera.dualev.limitUltrawide"
06-06 07:40:38.714 28473 28473 W libc : Access denied finding property "persist.camera.hdr_plus_torch_thermal_throttling"
06-06 07:40:38.714 28473 28473 W libc : Access denied finding property "persist.camera.catshark_enabled.RESTART"
06-06 07:40:38.725 28473 28495 E PhenotypeFlagCommitter: Retrieving snapshot for com.google.android.apps.camera#com.google.android.GoogleCameraEngR13F2 failed
06-06 07:40:38.725 28473 28495 E PhenotypeFlagCommitter: java.util.concurrent.ExecutionException: java.lang.SecurityException: GoogleCertificatesRslt: not allowed: pkg=com.google.android.GoogleCameraEngR13F2, sha256=[a40da80a59d170caa950cf15c18c454d47a39b26989d8b640ecd745ba71bf5dc], atk=false, ver=242213038.true (go/gsrlt)
06-06 07:40:38.725 28473 28495 E PhenotypeFlagCommitter: at mip.fb(Unknown Source:27)
06-06 07:40:38.725 28473 28495 E PhenotypeFlagCommitter: at mip.cd(Unknown Source:63)
06-06 07:40:38.725 28473 28495 E PhenotypeFlagCommitter: at kuc.c(Unknown Source:12)
06-06 07:40:38.725 28473 28495 E PhenotypeFlagCommitter: at kuc.e(Unknown Source:35)
06-06 07:40:38.725 28473 28495 E PhenotypeFlagCommitter: at kuc.b(Unknown Source:1)
06-06 07:40:38.725 28473 28495 E PhenotypeFlagCommitter: at gvh.a(Unknown Source:35)
06-06 07:40:38.725 28473 28495 E PhenotypeFlagCommitter: at gvj.run(Unknown Source:9)
06-06 07:40:38.725 28473 28495 E PhenotypeFlagCommitter: at law.run(Unknown Source:2)
06-06 07:40:38.725 28473 28495 E PhenotypeFlagCommitter: at java.util.concurrent.Executors$RunnableAdapter.call(Executors.java:487)
06-06 07:40:38.725 28473 28495 E PhenotypeFlagCommitter: at pio.a(Unknown Source:2)
06-06 07:40:38.725 28473 28495 E PhenotypeFlagCommitter: at phs.run(Unknown Source:20)
06-06 07:40:38.725 28473 28495 E PhenotypeFlagCommitter: at pip.run(Unknown Source:4)
06-06 07:40:38.725 28473 28495 E PhenotypeFlagCommitter: at java.util.concurrent.Executors$RunnableAdapter.call(Executors.java:487)
06-06 07:40:38.725 28473 28495 E PhenotypeFlagCommitter: at java.util.concurrent.FutureTask.run(FutureTask.java:264)
06-06 07:40:38.725 28473 28495 E PhenotypeFlagCommitter: at java.util.concurrent.ScheduledThreadPoolExecutor$ScheduledFutureTask.run(ScheduledThreadPoolExecutor.java:307)
06-06 07:40:38.725 28473 28495 E PhenotypeFlagCommitter: at lbh.run(Unknown Source:2)
06-06 07:40:38.725 28473 28495 E PhenotypeFlagCommitter: at lbg.run(Unknown Source:0)
06-06 07:40:38.725 28473 28495 E PhenotypeFlagCommitter: at java.util.concurrent.ThreadPoolExecutor.runWorker(ThreadPoolExecutor.java:1145)
06-06 07:40:38.725 28473 28495 E PhenotypeFlagCommitter: at java.util.concurrent.ThreadPoolExecutor$Worker.run(ThreadPoolExecutor.java:644)
06-06 07:40:38.725 28473 28495 E PhenotypeFlagCommitter: at java.lang.Thread.run(Thread.java:1012)
06-06 07:40:38.725 28473 28495 E PhenotypeFlagCommitter: at lab.run(Unknown Source:5)
06-06 07:40:38.725 28473 28495 E PhenotypeFlagCommitter: Caused by: java.lang.SecurityException: GoogleCertificatesRslt: not allowed: pkg=com.google.android.GoogleCameraEngR13F2, sha256=[a40da80a59d170caa950cf15c18c454d47a39b26989d8b640ecd745ba71bf5dc], atk=false, ver=242213038.true (go/gsrlt)
06-06 07:40:38.725 28473 28495 E PhenotypeFlagCommitter: at android.os.Parcel.createExceptionOrNull(Parcel.java:3057)
06-06 07:40:38.725 28473 28495 E PhenotypeFlagCommitter: at android.os.Parcel.createException(Parcel.java:3041)
06-06 07:40:38.725 28473 28495 E PhenotypeFlagCommitter: at android.os.Parcel.readException(Parcel.java:3024)
06-06 07:40:38.725 28473 28495 E PhenotypeFlagCommitter: at android.os.Parcel.readException(Parcel.java:2966)
06-06 07:40:38.725 28473 28495 E PhenotypeFlagCommitter: at bmn.z(Unknown Source:10)
06-06 07:40:38.725 28473 28495 E PhenotypeFlagCommitter: at ktz.a(Unknown Source:38)
06-06 07:40:38.725 28473 28495 E PhenotypeFlagCommitter: at kjd.f(Unknown Source:10)
06-06 07:40:38.725 28473 28495 E PhenotypeFlagCommitter: at kkc.t(Unknown Source:9)
06-06 07:40:38.725 28473 28495 E PhenotypeFlagCommitter: at kkc.u(Unknown Source:22)
06-06 07:40:38.725 28473 28495 E PhenotypeFlagCommitter: at kkc.e(Unknown Source:15)
06-06 07:40:38.725 28473 28495 E PhenotypeFlagCommitter: at kkg.handleMessage(Unknown Source:920)
06-06 07:40:38.725 28473 28495 E PhenotypeFlagCommitter: at android.os.Handler.dispatchMessage(Handler.java:102)
06-06 07:40:38.725 28473 28495 E PhenotypeFlagCommitter: at ksg.b(Unknown Source:0)
06-06 07:40:38.725 28473 28495 E PhenotypeFlagCommitter: at ksg.dispatchMessage(Unknown Source:0)
06-06 07:40:38.725 28473 28495 E PhenotypeFlagCommitter: at android.os.Looper.loopOnce(Looper.java:205)
06-06 07:40:38.725 28473 28495 E PhenotypeFlagCommitter: at android.os.Looper.loop(Looper.java:294)
06-06 07:40:38.725 28473 28495 E PhenotypeFlagCommitter: at android.os.HandlerThread.run(HandlerThread.java:67)
06-06 07:40:38.813 28473 28473 W libc : Access denied finding property "persist.camera.cutout_display"
06-06 07:40:38.828 28473 28473 W libc : Access denied finding property "persist.camera.cutout_trial_size"
06-06 07:40:39.062 28473 28795 W native : W0606 07:40:39.062138 28795 roi_ml_matcher.cc:48] Failed to WaitUntilDone:
06-06 07:40:39.062 28473 28795 W native : CANCELLED: CalculatorGraph::Run() failed in Run: 06-06 07:40:39.062 28473 28795 W native : [type.googleapis.com/mediapipe.StatusList='\n\x02\x08\x01']
06-06 07:40:39.064 28473 28582 E GoLog : W0606 07:40:39.062138 28795 roi_ml_matcher.cc:48] Failed to WaitUntilDone:
06-06 07:40:39.064 28473 28582 E GoLog : CANCELLED: CalculatorGraph::Run() failed in Run: 06-06 07:40:39.064 28473 28582 E GoLog : [type.googleapis.com/mediapipe.StatusList='\n\x02\x08\x01']
06-06 07:40:39.066 28473 29101 E libEGL : validate_display:549 error 3008 (EGL_BAD_DISPLAY)
06-06 07:40:39.083 28473 29100 E libEGL : validate_display:549 error 3008 (EGL_BAD_DISPLAY)
06-06 07:40:39.213 28473 28482 I eCameraEngR13F2: NativeAlloc concurrent copying GC freed 386481(11MB) AllocSpace objects, 14(135MB) LOS objects, 57% free, 72MB/168MB, paused 326us,128us total 610.407ms
06-06 07:40:39.238 28473 28473 W CAM_A : Duplicate call to stopModule; skipping stop.
06-06 07:40:39.265 28473 28473 W CAM_A : Duplicate call to stopModule; skipping stop.
06-06 07:40:39.321 28473 28484 W MessageQueue: Handler (android.os.Handler) {4e444ae} sending message to a Handler on a dead thread
06-06 07:40:39.321 28473 28484 W MessageQueue: java.lang.IllegalStateException: Handler (android.os.Handler) {4e444ae} sending message to a Handler on a dead thread
06-06 07:40:39.321 28473 28484 W MessageQueue: at android.os.MessageQueue.enqueueMessage(MessageQueue.java:560)
06-06 07:40:39.321 28473 28484 W MessageQueue: at android.os.Handler.enqueueMessage(Handler.java:786)
06-06 07:40:39.321 28473 28484 W MessageQueue: at android.os.Handler.sendMessageAtTime(Handler.java:735)
06-06 07:40:39.321 28473 28484 W MessageQueue: at android.os.Handler.sendMessageDelayed(Handler.java:705)
06-06 07:40:39.321 28473 28484 W MessageQueue: at android.os.Handler.post(Handler.java:435)
06-06 07:40:39.321 28473 28484 W MessageQueue: at android.hardware.camera2.impl.CameraDeviceImpl$CameraHandlerExecutor.execute(CameraDeviceImpl.java:2402)
06-06 07:40:39.321 28473 28484 W MessageQueue: at android.hardware.camera2.impl.CallbackProxies$SessionStateCallbackProxy.onClosed(CallbackProxies.java:104)
06-06 07:40:39.321 28473 28484 W MessageQueue: at android.hardware.camera2.impl.CameraCaptureSessionImpl.close(CameraCaptureSessionImpl.java:588)
06-06 07:40:39.321 28473 28484 W MessageQueue: at android.hardware.camera2.impl.CameraCaptureSessionImpl.finalize(CameraCaptureSessionImpl.java:894)
06-06 07:40:39.321 28473 28484 W MessageQueue: at java.lang.Daemons$FinalizerDaemon.doFinalize(Daemons.java:339)
06-06 07:40:39.321 28473 28484 W MessageQueue: at java.lang.Daemons$FinalizerDaemon.processReference(Daemons.java:324)
06-06 07:40:39.321 28473 28484 W MessageQueue: at java.lang.Daemons$FinalizerDaemon.runInternal(Daemons.java:300)
06-06 07:40:39.321 28473 28484 W MessageQueue: at java.lang.Daemons$Daemon.run(Daemons.java:145)
06-06 07:40:39.321 28473 28484 W MessageQueue: at java.lang.Thread.run(Thread.java:1012)
06-06 07:40:39.734 28473 28593 W libc : Access denied finding property "persist.camera.mts_4k"
06-06 07:40:39.735 28473 28593 W CAM_A : Ignored Rectiface warpfield re-initialization.
06-06 07:40:39.736 28473 28593 W libc : Access denied finding property "persist.camera.acat_on"
06-06 07:40:39.736 28473 28593 W libc : Access denied finding property "persist.camera.acat_debug"
06-06 07:40:39.736 28473 28593 W libc : Access denied finding property "persist.camera.acat_firefly_on"
06-06 07:40:39.736 28473 28593 W libc : Access denied finding property "persist.camera.acat_fsc_on"
06-06 07:40:39.736 28473 28593 W libc : Access denied finding property "persist.camera.acat_cpu_warp"
06-06 07:40:39.736 28473 28593 W libc : Access denied finding property "persist.camera.acat_force_fd"
06-06 07:40:39.736 28473 28593 W libc : Access denied finding property "persist.camera.acat_lc_only"
06-06 07:40:39.736 28473 28593 W libc : Access denied finding property "persist.camera.acat_use_mask"
06-06 07:40:39.942 28473 28593 W libc : Access denied finding property "persist.camera.jpeg_data_rotation"
06-06 07:40:40.521 28473 28505 E libgcam : [pipeline_manager.cc:821]: LimitShotCpuUsage: LimitShotCpuUsage() called with invalid shot_id 3
06-06 07:40:41.034 28473 28482 I eCameraEngR13F2: Background young concurrent copying GC freed 10670(713KB) AllocSpace objects, 4(232KB) LOS objects, 0% free, 243MB/243MB, paused 161us,116us total 142.158ms
06-06 07:40:41.217 28473 28482 I eCameraEngR13F2: Background concurrent copying GC freed 41203(1917KB) AllocSpace objects, 23(64MB) LOS objects, 27% free, 247MB/343MB, paused 210us,118us total 181.840ms
06-06 07:40:41.535 28473 28473 W CAM_A : Placeholder drawable removed: key=ShotId-3 evicted=false
06-06 07:40:46.194 28473 28473 D CompatibilityChangeReporter: Compat change id reported: 78294732; UID 10329; state: DISABLED
06-06 07:40:46.195 28473 28473 W libc : Access denied finding property "persist.camera.toggle_zoom_bar"
06-06 07:40:46.195 28473 28473 W libc : Access denied finding property "persist.camera.p20_lens_setup"
06-06 07:40:46.195 28473 28473 W libc : Access denied finding property "persist.camera.p20_lens_setup"
06-06 07:40:46.196 28473 28473 W libc : Access denied finding property "persist.camera.p20_lens_setup"
06-06 07:40:46.196 28473 28473 W libc : Access denied finding property "persist.camera.p20_lens_setup"
06-06 07:40:46.196 28473 28473 W libc : Access denied finding property "persist.camera.p20_lens_setup"
06-06 07:40:46.196 28473 28473 W libc : Access denied finding property "persist.camera.p20_lens_setup"
06-06 07:40:46.196 28473 28473 W libc : Access denied finding property "persist.camera.p20_lens_setup"
