06-06 07:40:46.196 28473 28473 W libc : Access denied finding property "persist.camera.catshark_enabled.RESTART"
06-06 07:40:46.197 28473 28473 D CameraManager2: GotArray:0
06-06 07:40:46.197 28473 28473 D CameraManager2: GotArray:1
06-06 07:40:46.197 28473 28473 D CameraManager2: GotArray:0
06-06 07:40:46.197 28473 28473 D CameraManager2: GotArray:1
06-06 07:40:46.198 28473 28473 W libc : Access denied finding property "persist.camera.gouda.max_zoom_override"
06-06 07:40:46.198 28473 28473 W libc : Access denied finding property "persist.camera.p20_lens_setup"
06-06 07:40:46.198 28473 28473 W libc : Access denied finding property "persist.camera.p20_lens_setup"
06-06 07:40:46.198 28473 28473 W libc : Access denied finding property "persist.camera.p20_lens_setup"
06-06 07:40:46.198 28473 28473 W libc : Access denied finding property "persist.camera.p20_lens_setup"
06-06 07:40:46.198 28473 28473 W libc : Access denied finding property "persist.camera.p20_lens_setup"
06-06 07:40:46.198 28473 28473 W libc : Access denied finding property "persist.camera.p20_lens_setup"
06-06 07:40:46.199 28473 28473 W libc : Access denied finding property "persist.camera.p20_lens_setup"
06-06 07:40:46.199 28473 28473 D CameraManager2: GotArray:0
06-06 07:40:46.199 28473 28473 D CameraManager2: GotArray:1
06-06 07:40:46.199 28473 28473 W libc : Access denied finding property "persist.camera.p21_front_setup"
06-06 07:40:46.200 28473 28473 W libc : Access denied finding property "persist.camera.p20_lens_setup"
06-06 07:40:46.200 28473 28473 W libc : Access denied finding property "persist.camera.p20_lens_setup"
06-06 07:40:46.200 28473 28473 W libc : Access denied finding property "persist.camera.p20_lens_setup"
06-06 07:40:46.200 28473 28473 W libc : Access denied finding property "persist.camera.p20_lens_setup"
06-06 07:40:46.200 28473 28473 W libc : Access denied finding property "persist.camera.p20_lens_setup"
06-06 07:40:46.200 28473 28473 W libc : Access denied finding property "persist.camera.p20_lens_setup"
06-06 07:40:46.201 28473 28473 W libc : Access denied finding property "persist.camera.p20_lens_setup"
06-06 07:40:46.204 28473 28473 W libc : Access denied finding property "persist.camera.catshark_enabled.RESTART"
06-06 07:40:46.204 28473 28509 W libc : Access denied finding property "persist.camera.pck_large_yuv"
06-06 07:40:46.204 28473 28509 W libc : Access denied finding property "persist.camera.gpu_sampled_image"
06-06 07:40:46.204 28473 28473 W libc : Access denied finding property "persist.camera.double_tap_launch_edu_enabled"
06-06 07:40:46.204 28473 28509 W libc : Access denied finding property "persist.camera.enable_micro"
06-06 07:40:46.204 28473 28509 W libc : Access denied finding property "persist.camera.enable_hw_buff_uflag"
06-06 07:40:46.204 28473 28509 W libc : Access denied finding property "persist.camera.ddepth_rear"
06-06 07:40:46.204 28473 28509 W libc : Access denied finding property "persist.camera.3a_stats_log"
06-06 07:40:46.204 28473 28509 W libc : Access denied finding property "persist.camera.familiar_faces_awb"
06-06 07:40:46.205 28473 28509 W libc : Access denied finding property "persist.camera.falcon_enabled"
06-06 07:40:46.205 28473 28509 W libc : Access denied finding property "persist.camera.falcon_enabled"
06-06 07:40:46.206 28473 28473 W libc : Access denied finding property "persist.camera.logger_throttle_millis"
06-06 07:40:46.208 28473 28473 W libc : Access denied finding property "persist.camera.cutout_display"
06-06 07:40:46.209 28473 28473 W libc : Access denied finding property "persist.camera.cutout_trial_size"
06-06 07:40:46.216 28473 28473 W libc : Access denied finding property "persist.camera.cutout_display"
06-06 07:40:46.216 28473 28497 E OpenGLRenderer: Unable to match the desired swap behavior.
06-06 07:40:46.217 28473 28473 W libc : Access denied finding property "persist.camera.cutout_trial_size"
06-06 07:40:46.255 28473 28473 W libc : Access denied finding property "persist.camera.cutout_display"
06-06 07:40:46.255 28473 28473 W libc : Access denied finding property "persist.camera.optbar.standalone_settings_button"
06-06 07:40:46.255 28473 28473 W libc : Access denied finding property "persist.camera.catshark_enabled.RESTART"
06-06 07:40:46.268 28473 28509 W libc : Access denied finding property "persist.camera.3a_stats_log"
06-06 07:40:46.268 28473 28509 W libc : Access denied finding property "persist.camera.p20_lens_setup"
06-06 07:40:46.268 28473 28509 W libc : Access denied finding property "persist.camera.enable_hound"
06-06 07:40:46.268 28473 28509 W libc : Access denied finding property "persist.camera.hdr_plus_torch_thermal_throttling"
06-06 07:40:46.268 28473 28509 W libc : Access denied finding property "persist.camera.cuttle.motion_metadata"
06-06 07:40:46.268 28473 28509 W libc : Access denied finding property "persist.camera.shasta_zsl.max_exptime_ms"
06-06 07:40:46.268 28473 28509 W libc : Access denied finding property "persist.camera.ddepth_rear"
06-06 07:40:46.268 28473 28509 W libc : Access denied finding property "persist.camera.falcon_enabled"
06-06 07:40:46.268 28473 28509 W libc : Access denied finding property "persist.camera.catshark_enabled.RESTART"
06-06 07:40:46.269 28473 28509 W libc : Access denied finding property "persist.camera.disable_hdrplus_postview"
06-06 07:40:46.269 28473 28509 W libc : Access denied finding property "persist.camera.cuttle.motion_metadata"
06-06 07:40:46.269 28473 28509 W libc : Access denied finding property "persist.camera.catshark_enabled.RESTART"
06-06 07:40:46.269 28473 28509 W libc : Access denied finding property "persist.camera.enable_zebras"
06-06 07:40:46.269 28473 28509 W libc : Access denied finding property "persist.camera.fc_extraction"
06-06 07:40:46.269 28473 28509 W libc : Access denied finding property "persist.camera.p20_lens_setup"
06-06 07:40:46.269 28473 28509 W libc : Access denied finding property "persist.camera.first_preview_frame"
06-06 07:40:46.269 28473 28509 W libc : Access denied finding property "persist.camera.falcon_enabled"
06-06 07:40:46.269 28473 28509 W libc : Access denied finding property "persist.camera.chameleon.enabled"
06-06 07:40:46.270 28473 28509 W libc : Access denied finding property "persist.camera.disable_hdrplus_postview"
06-06 07:40:46.270 28473 28495 W libc : Access denied finding property "persist.camera.shasta_zsl.max_exptime_ms"
06-06 07:40:46.273 28473 28509 W libc : Access denied finding property "persist.camera.artemis_idx"
06-06 07:40:46.278 28473 28509 W libc : Access denied finding property "persist.camera.p20_lens_setup"
06-06 07:40:46.284 28473 28509 W libc : Access denied finding property "persist.camera.hal_capture_status"
06-06 07:40:46.284 28473 28509 W libc : Access denied finding property "persist.camera.p20_lens_setup"
06-06 07:40:46.284 28473 28509 W libc : Access denied finding property "persist.camera.falcon_enabled"
06-06 07:40:46.293 28473 28473 W libc : Access denied finding property "persist.camera.use_video_resolution_option"
06-06 07:40:46.295 28473 28509 W libc : Access denied finding property "persist.camera.shasta_zsl"
06-06 07:40:46.296 28473 28509 W libc : Access denied finding property "persist.camera.disable_hdrplus_postview"
06-06 07:40:46.296 28473 28495 W libc : Access denied finding property "persist.camera.catshark_enabled.RESTART"
06-06 07:40:46.297 28473 28495 W libc : Access denied finding property "persist.camera.shasta_zsl"
06-06 07:40:46.297 28473 28495 W libc : Access denied finding property "persist.camera.pck_large_yuv"
06-06 07:40:46.297 28473 28495 W libc : Access denied finding property "persist.camera.mts_4k"
06-06 07:40:46.299 28473 28505 W libc : Access denied finding property "persist.camera.fc_extraction"
06-06 07:40:46.301 28473 28495 W libc : Access denied finding property "persist.camera.falcon_enabled"
06-06 07:40:46.302 28473 28509 W libc : Access denied finding property "persist.camera.3a_stats_log"
06-06 07:40:46.302 28473 28495 W libc : Access denied finding property "persist.camera.falcon_enabled"
06-06 07:40:46.302 28473 28509 W libc : Access denied finding property "persist.camera.familiar_faces_awb"
06-06 07:40:46.302 28473 28509 W libc : Access denied finding property "persist.camera.falcon_enabled"
06-06 07:40:46.302 28473 28509 W libc : Access denied finding property "persist.camera.enable_hound"
06-06 07:40:46.302 28473 28495 W libc : Access denied finding property "persist.camera.falcon_enabled"
06-06 07:40:46.303 28473 28509 W libc : Access denied finding property "persist.camera.auto_timer_enabled"
06-06 07:40:46.303 28473 28495 W libc : Access denied finding property "persist.camera.3a.debug_meta"
06-06 07:40:46.304 28473 28495 W libc : Access denied finding property "persist.camera.pck_large_yuv"
06-06 07:40:46.304 28473 28495 W libc : Access denied finding property "persist.camera.pck_large_yuv"
06-06 07:40:46.304 28473 28495 W libc : Access denied finding property "persist.camera.cuttle.enable_timeout"
06-06 07:40:46.304 28473 28495 W libc : Access denied finding property "persist.camera.cuttle.custom_timeout_ms"
06-06 07:40:46.304 28473 28495 W libc : Access denied finding property "persist.camera.psaf_skip_af_lock_chk"
06-06 07:40:46.304 28473 28495 W libc : Access denied finding property "persist.camera.catshark_enabled.RESTART"
06-06 07:40:46.304 28473 28495 W libc : Access denied finding property "persist.camera.kepler_enabled"
06-06 07:40:46.304 28473 28495 W libc : Access denied finding property "persist.camera.cuttle.extended_iterable_burst"
06-06 07:40:46.305 28473 28495 W libc : Access denied finding property "persist.camera.shasta_zsl"
06-06 07:40:46.305 28473 28495 W libc : Access denied finding property "persist.camera.cuttle.fastaf"
06-06 07:40:46.305 28473 28495 W libc : Access denied finding property "persist.camera.cuttle.extended_iterable_burst"
06-06 07:40:46.305 28473 28495 W libc : Access denied finding property "persist.camera.catshark_enabled.RESTART"
06-06 07:40:46.305 28473 28495 W libc : Access denied finding property "persist.camera.enable_cuttlef"
06-06 07:40:46.329 28473 28473 W libc : Access denied finding property "persist.camera.manual_focus_enabled"
06-06 07:40:46.340 28473 28473 W libc : Access denied finding property "persist.camera.hdr_plus_torch_thermal_throttling"
06-06 07:40:46.340 28473 28473 W libc : Access denied finding property "persist.camera.catshark_enabled.RESTART"
06-06 07:40:46.341 28473 28473 W libc : Access denied finding property "persist.camera.cutout_display"
06-06 07:40:46.341 28473 28473 W libc : Access denied finding property "persist.camera.optbar.icons_on_closed_menu"
06-06 07:40:46.342 28473 28473 W libc : Access denied finding property "persist.camera.cutout_trial_size"
06-06 07:40:46.366 28473 28473 W libc : Access denied finding property "persist.camera.hdr_plus_torch_thermal_throttling"
06-06 07:40:46.366 28473 28473 W libc : Access denied finding property "persist.camera.catshark_enabled.RESTART"
06-06 07:40:46.366 28473 28473 W libc : Access denied finding property "persist.camera.hdr_plus_torch_thermal_throttling"
06-06 07:40:46.366 28473 28473 W libc : Access denied finding property "persist.camera.catshark_enabled.RESTART"
06-06 07:40:46.371 28473 28473 W libc : Access denied finding property "persist.camera.cutout_display"
06-06 07:40:46.372 28473 28473 W libc : Access denied finding property "persist.camera.cutout_trial_size"
06-06 07:40:46.423 28473 28473 W libc : Access denied finding property "persist.camera.enable_hound"
06-06 07:40:46.424 28473 28473 W CAM_A : ModeSwitcher WAS ALREADY ENABLED!
06-06 07:40:46.424 28473 28473 W libc : Access denied finding property "persist.camera.catshark_minibar_enabled"
06-06 07:40:46.499 28473 28515 W CAM_SurfaceMap: Surface(name=null)/@0xf23b51f is valid but deferred streams are not yet available for CaptureSession-2
06-06 07:40:46.499 28473 28515 W CAM_SimpleReqProcessor: Failed to add Stream-6 to CaptureRequest for Request-162. The surface is not yet available.
06-06 07:40:46.504 28473 28515 W CAM_SurfaceMap: Surface(name=null)/@0xf23b51f is valid but deferred streams are not yet available for CaptureSession-2
06-06 07:40:46.504 28473 28515 W CAM_SimpleReqProcessor: Failed to add Stream-6 to CaptureRequest for Request-163. The surface is not yet available.
06-06 07:40:46.610 28473 28473 W libc : Access denied finding property "persist.camera.cutout_display"
06-06 07:40:46.611 28473 28473 W libc : Access denied finding property "persist.camera.cutout_trial_size"
06-06 07:40:46.670 28473 29232 W CAM_A : PHOTO > abs Δ(result sensor timestamp) = 7977,65 ms > 70,00 ms
06-06 07:40:46.670 28473 28473 W libc : Access denied finding property "persist.camera.front_lens_indicator"
06-06 07:40:46.670 28473 28495 W libc : Access denied finding property "persist.camera.familiar_faces_v2"
06-06 07:40:46.670 28473 29232 W CAM_A : PHOTO > rel Δ(result sensor timestamp) = 237,91 > 0,25
06-06 07:40:46.670 28473 29232 W CAM_A : PHOTO > result sensor delay = 239,33 > 1,10
06-06 07:40:46.670 28473 28495 W libc : Access denied finding property "persist.camera.mts_accel_faces_back"
06-06 07:40:46.670 28473 28495 W libc : Access denied finding property "persist.camera.mts_accel_action_back"
06-06 07:40:46.670 28473 29232 W libc : Access denied finding property "persist.camera.dualev.limitUltrawide"
06-06 07:40:46.670 28473 28495 W libc : Access denied finding property "persist.camera.mts_smartcapturenet_2"
06-06 07:40:46.670 28473 28495 W libc : Access denied finding property "persist.camera.mts_pose_and_pet"
06-06 07:40:46.670 28473 28495 W libc : Access denied finding property "persist.camera.mts_pose"
06-06 07:40:46.670 28473 28495 W libc : Access denied finding property "persist.camera.mts_sc_accel_tpu"
06-06 07:40:46.678 28473 28505 W CAM_A : Extractor (frame) of type feature.acmi.imu.frame-straightness depends on foreign type feature.acmi.imu.camera-orientation! Feature values may be calculated out of order!
06-06 07:40:46.678 28473 28505 W CAM_A : Extractor (frame) of type feature.acmi.imu.frame-straightness depends on foreign type feature.acmi.imu.camera-orientation! Feature values may be calculated out of order!
06-06 07:40:46.695 28473 29293 W libc : Access denied finding property "persist.camera.micro_ls_cancel"
06-06 07:40:46.695 28473 29293 W libc : Access denied finding property "persist.camera.micro_ls_cthreshold"
06-06 07:40:46.696 28473 29293 W libc : Access denied finding property "persist.camera.longshot_xtra_frames"
06-06 07:40:46.696 28473 29293 W libc : Access denied finding property "persist.camera.mts_face_diversity"
06-06 07:40:46.696 28473 29293 W libc : Access denied finding property "persist.camera.mts_aesthetic_diversity"
06-06 07:40:46.696 28473 29293 W libc : Access denied finding property "persist.camera.mts_enable_nima_v2"
06-06 07:40:46.696 28473 29293 W libc : Access denied finding property "persist.camera.mts_full_color_range"
06-06 07:40:46.696 28473 29293 W libc : Access denied finding property "persist.camera.mts_gpu"
06-06 07:40:46.696 28473 29293 W libc : Access denied finding property "persist.camera.mts_func_encoder"
06-06 07:40:46.696 28473 29232 W CAM_A : PHOTO > rel Δ(result sensor timestamp) = 0,99 > 0,25
06-06 07:40:46.699 28473 29232 W CAM_A : PHOTO > result sensor delay = 2,01 > 1,10
06-06 07:40:46.700 28473 29232 W libc : Access denied finding property "persist.camera.dualev.limitUltrawide"
06-06 07:40:46.718 28473 28495 I tflite : Replacing 5 node(s) with delegate (TfLiteXNNPackDelegate) node, yielding 1 partitions.
06-06 07:40:46.718 28473 28582 E GoLog : INFO: Replacing 5 node(s) with delegate (TfLiteXNNPackDelegate) node, yielding 1 partitions.
06-06 07:40:46.719 28473 28495 I acceleration: ModifyGraphWithDelegate model namespace: unknown_namespace model id: unknown_model_id accelerator name: NNAPI:
06-06 07:40:46.720 28473 29293 W libc : Access denied finding property "persist.camera.mts_gpu"
06-06 07:40:46.720 28473 29293 W libc : Access denied finding property "persist.camera.mts_func_encoder"
06-06 07:40:46.720 28473 29293 W libc : Access denied finding property "persist.camera.mts_full_res_ls"
06-06 07:40:46.720 28473 29293 W libc : Access denied finding property "persist.camera.mts_full_br_ls"
06-06 07:40:46.720 28473 29293 W libc : Access denied finding property "persist.camera.mts_full_color_range"
06-06 07:40:46.726 28473 28493 W libc : Access denied finding property "persist.camera.storage_space_override"
06-06 07:40:46.739 28473 29293 W libc : Access denied finding property "persist.camera.mts_gpu"
06-06 07:40:46.739 28473 29293 W libc : Access denied finding property "persist.camera.mts_hw_enc_w"
06-06 07:40:46.739 28473 29293 W libc : Access denied finding property "persist.camera.mts_newscore"
06-06 07:40:46.739 28473 29293 W libc : Access denied finding property "persist.camera.mts_face_diversity"
06-06 07:40:46.739 28473 29293 W libc : Access denied finding property "persist.camera.mts_aesthetic_diversity"
06-06 07:40:46.739 28473 29293 W libc : Access denied finding property "persist.camera.mts_enable_nima_v2"
06-06 07:40:46.739 28473 29293 W libc : Access denied finding property "persist.camera.mts_face_diversity"
06-06 07:40:46.739 28473 29293 W libc : Access denied finding property "persist.camera.mts_long_shot_diversity"
06-06 07:40:46.740 28473 29293 W libc : Access denied finding property "persist.camera.micro_prestab"
06-06 07:40:46.740 28473 29293 W libc : Access denied finding property "persist.camera.micro_ls_always_prestab"
06-06 07:40:46.740 28473 29293 W libc : Access denied finding property "persist.camera.mts_4k"
06-06 07:40:46.741 28473 28495 I tflite : Replacing 97 node(s) with delegate (TfLiteNnapiDelegate) node, yielding 1 partitions.
06-06 07:40:46.745 28473 29302 E native : E0606 07:40:46.745329 29302 resource_util_android.cc:65] generic::internal: RET_CHECK failure (third_party/mediapipe/util/resource_util_android.cc:65) Singleton<AssetManager>::get()->ReadFile(path, output) could not read asset: research/vision/loco/video/models/siamese_fcpp/mobile/model_21086792_30/siamese_fe.tflite
06-06 07:40:46.745 28473 29302 E native : Stack trace:
06-06 07:40:46.745 28473 29302 E native : 06-06 07:40:46.746 28473 29302 E native : E0606 07:40:46.746105 29302 asset_manager_util.cc:166] generic::internal: RET_CHECK failure (third_party/mediapipe/util/android/asset_manager_util.cc:166) ReadFile(asset_path, &asset_data) could not read asset: research/vision/loco/video/models/siamese_fcpp/mobile/model_21086792_30/siamese_fe.tflite
06-06 07:40:46.746 28473 29302 E native : Stack trace:
06-06 07:40:46.746 28473 29302 E native : 06-06 07:40:46.747 28473 28582 E GoLog : INFO: Replacing 97 node(s) with delegate (TfLiteNnapiDelegate) node, yielding 1 partitions.
06-06 07:40:46.747 28473 28582 E GoLog : E0606 07:40:46.745329 29302 resource_util_android.cc:65] generic::internal: RET_CHECK failure (third_party/mediapipe/util/resource_util_android.cc:65) Singleton<AssetManager>::get()->ReadFile(path, output) could not read asset: research/vision/loco/video/models/siamese_fcpp/mobile/model_21086792_30/siamese_fe.tflite
06-06 07:40:46.747 28473 28582 E GoLog : Stack trace:
06-06 07:40:46.747 28473 28582 E GoLog : 06-06 07:40:46.747 28473 28582 E GoLog : E0606 07:40:46.746105 29302 asset_manager_util.cc:166] generic::internal: RET_CHECK failure (third_party/mediapipe/util/android/asset_manager_util.cc:166) ReadFile(asset_path, &asset_data) could not read asset: research/vision/loco/video/models/siamese_fcpp/mobile/model_21086792_30/siamese_fe.tflite
06-06 07:40:46.747 28473 28582 E GoLog : Stack trace:
06-06 07:40:46.747 28473 28582 E GoLog : 06-06 07:40:46.767 28473 29302 I tflite : Replacing 26 node(s) with delegate (unknown) node, yielding 1 partitions.
06-06 07:40:46.767 28473 28582 E GoLog : INFO: Replacing 26 node(s) with delegate (unknown) node, yielding 1 partitions.
06-06 07:40:46.779 28473 29232 W CAM_A : PHOTO > result sensor delay = 2,00 > 1,10
06-06 07:40:46.780 28473 29232 W libc : Access denied finding property "persist.camera.dualev.limitUltrawide"
06-06 07:40:46.816 28473 29302 I tflite : Replacing 26 node(s) with delegate (unknown) node, yielding 1 partitions.
06-06 07:40:46.816 28473 28582 E GoLog : INFO: Replacing 26 node(s) with delegate (unknown) node, yielding 1 partitions.
06-06 07:40:46.827 28473 29232 W CAM_A : PHOTO > rel Δ(result sensor timestamp) = 0,50 > 0,25
06-06 07:40:46.827 28473 29232 W libc : Access denied finding property "persist.camera.dualev.limitUltrawide"
06-06 07:40:46.871 28473 29232 W libc : Access denied finding property "persist.camera.dualev.limitUltrawide"
06-06 07:40:46.892 28473 29232 W libc : Access denied finding property "persist.camera.dualev.limitUltrawide"
06-06 07:40:46.934 28473 29232 W libc : Access denied finding property "persist.camera.dualev.limitUltrawide"
06-06 07:40:46.946 28473 28473 W libc : Access denied finding property "persist.camera.cutout_display"
06-06 07:40:46.947 28473 28473 W libc : Access denied finding property "persist.camera.cutout_trial_size"
06-06 07:40:46.941 28473 28473 W eCameraEngR13F2: type=1400 audit(0.0:58376189): avc: denied { read } for name="u:object_r:vendor_camera_prop:s0" dev="tmpfs" ino=13499 scontext=u:r:untrusted_app_29:s0:c73,c257,c512,c768 tcontext=u:object_r:vendor_camera_prop:s0 tclass=file permissive=0 app=com.google.android.GoogleCameraEngR13F2
06-06 07:40:46.944 28473 28473 W eCameraEngR13F2: type=1400 audit(0.0:58376190): avc: denied { read } for name="u:object_r:vendor_camera_prop:s0" dev="tmpfs" ino=13499 scontext=u:r:untrusted_app_29:s0:c73,c257,c512,c768 tcontext=u:object_r:vendor_camera_prop:s0 tclass=file permissive=0 app=com.google.android.GoogleCameraEngR13F2
06-06 07:40:46.951 28473 29232 W libc : Access denied finding property "persist.camera.dualev.limitUltrawide"
06-06 07:40:46.961 28473 28495 I Manager : prepareModelFromCache: successfully prepared model from cache
06-06 07:40:46.961 28473 28495 I ExecutionPlan: ExecutionPlan::SimpleBody::finish: compilation finished successfully on qti-default
06-06 07:40:46.947 28473 28473 W CallbackHndlr: type=1400 audit(0.0:58376192): avc: denied { read } for name="u:object_r:vendor_camera_prop:s0" dev="tmpfs" ino=13499 scontext=u:r:untrusted_app_29:s0:c73,c257,c512,c768 tcontext=u:object_r:vendor_camera_prop:s0 tclass=file permissive=0 app=com.google.android.GoogleCameraEngR13F2
06-06 07:40:46.972 28473 29232 W libc : Access denied finding property "persist.camera.dualev.limitUltrawide"
06-06 07:40:46.980 28473 28473 W libc : Access denied finding property "persist.camera.cutout_display"
06-06 07:40:46.981 28473 28473 W libc : Access denied finding property "persist.camera.cutout_trial_size"
06-06 07:40:47.028 28473 29232 W libc : Access denied finding property "persist.camera.dualev.limitUltrawide"
06-06 07:40:47.035 28473 29232 W libc : Access denied finding property "persist.camera.dualev.limitUltrawide"
06-06 07:40:47.065 28473 29232 W libc : Access denied finding property "persist.camera.dualev.limitUltrawide"
06-06 07:40:47.097 28473 29232 W libc : Access denied finding property "persist.camera.dualev.limitUltrawide"
06-06 07:40:47.135 28473 29232 W libc : Access denied finding property "persist.camera.dualev.limitUltrawide"
06-06 07:40:47.163 28473 29232 W libc : Access denied finding property "persist.camera.dualev.limitUltrawide"
06-06 07:40:47.241 28473 29232 W libc : Access denied finding property "persist.camera.dualev.limitUltrawide"
06-06 07:40:47.249 28473 29302 E native : E0606 07:40:47.249537 29302 resource_util_android.cc:65] generic::internal: RET_CHECK failure (third_party/mediapipe/util/resource_util_android.cc:65) Singleton<AssetManager>::get()->ReadFile(path, output) could not read asset: research/vision/loco/video/models/siamese_fcpp/mobile/model_21086792_30/siamese_end2end.tflite
06-06 07:40:47.249 28473 29302 E native : Stack trace:
06-06 07:40:47.249 28473 29302 E native : 06-06 07:40:47.249 28473 29302 E native : E0606 07:40:47.249634 29302 asset_manager_util.cc:166] generic::internal: RET_CHECK failure (third_party/mediapipe/util/android/asset_manager_util.cc:166) ReadFile(asset_path, &asset_data) could not read asset: research/vision/loco/video/models/siamese_fcpp/mobile/model_21086792_30/siamese_end2end.tflite
06-06 07:40:47.249 28473 29302 E native : Stack trace:
06-06 07:40:47.249 28473 29302 E native : 06-06 07:40:47.249 28473 28582 E GoLog : E0606 07:40:47.249537 29302 resource_util_android.cc:65] generic::internal: RET_CHECK failure (third_party/mediapipe/util/resource_util_android.cc:65) Singleton<AssetManager>::get()->ReadFile(path, output) could not read asset: research/vision/loco/video/models/siamese_fcpp/mobile/model_21086792_30/siamese_end2end.tflite
06-06 07:40:47.249 28473 28582 E GoLog : Stack trace:
06-06 07:40:47.249 28473 28582 E GoLog : 06-06 07:40:47.249 28473 28582 E GoLog : E0606 07:40:47.249634 29302 asset_manager_util.cc:166] generic::internal: RET_CHECK failure (third_party/mediapipe/util/android/asset_manager_util.cc:166) ReadFile(asset_path, &asset_data) could not read asset: research/vision/loco/video/models/siamese_fcpp/mobile/model_21086792_30/siamese_end2end.tflite
06-06 07:40:47.249 28473 28582 E GoLog : Stack trace:
06-06 07:40:47.249 28473 28582 E GoLog : 06-06 07:40:47.254 28473 29232 W libc : Access denied finding property "persist.camera.dualev.limitUltrawide"
06-06 07:40:47.259 28473 29232 W libc : Access denied finding property "persist.camera.dualev.limitUltrawide"
06-06 07:40:47.261 28473 28473 W libc : Access denied finding property "persist.camera.cutout_display"
06-06 07:40:47.261 28473 28473 W libc : Access denied finding property "persist.camera.cutout_trial_size"
06-06 07:40:47.270 28473 28542 W Parcel : Expecting binder but got null!
06-06 07:40:47.274 28473 29302 I tflite : Replacing 47 node(s) with delegate (unknown) node, yielding 1 partitions.
06-06 07:40:47.275 28473 28582 E GoLog : INFO: Replacing 47 node(s) with delegate (unknown) node, yielding 1 partitions.
06-06 07:40:47.281 28473 28497 E FrameEvents: updateAcquireFence: Did not find frame.
06-06 07:40:47.284 28473 29302 I tflite : Replacing 47 node(s) with delegate (unknown) node, yielding 1 partitions.
06-06 07:40:47.284 28473 28582 E GoLog : INFO: Replacing 47 node(s) with delegate (unknown) node, yielding 1 partitions.
06-06 07:40:47.294 28473 28473 W libc : Access denied finding property "persist.camera.hdr_plus_torch_thermal_throttling"
06-06 07:40:47.294 28473 28473 W CAM_A : Disconnecting the camera device because filmstrip was launched.
06-06 07:40:47.295 28473 28473 W libc : Access denied finding property "persist.camera.catshark_minibar_enabled"
06-06 07:40:47.295 28473 28509 W libc : Access denied finding property "persist.camera.fc_extraction"
06-06 07:40:47.299 28473 28505 E PhenotypeFlagCommitter: Retrieving snapshot for com.google.android.apps.camera#com.google.android.GoogleCameraEngR13F2 failed
06-06 07:40:47.299 28473 28505 E PhenotypeFlagCommitter: java.util.concurrent.ExecutionException: java.lang.SecurityException: GoogleCertificatesRslt: not allowed: pkg=com.google.android.GoogleCameraEngR13F2, sha256=[a40da80a59d170caa950cf15c18c454d47a39b26989d8b640ecd745ba71bf5dc], atk=false, ver=242213038.true (go/gsrlt)
06-06 07:40:47.299 28473 28505 E PhenotypeFlagCommitter: at mip.fb(Unknown Source:27)
06-06 07:40:47.299 28473 28505 E PhenotypeFlagCommitter: at mip.cd(Unknown Source:63)
06-06 07:40:47.299 28473 28505 E PhenotypeFlagCommitter: at kuc.c(Unknown Source:12)
06-06 07:40:47.299 28473 28505 E PhenotypeFlagCommitter: at kuc.e(Unknown Source:35)
06-06 07:40:47.299 28473 28505 E PhenotypeFlagCommitter: at kuc.b(Unknown Source:1)
06-06 07:40:47.299 28473 28505 E PhenotypeFlagCommitter: at gvh.a(Unknown Source:35)
06-06 07:40:47.299 28473 28505 E PhenotypeFlagCommitter: at gvj.run(Unknown Source:9)
06-06 07:40:47.299 28473 28505 E PhenotypeFlagCommitter: at law.run(Unknown Source:2)
06-06 07:40:47.299 28473 28505 E PhenotypeFlagCommitter: at java.util.concurrent.Executors$RunnableAdapter.call(Executors.java:487)
06-06 07:40:47.299 28473 28505 E PhenotypeFlagCommitter: at pio.a(Unknown Source:2)
06-06 07:40:47.299 28473 28505 E PhenotypeFlagCommitter: at phs.run(Unknown Source:20)
06-06 07:40:47.299 28473 28505 E PhenotypeFlagCommitter: at pip.run(Unknown Source:4)
06-06 07:40:47.299 28473 28505 E PhenotypeFlagCommitter: at java.util.concurrent.Executors$RunnableAdapter.call(Executors.java:487)
06-06 07:40:47.299 28473 28505 E PhenotypeFlagCommitter: at java.util.concurrent.FutureTask.run(FutureTask.java:264)
06-06 07:40:47.299 28473 28505 E PhenotypeFlagCommitter: at java.util.concurrent.ScheduledThreadPoolExecutor$ScheduledFutureTask.run(ScheduledThreadPoolExecutor.java:307)
06-06 07:40:47.299 28473 28505 E PhenotypeFlagCommitter: at lbh.run(Unknown Source:2)
06-06 07:40:47.299 28473 28505 E PhenotypeFlagCommitter: at lbg.run(Unknown Source:0)
06-06 07:40:47.299 28473 28505 E PhenotypeFlagCommitter: at java.util.concurrent.ThreadPoolExecutor.runWorker(ThreadPoolExecutor.java:1145)
06-06 07:40:47.299 28473 28505 E PhenotypeFlagCommitter: at java.util.concurrent.ThreadPoolExecutor$Worker.run(ThreadPoolExecutor.java:644)
06-06 07:40:47.299 28473 28505 E PhenotypeFlagCommitter: at java.lang.Thread.run(Thread.java:1012)
06-06 07:40:47.299 28473 28505 E PhenotypeFlagCommitter: at lab.run(Unknown Source:5)
06-06 07:40:47.299 28473 28505 E PhenotypeFlagCommitter: Caused by: java.lang.SecurityException: GoogleCertificatesRslt: not allowed: pkg=com.google.android.GoogleCameraEngR13F2, sha256=[a40da80a59d170caa950cf15c18c454d47a39b26989d8b640ecd745ba71bf5dc], atk=false, ver=242213038.true (go/gsrlt)
06-06 07:40:47.299 28473 28505 E PhenotypeFlagCommitter: at android.os.Parcel.createExceptionOrNull(Parcel.java:3057)
06-06 07:40:47.299 28473 28505 E PhenotypeFlagCommitter: at android.os.Parcel.createException(Parcel.java:3041)
06-06 07:40:47.299 28473 28505 E PhenotypeFlagCommitter: at android.os.Parcel.readException(Parcel.java:3024)
06-06 07:40:47.299 28473 28505 E PhenotypeFlagCommitter: at android.os.Parcel.readException(Parcel.java:2966)
06-06 07:40:47.299 28473 28505 E PhenotypeFlagCommitter: at bmn.z(Unknown Source:10)
06-06 07:40:47.299 28473 28505 E PhenotypeFlagCommitter: at ktz.a(Unknown Source:38)
06-06 07:40:47.299 28473 28505 E PhenotypeFlagCommitter: at kjd.f(Unknown Source:10)
06-06 07:40:47.299 28473 28505 E PhenotypeFlagCommitter: at kkc.t(Unknown Source:9)
06-06 07:40:47.299 28473 28505 E PhenotypeFlagCommitter: at kkc.u(Unknown Source:22)
06-06 07:40:47.299 28473 28505 E PhenotypeFlagCommitter: at kkc.e(Unknown Source:15)
06-06 07:40:47.299 28473 28505 E PhenotypeFlagCommitter: at kkg.handleMessage(Unknown Source:920)
06-06 07:40:47.299 28473 28505 E PhenotypeFlagCommitter: at android.os.Handler.dispatchMessage(Handler.java:102)
06-06 07:40:47.299 28473 28505 E PhenotypeFlagCommitter: at ksg.b(Unknown Source:0)
06-06 07:40:47.299 28473 28505 E PhenotypeFlagCommitter: at ksg.dispatchMessage(Unknown Source:0)
06-06 07:40:47.299 28473 28505 E PhenotypeFlagCommitter: at android.os.Looper.loopOnce(Looper.java:205)
06-06 07:40:47.299 28473 28505 E PhenotypeFlagCommitter: at android.os.Looper.loop(Looper.java:294)
06-06 07:40:47.299 28473 28505 E PhenotypeFlagCommitter: at android.os.HandlerThread.run(HandlerThread.java:67)
06-06 07:40:47.321 28473 29232 W libc : Access denied finding property "persist.camera.dualev.limitUltrawide"
06-06 07:40:47.329 28473 28473 W libc : Access denied finding property "persist.camera.cutout_display"
06-06 07:40:47.342 28473 28473 W libc : Access denied finding property "persist.camera.cutout_trial_size"
06-06 07:40:47.357 28473 28473 W libc : Access denied finding property "persist.camera.hdr_plus_torch_thermal_throttling"
06-06 07:40:47.358 28473 28473 W libc : Access denied finding property "persist.camera.catshark_enabled.RESTART"
06-06 07:40:47.374 28473 28473 W libc : Access denied finding property "persist.camera.cutout_display"
06-06 07:40:47.376 28473 28473 W libc : Access denied finding property "persist.camera.cutout_trial_size"
06-06 07:40:47.641 28473 28515 W CAM_VirtualCameraMgr: Failed to set audio restriction on camera device.
06-06 07:40:47.641 28473 28515 W CAM_VirtualCameraMgr: llv: java.lang.IllegalStateException: CameraDevice was already closed
06-06 07:40:47.641 28473 28515 W CAM_VirtualCameraMgr: at luw.a(Unknown Source:18)
06-06 07:40:47.641 28473 28515 W CAM_VirtualCameraMgr: at lzt.a(Unknown Source:2)
06-06 07:40:47.641 28473 28515 W CAM_VirtualCameraMgr: at lzt.a(Unknown Source:2)
06-06 07:40:47.641 28473 28515 W CAM_VirtualCameraMgr: at llg.a(Unknown Source:15)
06-06 07:40:47.641 28473 28515 W CAM_VirtualCameraMgr: at ljq.run(Unknown Source:32)
06-06 07:40:47.641 28473 28515 W CAM_VirtualCameraMgr: at pie.run(Unknown Source:2)
06-06 07:40:47.641 28473 28515 W CAM_VirtualCameraMgr: at pif.run(Unknown Source:75)
06-06 07:40:47.641 28473 28515 W CAM_VirtualCameraMgr: at java.util.concurrent.ThreadPoolExecutor.runWorker(ThreadPoolExecutor.java:1145)
06-06 07:40:47.641 28473 28515 W CAM_VirtualCameraMgr: at java.util.concurrent.ThreadPoolExecutor$Worker.run(ThreadPoolExecutor.java:644)
06-06 07:40:47.641 28473 28515 W CAM_VirtualCameraMgr: at java.lang.Thread.run(Thread.java:1012)
06-06 07:40:47.641 28473 28515 W CAM_VirtualCameraMgr: at lab.run(Unknown Source:5)
06-06 07:40:47.641 28473 28515 W CAM_VirtualCameraMgr: Caused by: java.lang.IllegalStateException: CameraDevice was already closed
06-06 07:40:47.641 28473 28515 W CAM_VirtualCameraMgr: at android.hardware.camera2.impl.CameraDeviceImpl.checkIfCameraClosedOrInError(CameraDeviceImpl.java:2475)
06-06 07:40:47.641 28473 28515 W CAM_VirtualCameraMgr: at android.hardware.camera2.impl.CameraDeviceImpl.getCameraAudioRestriction(CameraDeviceImpl.java:2535)
06-06 07:40:47.641 28473 28515 W CAM_VirtualCameraMgr: at luw.a(Unknown Source:2)
06-06 07:40:47.641 28473 28515 W CAM_VirtualCameraMgr: ... 10 more
06-06 07:40:47.642 28473 28515 W CAM_VirtualCameraMgr: Failed to set audio restriction on camera device.
06-06 07:40:47.642 28473 28515 W CAM_VirtualCameraMgr: llv: java.lang.IllegalStateException: CameraDevice was already closed
06-06 07:40:47.642 28473 28515 W CAM_VirtualCameraMgr: at luw.a(Unknown Source:18)
06-06 07:40:47.642 28473 28515 W CAM_VirtualCameraMgr: at lzt.a(Unknown Source:2)
06-06 07:40:47.642 28473 28515 W CAM_VirtualCameraMgr: at lzt.a(Unknown Source:2)
06-06 07:40:47.642 28473 28515 W CAM_VirtualCameraMgr: at llg.a(Unknown Source:15)
06-06 07:40:47.642 28473 28515 W CAM_VirtualCameraMgr: at ljq.run(Unknown Source:32)
06-06 07:40:47.642 28473 28515 W CAM_VirtualCameraMgr: at pif.run(Unknown Source:75)
06-06 07:40:47.642 28473 28515 W CAM_VirtualCameraMgr: at java.util.concurrent.ThreadPoolExecutor.runWorker(ThreadPoolExecutor.java:1145)
06-06 07:40:47.642 28473 28515 W CAM_VirtualCameraMgr: at java.util.concurrent.ThreadPoolExecutor$Worker.run(ThreadPoolExecutor.java:644)
06-06 07:40:47.642 28473 28515 W CAM_VirtualCameraMgr: at java.lang.Thread.run(Thread.java:1012)
06-06 07:40:47.642 28473 28515 W CAM_VirtualCameraMgr: at lab.run(Unknown Source:5)
06-06 07:40:47.642 28473 28515 W CAM_VirtualCameraMgr: Caused by: java.lang.IllegalStateException: CameraDevice was already closed
06-06 07:40:47.642 28473 28515 W CAM_VirtualCameraMgr: at android.hardware.camera2.impl.CameraDeviceImpl.checkIfCameraClosedOrInError(CameraDeviceImpl.java:2475)
06-06 07:40:47.642 28473 28515 W CAM_VirtualCameraMgr: at android.hardware.camera2.impl.CameraDeviceImpl.getCameraAudioRestriction(CameraDeviceImpl.java:2535)
06-06 07:40:47.642 28473 28515 W CAM_VirtualCameraMgr: at luw.a(Unknown Source:2)
06-06 07:40:47.642 28473 28515 W CAM_VirtualCameraMgr: ... 9 more
06-06 07:40:47.731 28473 28473 W CAM_A : Duplicate call to stopModule; skipping stop.
06-06 07:40:47.747 28473 28473 W CAM_A : Duplicate call to stopModule; skipping stop.
06-06 07:40:47.758 28473 29305 E libEGL : validate_display:549 error 3008 (EGL_BAD_DISPLAY)
06-06 07:40:47.762 28473 29302 E libEGL : validate_display:549 error 3008 (EGL_BAD_DISPLAY)
06-06 07:40:48.600 28473 28593 W libc : Access denied finding property "persist.camera.mts_4k"
06-06 07:40:48.601 28473 28593 W CAM_A : Ignored Rectiface warpfield re-initialization.
06-06 07:40:48.601 28473 28593 W libc : Access denied finding property "persist.camera.acat_on"
06-06 07:40:48.601 28473 28593 W libc : Access denied finding property "persist.camera.acat_debug"
06-06 07:40:48.601 28473 28593 W libc : Access denied finding property "persist.camera.acat_firefly_on"
06-06 07:40:48.601 28473 28593 W libc : Access denied finding property "persist.camera.acat_fsc_on"
06-06 07:40:48.601 28473 28593 W libc : Access denied finding property "persist.camera.acat_cpu_warp"
06-06 07:40:48.601 28473 28593 W libc : Access denied finding property "persist.camera.acat_force_fd"
06-06 07:40:48.601 28473 28593 W libc : Access denied finding property "persist.camera.acat_lc_only"
06-06 07:40:48.601 28473 28593 W libc : Access denied finding property "persist.camera.acat_use_mask"
06-06 07:40:48.699 28473 28593 W libc : Access denied finding property "persist.camera.jpeg_data_rotation"
06-06 07:40:49.248 28473 28505 E libgcam : [pipeline_manager.cc:821]: LimitShotCpuUsage: LimitShotCpuUsage() called with invalid shot_id 4
06-06 07:40:49.595 28473 28482 I eCameraEngR13F2: Background young concurrent copying GC freed 111346(4356KB) AllocSpace objects, 17(5044KB) LOS objects, 0% free, 485MB/485MB, paused 2.263ms,137us total 132.646ms
06-06 07:40:49.630 28473 28473 W WindowOnBackDispatcher: sendCancelIfRunning: isInProgress=falsecallback=android.view.ViewRootImpl$$ExternalSyntheticLambda17@43c814
06-06 07:40:49.695 28473 28482 W eCameraEngR13F2: Cleared Reference was only reachable from finalizer (only reported once)
06-06 07:40:49.719 28473 28482 I eCameraEngR13F2: Background concurrent copying GC freed 16379(815KB) AllocSpace objects, 25(273MB) LOS objects, 31% free, 211MB/307MB, paused 186us,47us total 113.646ms
06-06 07:40:49.821 28473 28473 W CAM_A : Placeholder drawable removed: key=ShotId-4 evicted=false
06-06 07:41:12.884 28473 28507 W libc : Access denied finding property "persist.camera.enable_sideline"
06-06 07:41:12.886 28473 28507 D CameraManager2: GotArray:0
06-06 07:41:12.886 28473 28507 D CameraManager2: GotArray:1
06-06 07:41:12.887 28473 28509 D CameraManager2: GotArray:0
06-06 07:41:12.887 28473 28509 D CameraManager2: GotArray:1
06-06 07:41:12.887 28473 28509 W libc : Access denied finding property "persist.camera.enable_zebras"
06-06 07:41:12.888 28473 28509 W libc : Access denied finding property "persist.camera.launch_vfe"
06-06 07:41:12.888 28473 28509 W libc : Access denied finding property "persist.camera.viewfinder_effect_disabled_photo"
06-06 07:41:12.888 28473 28509 W libc : Access denied finding property "persist.camera.front.translucentSelfieIllumination"
06-06 07:41:12.888 28473 28509 W libc : Access denied finding property "persist.camera.front.viewfinderIlluminationColor"
06-06 07:41:12.889 28473 28509 D CameraManager2: GotArray:0
06-06 07:41:12.889 28473 28509 D CameraManager2: GotArray:1
06-06 07:41:12.889 28473 28509 D CameraManager2: GotArray:0
06-06 07:41:12.889 28473 28509 D CameraManager2: GotArray:1
06-06 07:41:12.890 28473 28509 W libc : Access denied finding property "persist.camera.lasagna"
06-06 07:41:12.891 28473 28509 D CameraManager2: GotArray:0
06-06 07:41:12.891 28473 28509 D CameraManager2: GotArray:1
06-06 07:41:12.891 28473 28509 W libc : Access denied finding property "persist.camera.p21_front_setup"
06-06 07:41:12.893 28473 28507 W libc : Access denied finding property "persist.camera.enable_coach"
06-06 07:41:12.893 28473 28507 W libc : Access denied finding property "persist.camera.coach.scene_detection"
06-06 07:41:12.893 28473 28507 W libc : Access denied finding property "persist.camera.enable_coach"
06-06 07:41:12.893 28473 28507 W libc : Access denied finding property "persist.camera.coach.content_detection"
06-06 07:41:12.899 28473 28509 W libc : Access denied finding property "persist.camera.pck_large_yuv"
06-06 07:41:12.899 28473 28509 W libc : Access denied finding property "persist.camera.gpu_sampled_image"
06-06 07:41:12.901 28473 28509 W libc : Access denied finding property "persist.camera.enable_micro"
06-06 07:41:12.901 28473 28509 W libc : Access denied finding property "persist.camera.enable_hw_buff_uflag"
06-06 07:41:12.901 28473 28509 W libc : Access denied finding property "persist.camera.ddepth_rear"
06-06 07:41:12.902 28473 28509 W libc : Access denied finding property "persist.camera.3a_stats_log"
06-06 07:41:12.902 28473 28509 W libc : Access denied finding property "persist.camera.familiar_faces_awb"
06-06 07:41:12.902 28473 28509 W libc : Access denied finding property "persist.camera.falcon_enabled"
06-06 07:41:12.903 28473 28509 W libc : Access denied finding property "persist.camera.falcon_enabled"
06-06 07:41:12.904 28473 28473 W libc : Access denied finding property "persist.camera.optbar.icons_on_closed_menu"
06-06 07:41:12.914 28473 28509 W libc : Access denied finding property "persist.camera.3a_stats_log"
06-06 07:41:12.914 28473 28509 W libc : Access denied finding property "persist.camera.p20_lens_setup"
06-06 07:41:12.914 28473 28509 W libc : Access denied finding property "persist.camera.enable_hound"
06-06 07:41:12.914 28473 28509 W libc : Access denied finding property "persist.camera.hdr_plus_torch_thermal_throttling"
06-06 07:41:12.914 28473 28509 W libc : Access denied finding property "persist.camera.cuttle.motion_metadata"
06-06 07:41:12.914 28473 28509 W libc : Access denied finding property "persist.camera.shasta_zsl.max_exptime_ms"
06-06 07:41:12.915 28473 28509 W libc : Access denied finding property "persist.camera.ddepth_rear"
06-06 07:41:12.915 28473 28509 W libc : Access denied finding property "persist.camera.falcon_enabled"
06-06 07:41:12.915 28473 28509 W libc : Access denied finding property "persist.camera.catshark_enabled.RESTART"
06-06 07:41:12.915 28473 28509 W libc : Access denied finding property "persist.camera.disable_hdrplus_postview"
06-06 07:41:12.915 28473 28509 W libc : Access denied finding property "persist.camera.cuttle.motion_metadata"
06-06 07:41:12.915 28473 28509 W libc : Access denied finding property "persist.camera.catshark_enabled.RESTART"
06-06 07:41:12.915 28473 28509 W libc : Access denied finding property "persist.camera.enable_zebras"
06-06 07:41:12.915 28473 28509 W libc : Access denied finding property "persist.camera.fc_extraction"
06-06 07:41:12.916 28473 28509 W libc : Access denied finding property "persist.camera.p20_lens_setup"
06-06 07:41:12.916 28473 28505 W libc : Access denied finding property "persist.camera.shasta_zsl.max_exptime_ms"
06-06 07:41:12.916 28473 28509 W libc : Access denied finding property "persist.camera.first_preview_frame"
06-06 07:41:12.916 28473 28509 W libc : Access denied finding property "persist.camera.falcon_enabled"
06-06 07:41:12.916 28473 28509 W libc : Access denied finding property "persist.camera.chameleon.enabled"
06-06 07:41:12.917 28473 28509 W libc : Access denied finding property "persist.camera.disable_hdrplus_postview"
06-06 07:41:12.917 28473 28509 W libc : Access denied finding property "persist.camera.artemis_idx"
06-06 07:41:12.918 28473 28509 W libc : Access denied finding property "persist.camera.p20_lens_setup"
06-06 07:41:12.919 28473 28509 W libc : Access denied finding property "persist.camera.3a_stats_log"
06-06 07:41:12.919 28473 28509 W libc : Access denied finding property "persist.camera.familiar_faces_awb"
06-06 07:41:12.919 28473 28509 W libc : Access denied finding property "persist.camera.falcon_enabled"
06-06 07:41:12.920 28473 28509 W libc : Access denied finding property "persist.camera.enable_hound"
06-06 07:41:12.921 28473 28509 W CAM_A : UI view not yet initialized
06-06 07:41:12.921 28473 28509 W libc : Access denied finding property "persist.camera.disable_hdrplus_postview"
06-06 07:41:12.921 28473 28509 W libc : Access denied finding property "persist.camera.mts_4k"
06-06 07:41:12.922 28473 28509 W libc : Access denied finding property "persist.camera.falcon_enabled"
06-06 07:41:12.922 28473 28509 W libc : Access denied finding property "persist.camera.auto_timer_enabled"
06-06 07:41:12.922 28473 28495 W libc : Access denied finding property "persist.camera.catshark_enabled.RESTART"
06-06 07:41:12.922 28473 28509 W libc : Access denied finding property "persist.camera.shasta_zsl"
06-06 07:41:12.922 28473 28505 W libc : Access denied finding property "persist.camera.fc_extraction"
06-06 07:41:12.923 28473 28495 W libc : Access denied finding property "persist.camera.shasta_zsl"
06-06 07:41:12.923 28473 28495 W libc : Access denied finding property "persist.camera.pck_large_yuv"
06-06 07:41:12.923 28473 28509 W libc : Access denied finding property "persist.camera.hal_capture_status"
06-06 07:41:12.923 28473 28509 W libc : Access denied finding property "persist.camera.p20_lens_setup"
06-06 07:41:12.923 28473 28509 W libc : Access denied finding property "persist.camera.falcon_enabled"
06-06 07:41:12.923 28473 28495 W libc : Access denied finding property "persist.camera.falcon_enabled"
06-06 07:41:12.923 28473 28495 W libc : Access denied finding property "persist.camera.falcon_enabled"
06-06 07:41:12.923 28473 28495 W libc : Access denied finding property "persist.camera.3a.debug_meta"
06-06 07:41:12.924 28473 28495 W libc : Access denied finding property "persist.camera.pck_large_yuv"
06-06 07:41:12.924 28473 28495 W libc : Access denied finding property "persist.camera.pck_large_yuv"
06-06 07:41:12.924 28473 28495 W libc : Access denied finding property "persist.camera.cuttle.enable_timeout"
06-06 07:41:12.924 28473 28495 W libc : Access denied finding property "persist.camera.cuttle.custom_timeout_ms"
06-06 07:41:12.924 28473 28495 W libc : Access denied finding property "persist.camera.psaf_skip_af_lock_chk"
06-06 07:41:12.925 28473 28495 W libc : Access denied finding property "persist.camera.catshark_enabled.RESTART"
06-06 07:41:12.925 28473 28495 W libc : Access denied finding property "persist.camera.kepler_enabled"
06-06 07:41:12.925 28473 28495 W libc : Access denied finding property "persist.camera.cuttle.extended_iterable_burst"
06-06 07:41:12.925 28473 28495 W libc : Access denied finding property "persist.camera.shasta_zsl"
06-06 07:41:12.925 28473 28495 W libc : Access denied finding property "persist.camera.cuttle.fastaf"
06-06 07:41:12.925 28473 28495 W libc : Access denied finding property "persist.camera.cuttle.extended_iterable_burst"
06-06 07:41:12.926 28473 28495 W libc : Access denied finding property "persist.camera.catshark_enabled.RESTART"
06-06 07:41:12.926 28473 28495 W libc : Access denied finding property "persist.camera.enable_cuttlef"
06-06 07:41:12.994 28473 28473 I DeezNuts: MSG: SLIDER 1 FOCUS: 1.0E-4
06-06 07:41:12.994 28473 28473 I ProReC : setprogres0
06-06 07:41:12.995 28473 28473 I DeezNuts: MSG: SLIDER 0 IDX: 0
06-06 07:41:12.995 28473 28473 I ProReC : setprogres_iso0
06-06 07:41:12.995 28473 28473 I za.defcomk.prorec.cust2.RotSeek: setprogres_iso0
06-06 07:41:13.025 28473 28473 W libc : Access denied finding property "persist.camera.cutout_trial_size"
06-06 07:41:13.026 28473 28473 W libc : Access denied finding property "persist.camera.cutout_trial_size"
06-06 07:41:13.033 28473 28507 W libc : Access denied finding property "persist.camera.launch_vfe"
06-06 07:41:13.034 28473 28507 W libc : Access denied finding property "persist.camera.toggle_zoom_bar"
06-06 07:41:13.038 28473 28507 W libc : Access denied finding property "persist.camera.allow_fine_haptics"
06-06 07:41:13.039 28473 28507 W libc : Access denied finding property "persist.camera.catshark_enabled.RESTART"
06-06 07:41:13.039 28473 28507 W libc : Access denied finding property "persist.camera.catshark_enabled.RESTART"
06-06 07:41:13.040 28473 28507 W libc : Access denied finding property "persist.camera.manual_focus_infinity"
06-06 07:41:13.040 28473 28507 W libc : Access denied finding property "persist.camera.toggle_zoom_bar"
06-06 07:41:13.041 28473 28507 W libc : Access denied finding property "persist.camera.p21_front_setup"
06-06 07:41:13.043 28473 28473 W libc : Access denied finding property "persist.camera.logger_throttle_millis"
06-06 07:41:13.046 28473 28541 W Parcel : Expecting binder but got null!
06-06 07:41:13.062 28473 29493 W CAM_SimpleReqProcessor: Failed to add Stream-9 to CaptureRequest for Request-181. The surface (null) was not valid.
06-06 07:41:13.066 28473 29493 W CAM_SimpleReqProcessor: Failed to add Stream-9 to CaptureRequest for Request-182. The surface (null) was not valid.
06-06 07:41:13.079 28473 28507 W libc : Access denied finding property "persist.camera.gouda.firefly_enabled"
06-06 07:41:13.079 28473 28507 W libc : Access denied finding property "persist.camera.cuttleface_edu"
06-06 07:41:13.079 28473 28507 W libc : Access denied finding property "persist.camera.chameleon.enabled"
06-06 07:41:13.079 28473 28507 W libc : Access denied finding property "persist.camera.optbar.icons_on_closed_menu"
06-06 07:41:13.080 28473 28507 W libc : Access denied finding property "persist.camera.auto_timer_enabled"
06-06 07:41:13.080 28473 28507 W libc : Access denied finding property "persist.camera.hdr_plus_torch_thermal_throttling"
06-06 07:41:13.080 28473 28507 W libc : Access denied finding property "persist.camera.micro_longp_help"
06-06 07:41:13.080 28473 28507 W libc : Access denied finding property "persist.camera.longp_zoom_lock"
06-06 07:41:13.082 28473 28507 W libc : Access denied finding property "persist.camera.longp_topshot_indicator"
06-06 07:41:13.082 28473 28507 W libc : Access denied finding property "persist.camera.longp_top_shot_animation"
