06-06 07:41:13.083 28473 28507 W libc : Access denied finding property "persist.camera.lasagna"
06-06 07:41:13.083 28473 28507 W libc : Access denied finding property "persist.camera.micro_longp_slide"
06-06 07:41:13.083 28473 28507 W libc : Access denied finding property "persist.camera.longp_zoom_lock"
06-06 07:41:13.083 28473 28507 W libc : Access denied finding property "persist.camera.chameleon.enabled"
06-06 07:41:13.083 28473 28507 D CameraManager2: GotArray:0
06-06 07:41:13.084 28473 28507 D CameraManager2: GotArray:1
06-06 07:41:13.084 28473 28507 W libc : Access denied finding property "persist.camera.enable_cheetah"
06-06 07:41:13.084 28473 28507 W libc : Access denied finding property "persist.camera.lasagna_options"
06-06 07:41:13.087 28473 28507 W libc : Access denied finding property "persist.camera.catshark_enabled.RESTART"
06-06 07:41:13.087 28473 28507 W libc : Access denied finding property "persist.camera.coach.horizon_no_face"
06-06 07:41:13.087 28473 28507 W libc : Access denied finding property "persist.camera.coach.fast_up_down"
06-06 07:41:13.087 28473 28507 W libc : Access denied finding property "persist.camera.coach.fast_up_down"
06-06 07:41:13.087 28473 28507 W libc : Access denied finding property "persist.camera.coach.selfie_angle"
06-06 07:41:13.088 28473 28507 W libc : Access denied finding property "persist.camera.coach.selfie_bottom_sheet"
06-06 07:41:13.088 28473 28507 W libc : Access denied finding property "persist.camera.coach.long_lock"
06-06 07:41:13.088 28473 28507 W libc : Access denied finding property "persist.camera.coach.hint_ns"
06-06 07:41:13.088 28473 28507 W libc : Access denied finding property "persist.camera.chameleon.enabled"
06-06 07:41:13.094 28473 28473 W libc : Access denied finding property "persist.camera.optbar.standalone_settings_button"
06-06 07:41:13.094 28473 28473 W libc : Access denied finding property "persist.camera.optbar.standalone_settings_button"
06-06 07:41:13.094 28473 28473 W libc : Access denied finding property "persist.camera.catshark_enabled.RESTART"
06-06 07:41:13.096 28473 28473 W libc : Access denied finding property "persist.camera.use_video_resolution_option"
06-06 07:41:13.101 28473 28473 W libc : Access denied finding property "persist.camera.manual_focus_enabled"
06-06 07:41:13.103 28473 28473 W libc : Access denied finding property "persist.camera.hdr_plus_torch_thermal_throttling"
06-06 07:41:13.103 28473 28473 W libc : Access denied finding property "persist.camera.catshark_enabled.RESTART"
06-06 07:41:13.103 28473 28473 W libc : Access denied finding property "persist.camera.optbar.standalone_settings_button"
06-06 07:41:13.103 28473 28473 D CameraManager2: GotArray:0
06-06 07:41:13.103 28473 28473 D CameraManager2: GotArray:1
06-06 07:41:13.104 28473 28473 W libc : Access denied finding property "persist.camera.p21_front_setup"
06-06 07:41:13.104 28473 28473 D CameraManager2: GotArray:0
06-06 07:41:13.104 28473 28473 D CameraManager2: GotArray:1
06-06 07:41:13.104 28473 28473 W libc : Access denied finding property "persist.camera.p21_front_setup"
06-06 07:41:13.105 28473 28473 D CameraManager2: GotArray:0
06-06 07:41:13.105 28473 28473 D CameraManager2: GotArray:1
06-06 07:41:13.105 28473 28473 W libc : Access denied finding property "persist.camera.p21_front_setup"
06-06 07:41:13.106 28473 28473 D CameraManager2: GotArray:0
06-06 07:41:13.106 28473 28473 D CameraManager2: GotArray:1
06-06 07:41:13.106 28473 28473 W libc : Access denied finding property "persist.camera.p21_front_setup"
06-06 07:41:13.107 28473 28473 W libc : Access denied finding property "persist.camera.micro_bottom_sheet"
06-06 07:41:13.107 28473 28473 W libc : Access denied finding property "persist.camera.vesper_bottomsheet"
06-06 07:41:13.107 28473 28473 W libc : Access denied finding property "persist.camera.auto_timer_enabled"
06-06 07:41:13.112 28473 28473 W libc : Access denied finding property "persist.camera.coach.long_lock_sens"
06-06 07:41:13.112 28473 28473 W libc : Access denied finding property "persist.camera.coach.hint_pr_spirit"
06-06 07:41:13.112 28473 28473 W libc : Access denied finding property "persist.camera.sparrow"
06-06 07:41:13.113 28473 28473 W libc : Access denied finding property "persist.camera.front.translucentSelfieIllumination"
06-06 07:41:13.113 28473 28473 W libc : Access denied finding property "persist.camera.front.backgroundIlluminationColor"
06-06 07:41:13.121 28473 28473 W libc : Access denied finding property "persist.camera.toggle_zoom_bar"
06-06 07:41:13.121 28473 28473 D CameraManager2: GotArray:0
06-06 07:41:13.121 28473 28473 D CameraManager2: GotArray:1
06-06 07:41:13.126 28473 28473 W libc : Access denied finding property "persist.camera.longp_topshot_indicator"
06-06 07:41:13.126 28473 28473 W libc : Access denied finding property "persist.camera.toggle_zoom_bar"
06-06 07:41:13.127 28473 28473 W libc : Access denied finding property "persist.camera.p20_lens_setup"
06-06 07:41:13.127 28473 28473 W libc : Access denied finding property "persist.camera.p20_lens_setup"
06-06 07:41:13.127 28473 28473 W libc : Access denied finding property "persist.camera.p20_lens_setup"
06-06 07:41:13.127 28473 28473 W libc : Access denied finding property "persist.camera.p20_lens_setup"
06-06 07:41:13.127 28473 28473 W libc : Access denied finding property "persist.camera.p20_lens_setup"
06-06 07:41:13.127 28473 28473 W libc : Access denied finding property "persist.camera.p20_lens_setup"
06-06 07:41:13.127 28473 28473 W libc : Access denied finding property "persist.camera.p20_lens_setup"
06-06 07:41:13.127 28473 28473 W libc : Access denied finding property "persist.camera.p20_lens_setup"
06-06 07:41:13.127 28473 28473 W libc : Access denied finding property "persist.camera.p20_lens_setup"
06-06 07:41:13.127 28473 28473 W libc : Access denied finding property "persist.camera.p20_lens_setup"
06-06 07:41:13.128 28473 28473 W libc : Access denied finding property "persist.camera.p20_lens_setup"
06-06 07:41:13.128 28473 28473 W libc : Access denied finding property "persist.camera.p20_lens_setup"
06-06 07:41:13.128 28473 28473 W libc : Access denied finding property "persist.camera.p20_lens_setup"
06-06 07:41:13.128 28473 28473 W libc : Access denied finding property "persist.camera.p20_lens_setup"
06-06 07:41:13.128 28473 28473 W libc : Access denied finding property "persist.camera.p20_lens_setup"
06-06 07:41:13.128 28473 28473 W libc : Access denied finding property "persist.camera.p20_lens_setup"
06-06 07:41:13.128 28473 28473 W libc : Access denied finding property "persist.camera.p20_lens_setup"
06-06 07:41:13.128 28473 28473 W libc : Access denied finding property "persist.camera.p20_lens_setup"
06-06 07:41:13.129 28473 29497 W CAM_SimpleReqProcessor: Failed to add Stream-9 to CaptureRequest for Request-183. The surface (null) was not valid.
06-06 07:41:13.130 28473 29497 W CAM_SimpleReqProcessor: Failed to add Stream-9 to CaptureRequest for Request-184. The surface (null) was not valid.
06-06 07:41:13.135 28473 28473 W libc : Access denied finding property "persist.camera.toggle_zoom_bar"
06-06 07:41:13.135 28473 28473 W libc : Access denied finding property "persist.camera.p20_lens_setup"
06-06 07:41:13.135 28473 28473 W libc : Access denied finding property "persist.camera.p20_lens_setup"
06-06 07:41:13.135 28473 28473 W libc : Access denied finding property "persist.camera.p20_lens_setup"
06-06 07:41:13.135 28473 28473 W libc : Access denied finding property "persist.camera.p20_lens_setup"
06-06 07:41:13.135 28473 28473 W libc : Access denied finding property "persist.camera.p20_lens_setup"
06-06 07:41:13.135 28473 28473 W libc : Access denied finding property "persist.camera.p20_lens_setup"
06-06 07:41:13.135 28473 28473 W libc : Access denied finding property "persist.camera.p20_lens_setup"
06-06 07:41:13.135 28473 28473 W libc : Access denied finding property "persist.camera.p20_lens_setup"
06-06 07:41:13.136 28473 28473 W libc : Access denied finding property "persist.camera.p20_lens_setup"
06-06 07:41:13.136 28473 28473 W libc : Access denied finding property "persist.camera.p20_lens_setup"
06-06 07:41:13.136 28473 28473 W libc : Access denied finding property "persist.camera.p20_lens_setup"
06-06 07:41:13.136 28473 28473 W libc : Access denied finding property "persist.camera.p20_lens_setup"
06-06 07:41:13.136 28473 28473 W libc : Access denied finding property "persist.camera.p20_lens_setup"
06-06 07:41:13.136 28473 28473 W libc : Access denied finding property "persist.camera.p20_lens_setup"
06-06 07:41:13.136 28473 28473 W libc : Access denied finding property "persist.camera.p20_lens_setup"
06-06 07:41:13.136 28473 28473 W libc : Access denied finding property "persist.camera.p20_lens_setup"
06-06 07:41:13.136 28473 28473 W libc : Access denied finding property "persist.camera.p20_lens_setup"
06-06 07:41:13.137 28473 28473 D CameraManager2: GotArray:0
06-06 07:41:13.137 28473 28473 D CameraManager2: GotArray:1
06-06 07:41:13.137 28473 28473 D CameraManager2: GotArray:0
06-06 07:41:13.137 28473 28473 D CameraManager2: GotArray:1
06-06 07:41:13.137 28473 28473 W libc : Access denied finding property "persist.camera.gouda.max_zoom_override"
06-06 07:41:13.137 28473 28473 W libc : Access denied finding property "persist.camera.p20_lens_setup"
06-06 07:41:13.137 28473 28473 W libc : Access denied finding property "persist.camera.p20_lens_setup"
06-06 07:41:13.138 28473 28473 W libc : Access denied finding property "persist.camera.p20_lens_setup"
06-06 07:41:13.138 28473 28473 W libc : Access denied finding property "persist.camera.p20_lens_setup"
06-06 07:41:13.138 28473 28473 W libc : Access denied finding property "persist.camera.p20_lens_setup"
06-06 07:41:13.138 28473 28473 W libc : Access denied finding property "persist.camera.p20_lens_setup"
06-06 07:41:13.138 28473 28473 W libc : Access denied finding property "persist.camera.p20_lens_setup"
06-06 07:41:13.138 28473 28473 D CameraManager2: GotArray:0
06-06 07:41:13.138 28473 28473 D CameraManager2: GotArray:1
06-06 07:41:13.139 28473 28473 D CameraManager2: GotArray:0
06-06 07:41:13.139 28473 28473 D CameraManager2: GotArray:1
06-06 07:41:13.139 28473 28473 W libc : Access denied finding property "persist.camera.toggle_zoom_bar"
06-06 07:41:13.141 28473 28473 W libc : Access denied finding property "persist.camera.chameleon.enabled"
06-06 07:41:13.142 28473 28473 W libc : Access denied finding property "persist.camera.hdr_plus_torch_thermal_throttling"
06-06 07:41:13.143 28473 28473 W CAM_A : ModeSwitcher WAS ALREADY ENABLED!
06-06 07:41:13.143 28473 28473 W libc : Access denied finding property "persist.camera.catshark_enabled.RESTART"
06-06 07:41:13.144 28473 28473 D CameraManager2: GotArray:0
06-06 07:41:13.144 28473 28473 D CameraManager2: GotArray:1
06-06 07:41:13.144 28473 28473 D CameraManager2: GotArray:0
06-06 07:41:13.144 28473 28473 D CameraManager2: GotArray:1
06-06 07:41:13.145 28473 28473 W libc : Access denied finding property "persist.camera.gouda.max_zoom_override"
06-06 07:41:13.145 28473 28473 W libc : Access denied finding property "persist.camera.p20_lens_setup"
06-06 07:41:13.145 28473 28473 W libc : Access denied finding property "persist.camera.p20_lens_setup"
06-06 07:41:13.145 28473 28473 W libc : Access denied finding property "persist.camera.p20_lens_setup"
06-06 07:41:13.145 28473 28473 W libc : Access denied finding property "persist.camera.p20_lens_setup"
06-06 07:41:13.145 28473 28473 W libc : Access denied finding property "persist.camera.p20_lens_setup"
06-06 07:41:13.145 28473 28473 W libc : Access denied finding property "persist.camera.p20_lens_setup"
06-06 07:41:13.145 28473 28473 W libc : Access denied finding property "persist.camera.p20_lens_setup"
06-06 07:41:13.145 28473 28473 D CameraManager2: GotArray:0
06-06 07:41:13.146 28473 28473 D CameraManager2: GotArray:1
06-06 07:41:13.146 28473 28473 W libc : Access denied finding property "persist.camera.p21_front_setup"
06-06 07:41:13.146 28473 28473 W libc : Access denied finding property "persist.camera.p20_lens_setup"
06-06 07:41:13.146 28473 28473 W libc : Access denied finding property "persist.camera.p20_lens_setup"
06-06 07:41:13.147 28473 28473 W libc : Access denied finding property "persist.camera.p20_lens_setup"
06-06 07:41:13.147 28473 28473 W libc : Access denied finding property "persist.camera.p20_lens_setup"
06-06 07:41:13.147 28473 28473 W libc : Access denied finding property "persist.camera.p20_lens_setup"
06-06 07:41:13.147 28473 28473 W libc : Access denied finding property "persist.camera.p20_lens_setup"
06-06 07:41:13.147 28473 28473 W libc : Access denied finding property "persist.camera.p20_lens_setup"
06-06 07:41:13.147 28473 28473 W libc : Access denied finding property "persist.camera.catshark_enabled.RESTART"
06-06 07:41:13.153 28473 28473 W libc : Access denied finding property "persist.camera.cutout_display"
06-06 07:41:13.154 28473 29497 W CAM_SimpleReqProcessor: Failed to add Stream-9 to CaptureRequest for Request-185. The surface (null) was not valid.
06-06 07:41:13.156 28473 29497 W CAM_SimpleReqProcessor: Failed to add Stream-9 to CaptureRequest for Request-186. The surface (null) was not valid.
06-06 07:41:13.161 28473 28473 W libc : Access denied finding property "persist.camera.cutout_display"
06-06 07:41:13.161 28473 28473 W libc : Access denied finding property "persist.camera.optbar.icons_on_closed_menu"
06-06 07:41:13.163 28473 28473 W libc : Access denied finding property "persist.camera.cutout_trial_size"
06-06 07:41:13.167 28473 28473 W libc : Access denied finding property "persist.camera.cutout_display"
06-06 07:41:13.168 28473 28473 W libc : Access denied finding property "persist.camera.cutout_trial_size"
06-06 07:41:13.173 28473 28473 I DeezNuts: MSG: SLIDER 1 FOCUS: 1.0E-4
06-06 07:41:13.173 28473 28473 I ProReC : setprogres0
06-06 07:41:13.173 28473 28473 I DeezNuts: MSG: SLIDER 0 IDX: 0
06-06 07:41:13.173 28473 28473 I ProReC : setprogres_iso0
06-06 07:41:13.173 28473 28473 I za.defcomk.prorec.cust2.RotSeek: setprogres_iso0
06-06 07:41:13.174 28473 28473 W View : requestLayout() improperly called by com.google.android.material.button.MaterialButton{83e12be VFED..C.. ......I. 0,0-0,0 #7f0b000b app:id/AuxButtonMain} during layout: running second layout pass
06-06 07:41:13.174 28473 28473 W libc : Access denied finding property "persist.camera.cutout_display"
06-06 07:41:13.180 28473 28473 W libc : Access denied finding property "persist.camera.cutout_trial_size"
06-06 07:41:13.223 28473 28497 E OpenGLRenderer: Unable to match the desired swap behavior.
06-06 07:41:13.270 28473 29492 W CAM_A : PHOTO > abs Δ(result sensor timestamp) = 25932,65 ms > 70,00 ms
06-06 07:41:13.270 28473 28505 W libc : Access denied finding property "persist.camera.familiar_faces_v2"
06-06 07:41:13.270 28473 29492 W CAM_A : PHOTO > rel Δ(result sensor timestamp) = 774,63 > 0,25
06-06 07:41:13.271 28473 28505 W libc : Access denied finding property "persist.camera.mts_accel_faces_back"
06-06 07:41:13.271 28473 29492 W CAM_A : PHOTO > result sensor delay = 777,98 > 1,10
06-06 07:41:13.271 28473 28505 W libc : Access denied finding property "persist.camera.mts_accel_action_back"
06-06 07:41:13.271 28473 28505 W libc : Access denied finding property "persist.camera.mts_smartcapturenet_2"
06-06 07:41:13.271 28473 28505 W libc : Access denied finding property "persist.camera.mts_pose_and_pet"
06-06 07:41:13.271 28473 28505 W libc : Access denied finding property "persist.camera.mts_pose"
06-06 07:41:13.271 28473 28505 W libc : Access denied finding property "persist.camera.mts_sc_accel_tpu"
06-06 07:41:13.271 28473 29492 W libc : Access denied finding property "persist.camera.dualev.limitUltrawide"
06-06 07:41:13.279 28473 28505 I tflite : Replacing 5 node(s) with delegate (TfLiteXNNPackDelegate) node, yielding 1 partitions.
06-06 07:41:13.281 28473 28582 E GoLog : INFO: Replacing 5 node(s) with delegate (TfLiteXNNPackDelegate) node, yielding 1 partitions.
06-06 07:41:13.281 28473 28505 I acceleration: ModifyGraphWithDelegate model namespace: unknown_namespace model id: unknown_model_id accelerator name: NNAPI:
06-06 07:41:13.285 28473 28505 I tflite : Replacing 97 node(s) with delegate (TfLiteNnapiDelegate) node, yielding 1 partitions.
06-06 07:41:13.285 28473 28582 E GoLog : INFO: Replacing 97 node(s) with delegate (TfLiteNnapiDelegate) node, yielding 1 partitions.
06-06 07:41:13.286 28473 29544 E native : E0606 07:41:13.286435 29544 resource_util_android.cc:65] generic::internal: RET_CHECK failure (third_party/mediapipe/util/resource_util_android.cc:65) Singleton<AssetManager>::get()->ReadFile(path, output) could not read asset: research/vision/loco/video/models/siamese_fcpp/mobile/model_21086792_30/siamese_fe.tflite
06-06 07:41:13.286 28473 29544 E native : Stack trace:
06-06 07:41:13.286 28473 29544 E native : 06-06 07:41:13.286 28473 29544 E native : E0606 07:41:13.286498 29544 asset_manager_util.cc:166] generic::internal: RET_CHECK failure (third_party/mediapipe/util/android/asset_manager_util.cc:166) ReadFile(asset_path, &asset_data) could not read asset: research/vision/loco/video/models/siamese_fcpp/mobile/model_21086792_30/siamese_fe.tflite
06-06 07:41:13.286 28473 29544 E native : Stack trace:
06-06 07:41:13.286 28473 29544 E native : 06-06 07:41:13.286 28473 28582 E GoLog : E0606 07:41:13.286435 29544 resource_util_android.cc:65] generic::internal: RET_CHECK failure (third_party/mediapipe/util/resource_util_android.cc:65) Singleton<AssetManager>::get()->ReadFile(path, output) could not read asset: research/vision/loco/video/models/siamese_fcpp/mobile/model_21086792_30/siamese_fe.tflite
06-06 07:41:13.286 28473 28582 E GoLog : Stack trace:
06-06 07:41:13.286 28473 28582 E GoLog : 06-06 07:41:13.286 28473 28582 E GoLog : E0606 07:41:13.286498 29544 asset_manager_util.cc:166] generic::internal: RET_CHECK failure (third_party/mediapipe/util/android/asset_manager_util.cc:166) ReadFile(asset_path, &asset_data) could not read asset: research/vision/loco/video/models/siamese_fcpp/mobile/model_21086792_30/siamese_fe.tflite
06-06 07:41:13.286 28473 28582 E GoLog : Stack trace:
06-06 07:41:13.286 28473 28582 E GoLog : 06-06 07:41:13.290 28473 29492 W CAM_A : PHOTO > rel Δ(result sensor timestamp) = 1,00 > 0,25
06-06 07:41:13.290 28473 29492 W CAM_A : PHOTO > result sensor delay = 2,00 > 1,10
06-06 07:41:13.291 28473 29492 W libc : Access denied finding property "persist.camera.dualev.limitUltrawide"
06-06 07:41:13.293 28473 29544 I tflite : Replacing 26 node(s) with delegate (unknown) node, yielding 1 partitions.
06-06 07:41:13.293 28473 28582 E GoLog : INFO: Replacing 26 node(s) with delegate (unknown) node, yielding 1 partitions.
06-06 07:41:13.295 28473 29544 I tflite : Replacing 26 node(s) with delegate (unknown) node, yielding 1 partitions.
06-06 07:41:13.295 28473 28582 E GoLog : INFO: Replacing 26 node(s) with delegate (unknown) node, yielding 1 partitions.
06-06 07:41:13.331 28473 29493 W CAM_SurfaceMap: Surface(name=null)/@0xf19b61b is valid but deferred streams are not yet available for CaptureSession-3
06-06 07:41:13.331 28473 29493 W CAM_SimpleReqProcessor: Failed to add Stream-9 to CaptureRequest for Request-187. The surface is not yet available.
06-06 07:41:13.334 28473 28473 W libc : Access denied finding property "persist.camera.enable_hound"
06-06 07:41:13.335 28473 28473 D CameraManager2: GotArray:0
06-06 07:41:13.335 28473 28473 D CameraManager2: GotArray:1
06-06 07:41:13.337 28473 28473 W CAM_A : ModeSwitcher WAS ALREADY ENABLED!
06-06 07:41:13.338 28473 28495 E PhenotypeFlagCommitter: Retrieving snapshot for com.google.android.apps.camera#com.google.android.GoogleCameraEngR13F2 failed
06-06 07:41:13.338 28473 28495 E PhenotypeFlagCommitter: java.util.concurrent.ExecutionException: java.lang.SecurityException: GoogleCertificatesRslt: not allowed: pkg=com.google.android.GoogleCameraEngR13F2, sha256=[a40da80a59d170caa950cf15c18c454d47a39b26989d8b640ecd745ba71bf5dc], atk=false, ver=242213038.true (go/gsrlt)
06-06 07:41:13.338 28473 28495 E PhenotypeFlagCommitter: at mip.fb(Unknown Source:27)
06-06 07:41:13.338 28473 28495 E PhenotypeFlagCommitter: at mip.cd(Unknown Source:63)
06-06 07:41:13.338 28473 28495 E PhenotypeFlagCommitter: at kuc.c(Unknown Source:12)
06-06 07:41:13.338 28473 28495 E PhenotypeFlagCommitter: at kuc.e(Unknown Source:35)
06-06 07:41:13.338 28473 28495 E PhenotypeFlagCommitter: at kuc.b(Unknown Source:1)
06-06 07:41:13.338 28473 28495 E PhenotypeFlagCommitter: at gvh.a(Unknown Source:35)
06-06 07:41:13.338 28473 28495 E PhenotypeFlagCommitter: at gvj.run(Unknown Source:9)
06-06 07:41:13.338 28473 28495 E PhenotypeFlagCommitter: at law.run(Unknown Source:2)
06-06 07:41:13.338 28473 28495 E PhenotypeFlagCommitter: at java.util.concurrent.Executors$RunnableAdapter.call(Executors.java:487)
06-06 07:41:13.338 28473 28495 E PhenotypeFlagCommitter: at pio.a(Unknown Source:2)
06-06 07:41:13.338 28473 28495 E PhenotypeFlagCommitter: at phs.run(Unknown Source:20)
06-06 07:41:13.338 28473 28495 E PhenotypeFlagCommitter: at pip.run(Unknown Source:4)
06-06 07:41:13.338 28473 28495 E PhenotypeFlagCommitter: at java.util.concurrent.Executors$RunnableAdapter.call(Executors.java:487)
06-06 07:41:13.338 28473 28495 E PhenotypeFlagCommitter: at java.util.concurrent.FutureTask.run(FutureTask.java:264)
06-06 07:41:13.338 28473 28495 E PhenotypeFlagCommitter: at java.util.concurrent.ScheduledThreadPoolExecutor$ScheduledFutureTask.run(ScheduledThreadPoolExecutor.java:307)
06-06 07:41:13.338 28473 28495 E PhenotypeFlagCommitter: at lbh.run(Unknown Source:2)
06-06 07:41:13.338 28473 28495 E PhenotypeFlagCommitter: at lbg.run(Unknown Source:0)
06-06 07:41:13.338 28473 28495 E PhenotypeFlagCommitter: at java.util.concurrent.ThreadPoolExecutor.runWorker(ThreadPoolExecutor.java:1145)
06-06 07:41:13.338 28473 28495 E PhenotypeFlagCommitter: at java.util.concurrent.ThreadPoolExecutor$Worker.run(ThreadPoolExecutor.java:644)
06-06 07:41:13.338 28473 28495 E PhenotypeFlagCommitter: at java.lang.Thread.run(Thread.java:1012)
06-06 07:41:13.338 28473 28495 E PhenotypeFlagCommitter: at lab.run(Unknown Source:5)
06-06 07:41:13.338 28473 28495 E PhenotypeFlagCommitter: Caused by: java.lang.SecurityException: GoogleCertificatesRslt: not allowed: pkg=com.google.android.GoogleCameraEngR13F2, sha256=[a40da80a59d170caa950cf15c18c454d47a39b26989d8b640ecd745ba71bf5dc], atk=false, ver=242213038.true (go/gsrlt)
06-06 07:41:13.338 28473 28495 E PhenotypeFlagCommitter: at android.os.Parcel.createExceptionOrNull(Parcel.java:3057)
06-06 07:41:13.338 28473 28495 E PhenotypeFlagCommitter: at android.os.Parcel.createException(Parcel.java:3041)
06-06 07:41:13.338 28473 28495 E PhenotypeFlagCommitter: at android.os.Parcel.readException(Parcel.java:3024)
06-06 07:41:13.338 28473 28495 E PhenotypeFlagCommitter: at android.os.Parcel.readException(Parcel.java:2966)
06-06 07:41:13.338 28473 28495 E PhenotypeFlagCommitter: at bmn.z(Unknown Source:10)
06-06 07:41:13.338 28473 28495 E PhenotypeFlagCommitter: at ktz.a(Unknown Source:38)
06-06 07:41:13.338 28473 28495 E PhenotypeFlagCommitter: at kjd.f(Unknown Source:10)
06-06 07:41:13.338 28473 28495 E PhenotypeFlagCommitter: at kkc.t(Unknown Source:9)
06-06 07:41:13.338 28473 28495 E PhenotypeFlagCommitter: at kkc.u(Unknown Source:22)
06-06 07:41:13.338 28473 28495 E PhenotypeFlagCommitter: at kkc.g(Unknown Source:29)
06-06 07:41:13.338 28473 28495 E PhenotypeFlagCommitter: at kkc.h(Unknown Source:76)
06-06 07:41:13.338 28473 28495 E PhenotypeFlagCommitter: at kkc.b(Unknown Source:14)
06-06 07:41:13.338 28473 28495 E PhenotypeFlagCommitter: at klz.c(Unknown Source:114)
06-06 07:41:13.338 28473 28495 E PhenotypeFlagCommitter: at klt.d(Unknown Source:6)
06-06 07:41:13.338 28473 28495 E PhenotypeFlagCommitter: at klu.handleMessage(Unknown Source:307)
06-06 07:41:13.338 28473 28495 E PhenotypeFlagCommitter: at android.os.Handler.dispatchMessage(Handler.java:106)
06-06 07:41:13.338 28473 28495 E PhenotypeFlagCommitter: at ksg.b(Unknown Source:0)
06-06 07:41:13.338 28473 28495 E PhenotypeFlagCommitter: at ksg.dispatchMessage(Unknown Source:0)
06-06 07:41:13.338 28473 28495 E PhenotypeFlagCommitter: at android.os.Looper.loopOnce(Looper.java:205)
06-06 07:41:13.338 28473 28495 E PhenotypeFlagCommitter: at android.os.Looper.loop(Looper.java:294)
06-06 07:41:13.338 28473 28495 E PhenotypeFlagCommitter: at android.os.HandlerThread.run(HandlerThread.java:67)
06-06 07:41:13.338 28473 28473 W libc : Access denied finding property "persist.camera.front_lens_indicator"
06-06 07:41:13.338 28473 29544 E native : E0606 07:41:13.338238 29544 resource_util_android.cc:65] generic::internal: RET_CHECK failure (third_party/mediapipe/util/resource_util_android.cc:65) Singleton<AssetManager>::get()->ReadFile(path, output) could not read asset: research/vision/loco/video/models/siamese_fcpp/mobile/model_21086792_30/siamese_end2end.tflite
06-06 07:41:13.338 28473 29544 E native : Stack trace:
06-06 07:41:13.338 28473 29544 E native : 06-06 07:41:13.338 28473 29544 E native : E0606 07:41:13.338296 29544 asset_manager_util.cc:166] generic::internal: RET_CHECK failure (third_party/mediapipe/util/android/asset_manager_util.cc:166) ReadFile(asset_path, &asset_data) could not read asset: research/vision/loco/video/models/siamese_fcpp/mobile/model_21086792_30/siamese_end2end.tflite
06-06 07:41:13.338 28473 29544 E native : Stack trace:
06-06 07:41:13.338 28473 29544 E native : 06-06 07:41:13.338 28473 28582 E GoLog : E0606 07:41:13.338238 29544 resource_util_android.cc:65] generic::internal: RET_CHECK failure (third_party/mediapipe/util/resource_util_android.cc:65) Singleton<AssetManager>::get()->ReadFile(path, output) could not read asset: research/vision/loco/video/models/siamese_fcpp/mobile/model_21086792_30/siamese_end2end.tflite
06-06 07:41:13.338 28473 28582 E GoLog : Stack trace:
06-06 07:41:13.338 28473 28582 E GoLog : 06-06 07:41:13.338 28473 28582 E GoLog : E0606 07:41:13.338296 29544 asset_manager_util.cc:166] generic::internal: RET_CHECK failure (third_party/mediapipe/util/android/asset_manager_util.cc:166) ReadFile(asset_path, &asset_data) could not read asset: research/vision/loco/video/models/siamese_fcpp/mobile/model_21086792_30/siamese_end2end.tflite
06-06 07:41:13.338 28473 28582 E GoLog : Stack trace:
06-06 07:41:13.338 28473 28582 E GoLog : 06-06 07:41:13.340 28473 28473 W libc : Access denied finding property "persist.camera.catshark_minibar_enabled"
06-06 07:41:13.347 28473 28473 W libc : Access denied finding property "persist.camera.skip_oobe"
06-06 07:41:13.347 28473 28473 W libc : Access denied finding property "persist.camera.cutout_display"
06-06 07:41:13.347 28473 28473 W libc : Access denied finding property "persist.camera.cutout_trial_size"
06-06 07:41:13.357 28473 28507 W libc : Access denied finding property "persist.camera.r_pending_vids"
06-06 07:41:13.358 28473 28507 W libc : Access denied finding property "persist.camera.auto_timer_enabled"
06-06 07:41:13.362 28473 28473 W libc : Access denied finding property "persist.camera.double_tap_launch_edu_enabled"
06-06 07:41:13.364 28473 29544 I tflite : Replacing 47 node(s) with delegate (unknown) node, yielding 1 partitions.
06-06 07:41:13.364 28473 28582 E GoLog : INFO: Replacing 47 node(s) with delegate (unknown) node, yielding 1 partitions.
06-06 07:41:13.366 28473 29553 W libc : Access denied finding property "persist.camera.micro_ls_cancel"
06-06 07:41:13.366 28473 29553 W libc : Access denied finding property "persist.camera.micro_ls_cthreshold"
06-06 07:41:13.367 28473 29553 W libc : Access denied finding property "persist.camera.longshot_xtra_frames"
06-06 07:41:13.367 28473 29553 W libc : Access denied finding property "persist.camera.mts_face_diversity"
06-06 07:41:13.367 28473 29553 W libc : Access denied finding property "persist.camera.mts_aesthetic_diversity"
06-06 07:41:13.368 28473 29553 W libc : Access denied finding property "persist.camera.mts_enable_nima_v2"
06-06 07:41:13.369 28473 29553 W libc : Access denied finding property "persist.camera.mts_full_color_range"
06-06 07:41:13.369 28473 29553 W libc : Access denied finding property "persist.camera.mts_gpu"
06-06 07:41:13.369 28473 29553 W libc : Access denied finding property "persist.camera.mts_func_encoder"
06-06 07:41:13.372 28473 28473 W libc : Access denied finding property "persist.camera.optbar.standalone_settings_button"
06-06 07:41:13.372 28473 28473 W libc : Access denied finding property "persist.camera.catshark_enabled.RESTART"
06-06 07:41:13.372 28473 28495 W CAM_A : Extractor (frame) of type feature.acmi.imu.frame-straightness depends on foreign type feature.acmi.imu.camera-orientation! Feature values may be calculated out of order!
06-06 07:41:13.373 28473 28495 W CAM_A : Extractor (frame) of type feature.acmi.imu.frame-straightness depends on foreign type feature.acmi.imu.camera-orientation! Feature values may be calculated out of order!
06-06 07:41:13.387 28473 29492 W CAM_A : PHOTO > result sensor delay = 2,00 > 1,10
06-06 07:41:13.389 28473 29492 W libc : Access denied finding property "persist.camera.dualev.limitUltrawide"
06-06 07:41:13.390 28473 29492 W CAM_A : PHOTO > rel Δ(result sensor timestamp) = 0,50 > 0,25
06-06 07:41:13.391 28473 29492 W libc : Access denied finding property "persist.camera.dualev.limitUltrawide"
06-06 07:41:13.392 28473 28507 W libc : Access denied finding property "persist.camera.skip_oobe"
06-06 07:41:13.394 28473 28505 I Manager : prepareModelFromCache: successfully prepared model from cache
06-06 07:41:13.394 28473 28505 I ExecutionPlan: ExecutionPlan::SimpleBody::finish: compilation finished successfully on qti-default
06-06 07:41:13.395 28473 28473 W libc : Access denied finding property "persist.camera.use_video_resolution_option"
06-06 07:41:13.397 28473 29544 I tflite : Replacing 47 node(s) with delegate (unknown) node, yielding 1 partitions.
06-06 07:41:13.397 28473 28582 E GoLog : INFO: Replacing 47 node(s) with delegate (unknown) node, yielding 1 partitions.
06-06 07:41:13.399 28473 29553 W libc : Access denied finding property "persist.camera.mts_gpu"
06-06 07:41:13.399 28473 29553 W libc : Access denied finding property "persist.camera.mts_func_encoder"
06-06 07:41:13.399 28473 29553 W libc : Access denied finding property "persist.camera.mts_full_res_ls"
06-06 07:41:13.399 28473 29553 W libc : Access denied finding property "persist.camera.mts_full_br_ls"
06-06 07:41:13.399 28473 29553 W libc : Access denied finding property "persist.camera.mts_full_color_range"
06-06 07:41:13.406 28473 29553 W libc : Access denied finding property "persist.camera.mts_gpu"
06-06 07:41:13.406 28473 29553 W libc : Access denied finding property "persist.camera.mts_hw_enc_w"
06-06 07:41:13.406 28473 29553 W libc : Access denied finding property "persist.camera.mts_newscore"
06-06 07:41:13.406 28473 29553 W libc : Access denied finding property "persist.camera.mts_face_diversity"
06-06 07:41:13.406 28473 29553 W libc : Access denied finding property "persist.camera.mts_aesthetic_diversity"
06-06 07:41:13.407 28473 29553 W libc : Access denied finding property "persist.camera.mts_enable_nima_v2"
06-06 07:41:13.407 28473 29553 W libc : Access denied finding property "persist.camera.mts_face_diversity"
06-06 07:41:13.407 28473 29553 W libc : Access denied finding property "persist.camera.mts_long_shot_diversity"
06-06 07:41:13.407 28473 29553 W libc : Access denied finding property "persist.camera.micro_prestab"
06-06 07:41:13.407 28473 29553 W libc : Access denied finding property "persist.camera.micro_ls_always_prestab"
06-06 07:41:13.407 28473 29553 W libc : Access denied finding property "persist.camera.mts_4k"
06-06 07:41:13.410 28473 28473 W libc : Access denied finding property "persist.camera.manual_focus_enabled"
06-06 07:41:13.424 28473 28507 W libc : Access denied finding property "persist.camera.enable_coach"
06-06 07:41:13.424 28473 28507 W libc : Access denied finding property "persist.camera.coach.content_detection"
06-06 07:41:13.424 28473 28507 W libc : Access denied finding property "persist.camera.enable_coach"
06-06 07:41:13.424 28473 28507 W libc : Access denied finding property "persist.camera.coach.scene_detection"
06-06 07:41:13.424 28473 28507 W libc : Access denied finding property "persist.camera.enable_coach"
06-06 07:41:13.425 28473 28473 W libc : Access denied finding property "persist.camera.hdr_plus_torch_thermal_throttling"
06-06 07:41:13.425 28473 28507 W libc : Access denied finding property "persist.camera.enable_coach"
06-06 07:41:13.425 28473 28507 W libc : Access denied finding property "persist.camera.coach.scene_detection"
06-06 07:41:13.425 28473 28507 W libc : Access denied finding property "persist.camera.enable_coach"
06-06 07:41:13.425 28473 28507 W libc : Access denied finding property "persist.camera.coach.content_detection"
06-06 07:41:13.425 28473 28473 W libc : Access denied finding property "persist.camera.catshark_enabled.RESTART"
06-06 07:41:13.425 28473 28507 W libc : Access denied finding property "persist.camera.enable_coach"
06-06 07:41:13.425 28473 28507 W libc : Access denied finding property "persist.camera.coach.scene_detection"
06-06 07:41:13.425 28473 28507 W libc : Access denied finding property "persist.camera.lenslite.enable_document_scanning"
06-06 07:41:13.440 28473 28507 W libc : Access denied finding property "persist.camera.enable_lenslite"
06-06 07:41:13.440 28473 28473 W libc : Access denied finding property "persist.camera.cutout_display"
06-06 07:41:13.440 28473 28507 W libc : Access denied finding property "persist.camera.enable_coach"
06-06 07:41:13.440 28473 28507 W libc : Access denied finding property "persist.camera.coach.content_detection"
06-06 07:41:13.441 28473 28507 W libc : Access denied finding property "persist.camera.enable_coach"
06-06 07:41:13.443 28473 28507 W libc : Access denied finding property "persist.camera.coach.scene_detection"
06-06 07:41:13.444 28473 28507 W libc : Access denied finding property "persist.camera.lenslite.enable_document_scanning"
06-06 07:41:13.444 28473 28507 W libc : Access denied finding property "persist.camera.enable_lenslite"
06-06 07:41:13.445 28473 28507 W libc : Access denied finding property "persist.camera.enable_coach"
06-06 07:41:13.445 28473 28507 W libc : Access denied finding property "persist.camera.catshark_cheese"
06-06 07:41:13.445 28473 28507 W libc : Access denied finding property "persist.camera.enable_coach"
06-06 07:41:13.445 28473 28507 W libc : Access denied finding property "persist.camera.lasagna"
06-06 07:41:13.445 28473 28507 W libc : Access denied finding property "persist.camera.enable_coach"
06-06 07:41:13.445 28473 28507 W libc : Access denied finding property "persist.camera.coach.hint_ns"
06-06 07:41:13.445 28473 28507 W libc : Access denied finding property "persist.camera.coach.horizon_level"
06-06 07:41:13.445 28473 28507 W libc : Access denied finding property "persist.camera.coach.enable_up_down"
06-06 07:41:13.445 28473 28507 W libc : Access denied finding property "persist.camera.coach.selfie_angle"
06-06 07:41:13.446 28473 28507 W libc : Access denied finding property "persist.camera.coach.long_lock"
06-06 07:41:13.447 28473 28473 W libc : Access denied finding property "persist.camera.cutout_trial_size"
06-06 07:41:13.447 28473 29492 W libc : Access denied finding property "persist.camera.dualev.limitUltrawide"
06-06 07:41:13.447 28473 28507 W libc : Access denied finding property "persist.camera.enable_coach"
06-06 07:41:13.447 28473 28507 W libc : Access denied finding property "persist.camera.enable_coach"
06-06 07:41:13.447 28473 28507 W libc : Access denied finding property "persist.camera.coach.scene_detection"
06-06 07:41:13.447 28473 28507 W libc : Access denied finding property "persist.camera.enable_inapp_update"
06-06 07:41:13.447 28473 28507 W libc : Access denied finding property "persist.camera.longp_topshot_notification"
06-06 07:41:13.448 28473 28507 W libc : Access denied finding property "persist.camera.enable_coach"
06-06 07:41:13.448 28473 28507 W libc : Access denied finding property "persist.camera.enable_coach"
06-06 07:41:13.466 28473 29492 W libc : Access denied finding property "persist.camera.dualev.limitUltrawide"
06-06 07:41:13.467 28473 28507 W libc : Access denied finding property "persist.camera.coach.persist_hints"
06-06 07:41:13.470 28473 28507 W libc : Access denied finding property "persist.camera.coach.persist_hints"
06-06 07:41:13.501 28473 28473 W libc : Access denied finding property "persist.camera.optbar.standalone_settings_button"
06-06 07:41:13.501 28473 29492 W libc : Access denied finding property "persist.camera.dualev.limitUltrawide"
06-06 07:41:13.501 28473 28473 W libc : Access denied finding property "persist.camera.catshark_enabled.RESTART"
06-06 07:41:13.507 28473 28473 W libc : Access denied finding property "persist.camera.use_video_resolution_option"
06-06 07:41:13.510 28473 28507 W libc : Access denied finding property "persist.camera.catshark_enabled.RESTART"
06-06 07:41:13.512 28473 28507 W libc : Access denied finding property "persist.camera.cuttle.extended"
06-06 07:41:13.531 28473 28473 W libc : Access denied finding property "persist.camera.manual_focus_enabled"
06-06 07:41:13.532 28473 29492 W libc : Access denied finding property "persist.camera.dualev.limitUltrawide"
06-06 07:41:13.534 28473 28473 W libc : Access denied finding property "persist.camera.hdr_plus_torch_thermal_throttling"
06-06 07:41:13.534 28473 28473 W libc : Access denied finding property "persist.camera.catshark_enabled.RESTART"
06-06 07:41:13.535 28473 28473 W libc : Access denied finding property "persist.camera.hdr_plus_torch_thermal_throttling"
06-06 07:41:13.535 28473 28473 W libc : Access denied finding property "persist.camera.catshark_enabled.RESTART"
06-06 07:41:13.537 28473 28473 W libc : Access denied finding property "persist.camera.cutout_display"
06-06 07:41:13.542 28473 28473 W libc : Access denied finding property "persist.camera.cutout_trial_size"
06-06 07:41:13.562 28473 29492 W libc : Access denied finding property "persist.camera.dualev.limitUltrawide"
06-06 07:41:13.593 28473 28507 W libc : Access denied finding property "persist.camera.bind_assistant"
06-06 07:41:13.603 28473 29492 W libc : Access denied finding property "persist.camera.dualev.limitUltrawide"
06-06 07:41:13.757 28473 29492 W libc : Access denied finding property "persist.camera.dualev.limitUltrawide"
06-06 07:41:13.804 28473 29492 W libc : Access denied finding property "persist.camera.dualev.limitUltrawide"
06-06 07:41:13.806 28473 29492 W libc : Access denied finding property "persist.camera.dualev.limitUltrawide"
06-06 07:41:13.807 28473 29492 W libc : Access denied finding property "persist.camera.dualev.limitUltrawide"
06-06 07:41:13.808 28473 28473 W libc : Access denied finding property "persist.camera.logger_throttle_millis"
06-06 07:41:13.809 28473 28473 W libc : Access denied finding property "persist.camera.cutout_display"
06-06 07:41:13.815 28473 28473 W libc : Access denied finding property "persist.camera.cutout_trial_size"
06-06 07:41:13.816 28473 28473 W libc : Access denied finding property "persist.camera.cutout_display"
06-06 07:41:13.817 28473 28473 W libc : Access denied finding property "persist.camera.cutout_trial_size"
06-06 07:41:13.833 28473 29492 W CAM_A : PHOTO > rel Δ(result sensor timestamp) = 1,00 > 0,25
06-06 07:41:13.834 28473 29492 W CAM_A : PHOTO > result sensor delay = 2,00 > 1,10
06-06 07:41:13.834 28473 29492 W libc : Access denied finding property "persist.camera.dualev.limitUltrawide"
06-06 07:41:13.835 28473 28473 W libc : Access denied finding property "persist.camera.cutout_display"
06-06 07:41:13.838 28473 28473 W libc : Access denied finding property "persist.camera.cutout_trial_size"
06-06 07:41:13.840 28473 29492 W CAM_A : PHOTO > rel Δ(result sensor timestamp) = 0,50 > 0,25
06-06 07:41:13.841 28473 29492 W libc : Access denied finding property "persist.camera.dualev.limitUltrawide"
06-06 07:41:13.886 28473 29492 W libc : Access denied finding property "persist.camera.dualev.limitUltrawide"
06-06 07:41:13.905 28473 29492 W libc : Access denied finding property "persist.camera.dualev.limitUltrawide"
06-06 07:41:13.932 28473 29492 W libc : Access denied finding property "persist.camera.dualev.limitUltrawide"
06-06 07:41:13.963 28473 29492 W libc : Access denied finding property "persist.camera.dualev.limitUltrawide"
06-06 07:41:13.991 28473 29492 W libc : Access denied finding property "persist.camera.dualev.limitUltrawide"
06-06 07:41:14.024 28473 29492 W libc : Access denied finding property "persist.camera.dualev.limitUltrawide"
06-06 07:41:14.054 28473 28473 W CallbackHndlr: type=1400 audit(0.0:58381550): avc: denied { read } for name="u:object_r:vendor_camera_prop:s0" dev="tmpfs" ino=13499 scontext=u:r:untrusted_app_29:s0:c73,c257,c512,c768 tcontext=u:object_r:vendor_camera_prop:s0 tclass=file permissive=0 app=com.google.android.GoogleCameraEngR13F2
06-06 07:41:14.059 28473 29492 W libc : Access denied finding property "persist.camera.dualev.limitUltrawide"
06-06 07:41:14.092 28473 29492 W libc : Access denied finding property "persist.camera.dualev.limitUltrawide"
06-06 07:41:14.107 28473 28473 W libc : Access denied finding property "persist.camera.hdr_plus_torch_thermal_throttling"
06-06 07:41:14.110 28473 28473 W libc : Access denied finding property "persist.camera.cutout_display"
06-06 07:41:14.111 28473 28473 W libc : Access denied finding property "persist.camera.cutout_trial_size"
06-06 07:41:14.115 28473 28505 E PhenotypeFlagCommitter: Retrieving snapshot for com.google.android.apps.camera#com.google.android.GoogleCameraEngR13F2 failed
06-06 07:41:14.115 28473 28505 E PhenotypeFlagCommitter: java.util.concurrent.ExecutionException: java.lang.SecurityException: GoogleCertificatesRslt: not allowed: pkg=com.google.android.GoogleCameraEngR13F2, sha256=[a40da80a59d170caa950cf15c18c454d47a39b26989d8b640ecd745ba71bf5dc], atk=false, ver=242213038.true (go/gsrlt)
06-06 07:41:14.115 28473 28505 E PhenotypeFlagCommitter: at mip.fb(Unknown Source:27)
06-06 07:41:14.115 28473 28505 E PhenotypeFlagCommitter: at mip.cd(Unknown Source:63)
06-06 07:41:14.115 28473 28505 E PhenotypeFlagCommitter: at kuc.c(Unknown Source:12)
06-06 07:41:14.115 28473 28505 E PhenotypeFlagCommitter: at kuc.e(Unknown Source:35)
06-06 07:41:14.115 28473 28505 E PhenotypeFlagCommitter: at kuc.b(Unknown Source:1)
06-06 07:41:14.115 28473 28505 E PhenotypeFlagCommitter: at gvh.a(Unknown Source:35)
06-06 07:41:14.115 28473 28505 E PhenotypeFlagCommitter: at gvj.run(Unknown Source:9)
06-06 07:41:14.115 28473 28505 E PhenotypeFlagCommitter: at law.run(Unknown Source:2)
06-06 07:41:14.115 28473 28505 E PhenotypeFlagCommitter: at java.util.concurrent.Executors$RunnableAdapter.call(Executors.java:487)
06-06 07:41:14.115 28473 28505 E PhenotypeFlagCommitter: at pio.a(Unknown Source:2)
06-06 07:41:14.115 28473 28505 E PhenotypeFlagCommitter: at phs.run(Unknown Source:20)
06-06 07:41:14.115 28473 28505 E PhenotypeFlagCommitter: at pip.run(Unknown Source:4)
06-06 07:41:14.115 28473 28505 E PhenotypeFlagCommitter: at java.util.concurrent.Executors$RunnableAdapter.call(Executors.java:487)
06-06 07:41:14.115 28473 28505 E PhenotypeFlagCommitter: at java.util.concurrent.FutureTask.run(FutureTask.java:264)
06-06 07:41:14.115 28473 28505 E PhenotypeFlagCommitter: at java.util.concurrent.ScheduledThreadPoolExecutor$ScheduledFutureTask.run(ScheduledThreadPoolExecutor.java:307)
06-06 07:41:14.115 28473 28505 E PhenotypeFlagCommitter: at lbh.run(Unknown Source:2)
06-06 07:41:14.115 28473 28505 E PhenotypeFlagCommitter: at lbg.run(Unknown Source:0)
06-06 07:41:14.115 28473 28505 E PhenotypeFlagCommitter: at java.util.concurrent.ThreadPoolExecutor.runWorker(ThreadPoolExecutor.java:1145)
06-06 07:41:14.115 28473 28505 E PhenotypeFlagCommitter: at java.util.concurrent.ThreadPoolExecutor$Worker.run(ThreadPoolExecutor.java:644)
06-06 07:41:14.115 28473 28505 E PhenotypeFlagCommitter: at java.lang.Thread.run(Thread.java:1012)
06-06 07:41:14.115 28473 28505 E PhenotypeFlagCommitter: at lab.run(Unknown Source:5)
06-06 07:41:14.115 28473 28505 E PhenotypeFlagCommitter: Caused by: java.lang.SecurityException: GoogleCertificatesRslt: not allowed: pkg=com.google.android.GoogleCameraEngR13F2, sha256=[a40da80a59d170caa950cf15c18c454d47a39b26989d8b640ecd745ba71bf5dc], atk=false, ver=242213038.true (go/gsrlt)
06-06 07:41:14.115 28473 28505 E PhenotypeFlagCommitter: at android.os.Parcel.createExceptionOrNull(Parcel.java:3057)
06-06 07:41:14.115 28473 28505 E PhenotypeFlagCommitter: at android.os.Parcel.createException(Parcel.java:3041)
06-06 07:41:14.115 28473 28505 E PhenotypeFlagCommitter: at android.os.Parcel.readException(Parcel.java:3024)
06-06 07:41:14.115 28473 28505 E PhenotypeFlagCommitter: at android.os.Parcel.readException(Parcel.java:2966)
06-06 07:41:14.115 28473 28505 E PhenotypeFlagCommitter: at bmn.z(Unknown Source:10)
06-06 07:41:14.115 28473 28505 E PhenotypeFlagCommitter: at ktz.a(Unknown Source:38)
06-06 07:41:14.115 28473 28505 E PhenotypeFlagCommitter: at kjd.f(Unknown Source:10)
06-06 07:41:14.115 28473 28505 E PhenotypeFlagCommitter: at kkc.t(Unknown Source:9)
06-06 07:41:14.115 28473 28505 E PhenotypeFlagCommitter: at kkc.u(Unknown Source:22)
06-06 07:41:14.115 28473 28505 E PhenotypeFlagCommitter: at kkc.e(Unknown Source:15)
06-06 07:41:14.115 28473 28505 E PhenotypeFlagCommitter: at kkg.handleMessage(Unknown Source:920)
06-06 07:41:14.115 28473 28505 E PhenotypeFlagCommitter: at android.os.Handler.dispatchMessage(Handler.java:102)
06-06 07:41:14.115 28473 28505 E PhenotypeFlagCommitter: at ksg.b(Unknown Source:0)
06-06 07:41:14.115 28473 28505 E PhenotypeFlagCommitter: at ksg.dispatchMessage(Unknown Source:0)
06-06 07:41:14.115 28473 28505 E PhenotypeFlagCommitter: at android.os.Looper.loopOnce(Looper.java:205)
06-06 07:41:14.115 28473 28505 E PhenotypeFlagCommitter: at android.os.Looper.loop(Looper.java:294)
06-06 07:41:14.115 28473 28505 E PhenotypeFlagCommitter: at android.os.HandlerThread.run(HandlerThread.java:67)
06-06 07:41:14.116 28473 28473 W libc : Access denied finding property "persist.camera.cutout_display"
06-06 07:41:14.116 28473 28473 W libc : Access denied finding property "persist.camera.cutout_trial_size"
06-06 07:41:14.133 28473 29492 W libc : Access denied finding property "persist.camera.dualev.limitUltrawide"
06-06 07:41:14.172 28473 29492 W libc : Access denied finding property "persist.camera.dualev.limitUltrawide"
06-06 07:41:14.187 28473 28493 W libc : Access denied finding property "persist.camera.storage_space_override"
06-06 07:41:14.224 28473 29492 W libc : Access denied finding property "persist.camera.dualev.limitUltrawide"
06-06 07:41:14.231 28473 29492 W libc : Access denied finding property "persist.camera.dualev.limitUltrawide"
06-06 07:41:14.268 28473 29492 W libc : Access denied finding property "persist.camera.dualev.limitUltrawide"
06-06 07:41:14.308 28473 29492 W libc : Access denied finding property "persist.camera.dualev.limitUltrawide"
06-06 07:41:14.343 28473 29492 W libc : Access denied finding property "persist.camera.dualev.limitUltrawide"
06-06 07:41:14.368 28473 29492 W libc : Access denied finding property "persist.camera.dualev.limitUltrawide"
06-06 07:41:14.401 28473 29492 W libc : Access denied finding property "persist.camera.dualev.limitUltrawide"
06-06 07:41:14.430 28473 29492 W libc : Access denied finding property "persist.camera.dualev.limitUltrawide"
06-06 07:41:14.463 28473 29492 W libc : Access denied finding property "persist.camera.dualev.limitUltrawide"
06-06 07:41:14.494 28473 29492 W libc : Access denied finding property "persist.camera.dualev.limitUltrawide"
06-06 07:41:14.528 28473 29492 W libc : Access denied finding property "persist.camera.dualev.limitUltrawide"
06-06 07:41:14.558 28473 29492 W libc : Access denied finding property "persist.camera.dualev.limitUltrawide"
06-06 07:41:14.592 28473 29492 W libc : Access denied finding property "persist.camera.dualev.limitUltrawide"
06-06 07:41:14.627 28473 29492 W libc : Access denied finding property "persist.camera.dualev.limitUltrawide"
06-06 07:41:14.661 28473 29492 W libc : Access denied finding property "persist.camera.dualev.limitUltrawide"
06-06 07:41:14.691 28473 29492 W libc : Access denied finding property "persist.camera.dualev.limitUltrawide"
06-06 07:41:14.727 28473 29492 W libc : Access denied finding property "persist.camera.dualev.limitUltrawide"
06-06 07:41:14.761 28473 29492 W libc : Access denied finding property "persist.camera.dualev.limitUltrawide"
06-06 07:41:14.794 28473 29492 W libc : Access denied finding property "persist.camera.dualev.limitUltrawide"
06-06 07:41:14.828 28473 29492 W libc : Access denied finding property "persist.camera.dualev.limitUltrawide"
06-06 07:41:14.843 28473 28473 W libc : Access denied finding property "persist.camera.catshark_minibar_enabled"
06-06 07:41:14.846 28473 28509 W libc : Access denied finding property "persist.camera.fc_extraction"
06-06 07:41:14.869 28473 28724 E BufferQueueProducer: [SurfaceView[com.google.android.GoogleCameraEngR13F2/com.android.camera.CameraLauncher]#8(BLAST Consumer)8](id:6f3900000013,api:4,p:1406,c:28473) queueBuffer: BufferQueue has been abandoned
06-06 07:41:14.874 28473 28724 E BufferQueueProducer: [SurfaceView[com.google.android.GoogleCameraEngR13F2/com.android.camera.CameraLauncher]#8(BLAST Consumer)8](id:6f3900000013,api:4,p:1406,c:28473) dequeueBuffer: BufferQueue has been abandoned
06-06 07:41:14.878 28473 29493 W CAM_MetadataDst: onCaptureFailed for Frame 51 (images were captured)
06-06 07:41:14.879 28473 29493 W CAM_MetadataDst: onCaptureFailed for Frame 50 (images were captured)
