06-06 07:39:50.932 28473 28473 W libc : Access denied finding property "persist.camera.cutout_trial_size"
06-06 07:39:50.941 28473 28626 W libc : Access denied finding property "persist.camera.mts_gpu"
06-06 07:39:50.942 28473 28626 W libc : Access denied finding property "persist.camera.mts_func_encoder"
06-06 07:39:50.942 28473 28626 W libc : Access denied finding property "persist.camera.mts_full_res_ls"
06-06 07:39:50.943 28473 28626 W libc : Access denied finding property "persist.camera.mts_full_br_ls"
06-06 07:39:50.943 28473 28626 W libc : Access denied finding property "persist.camera.mts_full_color_range"
06-06 07:39:50.945 28473 28522 W libc : Access denied finding property "persist.camera.dualev.limitUltrawide"
06-06 07:39:50.963 28473 28505 I Manager : Found interface qti-default (version = 1.3-25:build_lito)
06-06 07:39:50.963 28473 28505 I Manager : Found interface qti-dsp (version = 1.3-25:build_lito)
06-06 07:39:50.963 28473 28505 I Manager : Found interface qti-gpu (version = 1.3-25:build_lito)
06-06 07:39:50.964 28473 28505 I tflite : Created TensorFlow Lite delegate for NNAPI.
06-06 07:39:50.964 28473 28582 E GoLog : INFO: Created TensorFlow Lite delegate for NNAPI.
06-06 07:39:50.966 28473 28505 I acceleration: ModifyGraphWithDelegate model namespace: unknown_namespace model id: unknown_model_id accelerator name: NNAPI:
06-06 07:39:50.972 28473 28495 W libc : Access denied finding property "persist.camera.falcon_enabled"
06-06 07:39:50.972 28473 28495 W libc : Access denied finding property "persist.camera.shot_tracking"
06-06 07:39:50.972 28473 28495 W libc : Access denied finding property "persist.camera.shot_tracking.stuck_age_seconds"
06-06 07:39:50.994 28473 28522 W libc : Access denied finding property "persist.camera.dualev.limitUltrawide"
06-06 07:39:51.012 28473 28622 E native : E0606 07:39:51.010439 28622 resource_util_android.cc:65] generic::internal: RET_CHECK failure (third_party/mediapipe/util/resource_util_android.cc:65) Singleton<AssetManager>::get()->ReadFile(path, output) could not read asset: research/vision/loco/video/models/siamese_fcpp/mobile/model_21086792_30/siamese_fe.tflite
06-06 07:39:51.012 28473 28622 E native : Stack trace:
06-06 07:39:51.012 28473 28622 E native : 06-06 07:39:51.012 28473 28622 E native : E0606 07:39:51.012701 28622 asset_manager_util.cc:166] generic::internal: RET_CHECK failure (third_party/mediapipe/util/android/asset_manager_util.cc:166) ReadFile(asset_path, &asset_data) could not read asset: research/vision/loco/video/models/siamese_fcpp/mobile/model_21086792_30/siamese_fe.tflite
06-06 07:39:51.012 28473 28622 E native : Stack trace:
06-06 07:39:51.012 28473 28622 E native : 06-06 07:39:51.012 28473 28522 W libc : Access denied finding property "persist.camera.dualev.limitUltrawide"
06-06 07:39:51.013 28473 28582 E GoLog : E0606 07:39:51.010439 28622 resource_util_android.cc:65] generic::internal: RET_CHECK failure (third_party/mediapipe/util/resource_util_android.cc:65) Singleton<AssetManager>::get()->ReadFile(path, output) could not read asset: research/vision/loco/video/models/siamese_fcpp/mobile/model_21086792_30/siamese_fe.tflite
06-06 07:39:51.013 28473 28582 E GoLog : Stack trace:
06-06 07:39:51.013 28473 28582 E GoLog : 06-06 07:39:51.013 28473 28582 E GoLog : E0606 07:39:51.012701 28622 asset_manager_util.cc:166] generic::internal: RET_CHECK failure (third_party/mediapipe/util/android/asset_manager_util.cc:166) ReadFile(asset_path, &asset_data) could not read asset: research/vision/loco/video/models/siamese_fcpp/mobile/model_21086792_30/siamese_fe.tflite
06-06 07:39:51.013 28473 28582 E GoLog : Stack trace:
06-06 07:39:51.013 28473 28582 E GoLog : 06-06 07:39:51.013 28473 28495 W libc : Access denied finding property "persist.camera.gouda.cl_seg"
06-06 07:39:51.016 28473 28505 I tflite : Replacing 97 node(s) with delegate (TfLiteNnapiDelegate) node, yielding 1 partitions.
06-06 07:39:51.021 28473 28582 E GoLog : INFO: Replacing 97 node(s) with delegate (TfLiteNnapiDelegate) node, yielding 1 partitions.
06-06 07:39:51.026 28473 28505 I TypeManager: Failed to read /vendor/etc/nnapi_extensions_app_allowlist ; No app allowlisted for vendor extensions use.
06-06 07:39:51.040 28473 28522 W libc : Access denied finding property "persist.camera.dualev.limitUltrawide"
06-06 07:39:51.042 28473 28626 W libc : Access denied finding property "persist.camera.mts_gpu"
06-06 07:39:51.043 28473 28626 W libc : Access denied finding property "persist.camera.mts_hw_enc_w"
06-06 07:39:51.043 28473 28626 W libc : Access denied finding property "persist.camera.mts_newscore"
06-06 07:39:51.052 28473 28473 W libc : Access denied finding property "persist.camera.cutout_display"
06-06 07:39:51.055 28473 28473 W libc : Access denied finding property "persist.camera.cutout_trial_size"
06-06 07:39:51.058 28473 28636 D MediaCodecList: codecHandlesFormat: no format, so no extra checks
06-06 07:39:51.061 28473 28626 W libc : Access denied finding property "persist.camera.mts_face_diversity"
06-06 07:39:51.061 28473 28626 W libc : Access denied finding property "persist.camera.mts_aesthetic_diversity"
06-06 07:39:51.061 28473 28626 W libc : Access denied finding property "persist.camera.mts_enable_nima_v2"
06-06 07:39:51.061 28473 28626 W libc : Access denied finding property "persist.camera.mts_face_diversity"
06-06 07:39:51.062 28473 28626 W libc : Access denied finding property "persist.camera.mts_long_shot_diversity"
06-06 07:39:51.063 28473 28639 D MediaCodecList: codecHandlesFormat: no format, so no extra checks
06-06 07:39:51.064 28473 28626 W libc : Access denied finding property "persist.camera.micro_prestab"
06-06 07:39:51.065 28473 28626 W libc : Access denied finding property "persist.camera.micro_ls_always_prestab"
06-06 07:39:51.065 28473 28626 W libc : Access denied finding property "persist.camera.mts_4k"
06-06 07:39:51.069 28473 28495 W CAM_CameraDeviceVerifie: Tag CameraDeviceVerifier is 1 chars longer than limit.
06-06 07:39:51.073 28473 28643 D CCodec : allocate(c2.android.vorbis.decoder)
06-06 07:39:51.074 28473 28507 W libc : Access denied finding property "persist.camera.skip_oobe"
06-06 07:39:51.074 28473 28507 W libc : Access denied finding property "persist.camera.enable_coach"
06-06 07:39:51.074 28473 28507 W libc : Access denied finding property "persist.camera.coach.content_detection"
06-06 07:39:51.074 28473 28507 W libc : Access denied finding property "persist.camera.enable_coach"
06-06 07:39:51.074 28473 28507 W libc : Access denied finding property "persist.camera.coach.scene_detection"
06-06 07:39:51.075 28473 28507 W libc : Access denied finding property "persist.camera.enable_coach"
06-06 07:39:51.075 28473 28507 W libc : Access denied finding property "persist.camera.enable_coach"
06-06 07:39:51.075 28473 28507 W libc : Access denied finding property "persist.camera.coach.scene_detection"
06-06 07:39:51.077 28473 28644 D CCodec : allocate(c2.android.vorbis.decoder)
06-06 07:39:51.078 28473 28522 W libc : Access denied finding property "persist.camera.dualev.limitUltrawide"
06-06 07:39:51.081 28473 28507 W libc : Access denied finding property "persist.camera.enable_coach"
06-06 07:39:51.082 28473 28507 W libc : Access denied finding property "persist.camera.coach.content_detection"
06-06 07:39:51.082 28473 28507 W libc : Access denied finding property "persist.camera.enable_coach"
06-06 07:39:51.083 28473 28622 I tflite : Initialized TensorFlow Lite runtime.
06-06 07:39:51.084 28473 28622 I tflite : Replacing 26 node(s) with delegate (unknown) node, yielding 1 partitions.
06-06 07:39:51.085 28473 28582 E GoLog : INFO: Initialized TensorFlow Lite runtime.
06-06 07:39:51.085 28473 28582 E GoLog : INFO: Replacing 26 node(s) with delegate (unknown) node, yielding 1 partitions.
06-06 07:39:51.086 28473 28507 W libc : Access denied finding property "persist.camera.coach.scene_detection"
06-06 07:39:51.086 28473 28507 W libc : Access denied finding property "persist.camera.lenslite.enable_document_scanning"
06-06 07:39:51.088 28473 28622 I tflite : Replacing 26 node(s) with delegate (unknown) node, yielding 1 partitions.
06-06 07:39:51.088 28473 28582 E GoLog : INFO: Replacing 26 node(s) with delegate (unknown) node, yielding 1 partitions.
06-06 07:39:51.094 28473 28643 I Codec2Client: Available Codec2 services: "default" "software"
06-06 07:39:51.096 28473 28507 W libc : Access denied finding property "persist.camera.enable_lenslite"
06-06 07:39:51.097 28473 28507 W libc : Access denied finding property "persist.camera.enable_coach"
06-06 07:39:51.097 28473 28507 W libc : Access denied finding property "persist.camera.coach.content_detection"
06-06 07:39:51.097 28473 28507 W libc : Access denied finding property "persist.camera.enable_coach"
06-06 07:39:51.097 28473 28507 W libc : Access denied finding property "persist.camera.coach.scene_detection"
06-06 07:39:51.097 28473 28507 W libc : Access denied finding property "persist.camera.lenslite.enable_document_scanning"
06-06 07:39:51.097 28473 28507 W libc : Access denied finding property "persist.camera.enable_lenslite"
06-06 07:39:51.097 28473 28507 W libc : Access denied finding property "persist.camera.enable_coach"
06-06 07:39:51.098 28473 28507 W libc : Access denied finding property "persist.camera.catshark_cheese"
06-06 07:39:51.098 28473 28507 W libc : Access denied finding property "persist.camera.enable_coach"
06-06 07:39:51.098 28473 28507 W libc : Access denied finding property "persist.camera.lasagna"
06-06 07:39:51.098 28473 28507 W libc : Access denied finding property "persist.camera.enable_coach"
06-06 07:39:51.099 28473 28507 W libc : Access denied finding property "persist.camera.coach.hint_ns"
06-06 07:39:51.099 28473 28507 W libc : Access denied finding property "persist.camera.coach.horizon_level"
06-06 07:39:51.100 28473 28507 W libc : Access denied finding property "persist.camera.coach.enable_up_down"
06-06 07:39:51.100 28473 28507 W libc : Access denied finding property "persist.camera.coach.selfie_angle"
06-06 07:39:51.101 28473 28507 W libc : Access denied finding property "persist.camera.coach.long_lock"
06-06 07:39:51.101 28473 28507 W libc : Access denied finding property "persist.camera.enable_coach"
06-06 07:39:51.102 28473 28507 W libc : Access denied finding property "persist.camera.enable_coach"
06-06 07:39:51.102 28473 28507 W libc : Access denied finding property "persist.camera.coach.scene_detection"
06-06 07:39:51.102 28473 28507 W libc : Access denied finding property "persist.camera.enable_inapp_update"
06-06 07:39:51.102 28473 28507 W libc : Access denied finding property "persist.camera.longp_topshot_notification"
06-06 07:39:51.115 28473 28495 D CameraManager2: GotArray:0
06-06 07:39:51.115 28473 28495 D CameraManager2: GotArray:1
06-06 07:39:51.130 28473 28643 I CCodec : setting up 'default' as default (vendor) store
06-06 07:39:51.130 28473 28644 I CCodec : setting up 'default' as default (vendor) store
06-06 07:39:51.133 28473 28509 D CameraManager2: GotArray:0
06-06 07:39:51.133 28473 28509 D CameraManager2: GotArray:1
06-06 07:39:51.133 28473 28495 W libc : Access denied finding property "persist.camera.scudo_caching"
06-06 07:39:51.142 28473 28507 W libc : Access denied finding property "persist.camera.enable_coach"
06-06 07:39:51.142 28473 28507 W libc : Access denied finding property "persist.camera.enable_coach"
06-06 07:39:51.161 28473 28522 W libc : Access denied finding property "persist.camera.dualev.limitUltrawide"
06-06 07:39:51.170 28473 28643 I CCodec : Created component [c2.android.vorbis.decoder]
06-06 07:39:51.172 28473 28643 D CCodecConfig: read media type: audio/vorbis
06-06 07:39:51.173 28473 28643 D ReflectedParamUpdater: extent() != 1 for single value type: algo.buffers.max-count.values
06-06 07:39:51.173 28473 28643 D ReflectedParamUpdater: extent() != 1 for single value type: output.subscribed-indices.values
06-06 07:39:51.173 28473 28643 D ReflectedParamUpdater: extent() != 1 for single value type: input.buffers.allocator-ids.values
06-06 07:39:51.173 28473 28643 D ReflectedParamUpdater: extent() != 1 for single value type: output.buffers.allocator-ids.values
06-06 07:39:51.173 28473 28643 D ReflectedParamUpdater: extent() != 1 for single value type: algo.buffers.allocator-ids.values
06-06 07:39:51.174 28473 28643 D ReflectedParamUpdater: extent() != 1 for single value type: output.buffers.pool-ids.values
06-06 07:39:51.174 28473 28643 D ReflectedParamUpdater: extent() != 1 for single value type: algo.buffers.pool-ids.values
06-06 07:39:51.174 28473 28644 I CCodec : Created component [c2.android.vorbis.decoder]
06-06 07:39:51.174 28473 28644 D CCodecConfig: read media type: audio/vorbis
06-06 07:39:51.176 28473 28644 D ReflectedParamUpdater: extent() != 1 for single value type: algo.buffers.max-count.values
06-06 07:39:51.176 28473 28644 D ReflectedParamUpdater: extent() != 1 for single value type: output.subscribed-indices.values
06-06 07:39:51.176 28473 28644 D ReflectedParamUpdater: extent() != 1 for single value type: input.buffers.allocator-ids.values
06-06 07:39:51.176 28473 28644 D ReflectedParamUpdater: extent() != 1 for single value type: output.buffers.allocator-ids.values
06-06 07:39:51.176 28473 28644 D ReflectedParamUpdater: extent() != 1 for single value type: algo.buffers.allocator-ids.values
06-06 07:39:51.176 28473 28644 D ReflectedParamUpdater: extent() != 1 for single value type: output.buffers.pool-ids.values
06-06 07:39:51.176 28473 28644 D ReflectedParamUpdater: extent() != 1 for single value type: algo.buffers.pool-ids.values
06-06 07:39:51.180 28473 28644 I CCodecConfig: query failed after returning 7 values (BAD_INDEX)
06-06 07:39:51.180 28473 28643 I CCodecConfig: query failed after returning 7 values (BAD_INDEX)
06-06 07:39:51.181 28473 28643 D CCodecConfig: c2 config diff is Dict {
06-06 07:39:51.181 28473 28643 D CCodecConfig: c2::u32 coded.bitrate.value = 64000
06-06 07:39:51.181 28473 28643 D CCodecConfig: c2::u32 input.buffers.max-size.value = 32768
06-06 07:39:51.181 28473 28643 D CCodecConfig: c2::u32 input.delay.value = 0
06-06 07:39:51.181 28473 28643 D CCodecConfig: string input.media-type.value = "audio/vorbis"
06-06 07:39:51.181 28473 28643 D CCodecConfig: string output.media-type.value = "audio/raw"
06-06 07:39:51.181 28473 28643 D CCodecConfig: c2::u32 raw.channel-count.value = 1
06-06 07:39:51.181 28473 28643 D CCodecConfig: c2::u32 raw.sample-rate.value = 48000
06-06 07:39:51.181 28473 28643 D CCodecConfig: }
06-06 07:39:51.181 28473 28644 D CCodecConfig: c2 config diff is Dict {
06-06 07:39:51.181 28473 28644 D CCodecConfig: c2::u32 coded.bitrate.value = 64000
06-06 07:39:51.181 28473 28644 D CCodecConfig: c2::u32 input.buffers.max-size.value = 32768
06-06 07:39:51.181 28473 28644 D CCodecConfig: c2::u32 input.delay.value = 0
06-06 07:39:51.181 28473 28644 D CCodecConfig: string input.media-type.value = "audio/vorbis"
06-06 07:39:51.181 28473 28644 D CCodecConfig: string output.media-type.value = "audio/raw"
06-06 07:39:51.181 28473 28644 D CCodecConfig: c2::u32 raw.channel-count.value = 1
06-06 07:39:51.181 28473 28644 D CCodecConfig: c2::u32 raw.sample-rate.value = 48000
06-06 07:39:51.181 28473 28644 D CCodecConfig: }
06-06 07:39:51.189 28473 28644 D MediaCodec: flushMediametrics
06-06 07:39:51.190 28473 28644 D CCodec : [c2.android.vorbis.decoder] buffers are bound to CCodec for this session
06-06 07:39:51.190 28473 28644 D CCodecConfig: no c2 equivalents for durationUs
06-06 07:39:51.190 28473 28644 D CCodecConfig: no c2 equivalents for track-id
06-06 07:39:51.190 28473 28644 D CCodecConfig: no c2 equivalents for csd-1
06-06 07:39:51.190 28473 28644 D CCodecConfig: no c2 equivalents for flags
06-06 07:39:51.191 28473 28644 D CCodecConfig: c2 config diff is c2::u32 coded.bitrate.value = 80000
06-06 07:39:51.191 28473 28644 D CCodecConfig: c2::u32 raw.sample-rate.value = 44100
06-06 07:39:51.191 28473 28644 W Codec2Client: query -- param skipped: index = 1107298332.
06-06 07:39:51.191 28473 28644 D CCodec : encoding statistics level = 0
06-06 07:39:51.191 28473 28644 D CCodec : setup formats input: AMessage(what = 0x00000000) = {
06-06 07:39:51.191 28473 28644 D CCodec : int32_t bitrate = 80000
06-06 07:39:51.191 28473 28644 D CCodec : int32_t channel-count = 1
06-06 07:39:51.191 28473 28644 D CCodec : int32_t max-input-size = 32768
06-06 07:39:51.191 28473 28644 D CCodec : string mime = "audio/vorbis"
06-06 07:39:51.191 28473 28644 D CCodec : int32_t sample-rate = 44100
06-06 07:39:51.191 28473 28644 D CCodec : }
06-06 07:39:51.191 28473 28644 D CCodec : setup formats output: AMessage(what = 0x00000000) = {
06-06 07:39:51.191 28473 28644 D CCodec : int32_t channel-count = 1
06-06 07:39:51.191 28473 28644 D CCodec : string mime = "audio/raw"
06-06 07:39:51.191 28473 28644 D CCodec : int32_t sample-rate = 44100
06-06 07:39:51.191 28473 28644 D CCodec : int32_t channel-mask = 1
06-06 07:39:51.191 28473 28644 D CCodec : int32_t android._config-pcm-encoding = 2
06-06 07:39:51.191 28473 28644 D CCodec : }
06-06 07:39:51.191 28473 28644 I CCodecConfig: query failed after returning 7 values (BAD_INDEX)
06-06 07:39:51.192 28473 28644 W Codec2Client: query -- param skipped: index = 1342179345.
06-06 07:39:51.192 28473 28644 W Codec2Client: query -- param skipped: index = 2415921170.
06-06 07:39:51.192 28473 28644 D C2Store : Using ION
06-06 07:39:51.196 28473 28643 D MediaCodec: flushMediametrics
06-06 07:39:51.196 28473 28643 D CCodec : [c2.android.vorbis.decoder] buffers are bound to CCodec for this session
06-06 07:39:51.196 28473 28643 D CCodecConfig: no c2 equivalents for durationUs
06-06 07:39:51.196 28473 28643 D CCodecConfig: no c2 equivalents for track-id
06-06 07:39:51.196 28473 28643 D CCodecConfig: no c2 equivalents for csd-1
06-06 07:39:51.196 28473 28643 D CCodecConfig: no c2 equivalents for flags
06-06 07:39:51.198 28473 28643 D CCodecConfig: c2 config diff is c2::u32 coded.bitrate.value = 120000
06-06 07:39:51.201 28473 28643 W Codec2Client: query -- param skipped: index = 1107298332.
06-06 07:39:51.201 28473 28643 D CCodec : encoding statistics level = 0
06-06 07:39:51.201 28473 28643 D CCodec : setup formats input: AMessage(what = 0x00000000) = {
06-06 07:39:51.201 28473 28643 D CCodec : int32_t bitrate = 120000
06-06 07:39:51.201 28473 28643 D CCodec : int32_t channel-count = 1
06-06 07:39:51.201 28473 28643 D CCodec : int32_t max-input-size = 32768
06-06 07:39:51.201 28473 28643 D CCodec : string mime = "audio/vorbis"
06-06 07:39:51.201 28473 28643 D CCodec : int32_t sample-rate = 48000
06-06 07:39:51.201 28473 28643 D CCodec : }
06-06 07:39:51.201 28473 28643 D CCodec : setup formats output: AMessage(what = 0x00000000) = {
06-06 07:39:51.201 28473 28643 D CCodec : int32_t channel-count = 1
06-06 07:39:51.201 28473 28643 D CCodec : string mime = "audio/raw"
06-06 07:39:51.201 28473 28643 D CCodec : int32_t sample-rate = 48000
06-06 07:39:51.201 28473 28643 D CCodec : int32_t channel-mask = 1
06-06 07:39:51.201 28473 28643 D CCodec : int32_t android._config-pcm-encoding = 2
06-06 07:39:51.201 28473 28643 D CCodec : }
06-06 07:39:51.201 28473 28643 I CCodecConfig: query failed after returning 7 values (BAD_INDEX)
06-06 07:39:51.202 28473 28643 W Codec2Client: query -- param skipped: index = 1342179345.
06-06 07:39:51.202 28473 28643 W Codec2Client: query -- param skipped: index = 2415921170.
06-06 07:39:51.202 28473 28644 D CCodecBufferChannel: [c2.android.vorbis.decoder#422] Created input block pool with allocatorID 16 => poolID 17 - OK (0)
06-06 07:39:51.203 28473 28643 D CCodecBufferChannel: [c2.android.vorbis.decoder#772] Created input block pool with allocatorID 16 => poolID 18 - OK (0)
06-06 07:39:51.203 28473 28522 W libc : Access denied finding property "persist.camera.dualev.limitUltrawide"
06-06 07:39:51.206 28473 28522 W libc : Access denied finding property "persist.camera.dualev.limitUltrawide"
06-06 07:39:51.206 28473 28495 W libc : Access denied finding property "persist.camera.acat_use_mask"
06-06 07:39:51.209 28473 28643 I CCodecBufferChannel: [c2.android.vorbis.decoder#772] Created output block pool with allocatorID 16 => poolID 7130 - OK
06-06 07:39:51.209 28473 28643 D CCodecBufferChannel: [c2.android.vorbis.decoder#772] Configured output block pool ids 7130 => OK
06-06 07:39:51.209 28473 28644 I CCodecBufferChannel: [c2.android.vorbis.decoder#422] Created output block pool with allocatorID 16 => poolID 7131 - OK
06-06 07:39:51.210 28473 28644 D CCodecBufferChannel: [c2.android.vorbis.decoder#422] Configured output block pool ids 7131 => OK
06-06 07:39:51.222 28473 28522 W libc : Access denied finding property "persist.camera.dualev.limitUltrawide"
06-06 07:39:51.236 28473 28522 W libc : Access denied finding property "persist.camera.dualev.limitUltrawide"
06-06 07:39:51.254 28473 28507 W libc : Access denied finding property "persist.camera.coach.persist_hints"
06-06 07:39:51.274 28473 28522 W libc : Access denied finding property "persist.camera.dualev.limitUltrawide"
06-06 07:39:51.281 28473 28507 W libc : Access denied finding property "persist.camera.bind_assistant"
06-06 07:39:51.291 28473 28643 D CCodecBufferChannel: [c2.android.vorbis.decoder#772] MediaCodec discarded an unknown buffer
06-06 07:39:51.292 28473 28643 I hw-BpHwBinder: onLastStrongRef automatically unlinking death recipients
06-06 07:39:51.294 28473 28636 D MediaCodec: flushMediametrics
06-06 07:39:51.294 28473 28507 W libc : Access denied finding property "persist.camera.coach.persist_hints"
06-06 07:39:51.302 28473 28522 W libc : Access denied finding property "persist.camera.dualev.limitUltrawide"
06-06 07:39:51.313 28473 28507 W libc : Access denied finding property "persist.camera.advice.dirtylens"
06-06 07:39:51.322 28473 28507 W libc : Access denied finding property "persist.camera.catshark_enabled.RESTART"
06-06 07:39:51.322 28473 28507 W libc : Access denied finding property "persist.camera.cuttle.extended"
06-06 07:39:51.331 28473 28622 E native : E0606 07:39:51.331224 28622 resource_util_android.cc:65] generic::internal: RET_CHECK failure (third_party/mediapipe/util/resource_util_android.cc:65) Singleton<AssetManager>::get()->ReadFile(path, output) could not read asset: research/vision/loco/video/models/siamese_fcpp/mobile/model_21086792_30/siamese_end2end.tflite
06-06 07:39:51.331 28473 28622 E native : Stack trace:
06-06 07:39:51.331 28473 28622 E native : 06-06 07:39:51.331 28473 28622 E native : E0606 07:39:51.331335 28622 asset_manager_util.cc:166] generic::internal: RET_CHECK failure (third_party/mediapipe/util/android/asset_manager_util.cc:166) ReadFile(asset_path, &asset_data) could not read asset: research/vision/loco/video/models/siamese_fcpp/mobile/model_21086792_30/siamese_end2end.tflite
06-06 07:39:51.331 28473 28622 E native : Stack trace:
06-06 07:39:51.331 28473 28622 E native : 06-06 07:39:51.331 28473 28582 E GoLog : E0606 07:39:51.331224 28622 resource_util_android.cc:65] generic::internal: RET_CHECK failure (third_party/mediapipe/util/resource_util_android.cc:65) Singleton<AssetManager>::get()->ReadFile(path, output) could not read asset: research/vision/loco/video/models/siamese_fcpp/mobile/model_21086792_30/siamese_end2end.tflite
06-06 07:39:51.331 28473 28582 E GoLog : Stack trace:
06-06 07:39:51.331 28473 28582 E GoLog : 06-06 07:39:51.331 28473 28582 E GoLog : E0606 07:39:51.331335 28622 asset_manager_util.cc:166] generic::internal: RET_CHECK failure (third_party/mediapipe/util/android/asset_manager_util.cc:166) ReadFile(asset_path, &asset_data) could not read asset: research/vision/loco/video/models/siamese_fcpp/mobile/model_21086792_30/siamese_end2end.tflite
06-06 07:39:51.331 28473 28582 E GoLog : Stack trace:
06-06 07:39:51.331 28473 28582 E GoLog : 06-06 07:39:51.331 28473 28644 D CCodecBufferChannel: [c2.android.vorbis.decoder#422] MediaCodec discarded an unknown buffer
06-06 07:39:51.334 28473 28644 I hw-BpHwBinder: onLastStrongRef automatically unlinking death recipients
06-06 07:39:51.338 28473 28639 D MediaCodec: flushMediametrics
06-06 07:39:51.343 28473 28622 I tflite : Replacing 47 node(s) with delegate (unknown) node, yielding 1 partitions.
06-06 07:39:51.344 28473 28582 E GoLog : INFO: Replacing 47 node(s) with delegate (unknown) node, yielding 1 partitions.
06-06 07:39:51.345 28473 28622 I tflite : Replacing 47 node(s) with delegate (unknown) node, yielding 1 partitions.
06-06 07:39:51.345 28473 28582 E GoLog : INFO: Replacing 47 node(s) with delegate (unknown) node, yielding 1 partitions.
06-06 07:39:51.356 28473 28522 W libc : Access denied finding property "persist.camera.dualev.limitUltrawide"
06-06 07:39:51.368 28473 28522 W libc : Access denied finding property "persist.camera.dualev.limitUltrawide"
06-06 07:39:51.376 28473 28505 I Manager : prepareModelFromCache: successfully prepared model from cache
06-06 07:39:51.376 28473 28505 I ExecutionPlan: ExecutionPlan::SimpleBody::finish: compilation finished successfully on qti-default
06-06 07:39:51.397 28473 28522 W libc : Access denied finding property "persist.camera.dualev.limitUltrawide"
06-06 07:39:51.422 28473 28664 I tflite : Replacing 271 node(s) with delegate (TfLiteGpuDelegate_New) node, yielding 1 partitions.
06-06 07:39:51.422 28473 28582 E GoLog : INFO: Replacing 271 node(s) with delegate (TfLiteGpuDelegate_New) node, yielding 1 partitions.
06-06 07:39:51.432 28473 28522 W libc : Access denied finding property "persist.camera.dualev.limitUltrawide"
06-06 07:39:51.463 28473 28522 W libc : Access denied finding property "persist.camera.dualev.limitUltrawide"
06-06 07:39:51.497 28473 28522 W libc : Access denied finding property "persist.camera.dualev.limitUltrawide"
06-06 07:39:51.531 28473 28522 W libc : Access denied finding property "persist.camera.dualev.limitUltrawide"
06-06 07:39:51.562 28473 28522 W libc : Access denied finding property "persist.camera.dualev.limitUltrawide"
06-06 07:39:51.604 28473 28522 W libc : Access denied finding property "persist.camera.dualev.limitUltrawide"
06-06 07:39:51.616 28473 28495 W libc : Access denied finding property "persist.camera.mts_gpu_yuv"
06-06 07:39:51.619 28473 28495 W libc : Access denied finding property "persist.camera.mts_fast_hdr"
06-06 07:39:51.626 28473 28495 W libc : Access denied finding property "persist.camera.acat_firefly_on"
06-06 07:39:51.630 28473 28522 W libc : Access denied finding property "persist.camera.dualev.limitUltrawide"
06-06 07:39:51.670 28473 28522 W libc : Access denied finding property "persist.camera.dualev.limitUltrawide"
06-06 07:39:51.667 28473 28473 W CallbackHndlr: type=1400 audit(0.0:58365090): avc: denied { read } for name="u:object_r:vendor_camera_prop:s0" dev="tmpfs" ino=13499 scontext=u:r:untrusted_app_29:s0:c73,c257,c512,c768 tcontext=u:object_r:vendor_camera_prop:s0 tclass=file permissive=0 app=com.google.android.GoogleCameraEngR13F2
06-06 07:39:51.698 28473 28522 W libc : Access denied finding property "persist.camera.dualev.limitUltrawide"
06-06 07:39:51.716 28473 28493 W libc : Access denied finding property "persist.camera.storage_space_override"
06-06 07:39:51.726 28473 28505 W Glide : Failed to find GeneratedAppGlideModule. You should include an annotationProcessor compile dependency on com.github.bumptech.glide:compiler in your application and a @GlideModule annotated AppGlideModule implementation or LibraryGlideModules will be silently ignored
06-06 07:39:51.730 28473 28522 W CAM_AutoFlashIndicator: No converged AE result for 31 frames,falling back to single-image auto-flash photo
06-06 07:39:51.730 28473 28522 W libc : Access denied finding property "persist.camera.dualev.limitUltrawide"
06-06 07:39:51.765 28473 28522 W libc : Access denied finding property "persist.camera.dualev.limitUltrawide"
06-06 07:39:51.773 28473 28694 D CompatibilityChangeReporter: Compat change id reported: 149924527; UID 10329; state: ENABLED
06-06 07:39:51.774 28473 28694 D CompatibilityChangeReporter: Compat change id reported: 132649864; UID 10329; state: DISABLED
06-06 07:39:51.794 28473 28694 D OpenGLRenderer: --- Failed to create image decoder with message 'unimplemented'
06-06 07:39:51.796 28473 28694 D OpenGLRenderer: --- Failed to create image decoder with message 'unimplemented'
06-06 07:39:51.802 28473 28522 W libc : Access denied finding property "persist.camera.dualev.limitUltrawide"
06-06 07:39:51.808 28473 28694 D OpenGLRenderer: --- Failed to create image decoder with message 'unimplemented'
06-06 07:39:51.812 28473 28694 D OpenGLRenderer: --- Failed to create image decoder with message 'unimplemented'
06-06 07:39:51.831 28473 28522 W libc : Access denied finding property "persist.camera.dualev.limitUltrawide"
06-06 07:39:51.864 28473 28522 W libc : Access denied finding property "persist.camera.dualev.limitUltrawide"
06-06 07:39:51.900 28473 28522 W libc : Access denied finding property "persist.camera.dualev.limitUltrawide"
06-06 07:39:51.936 28473 28522 W libc : Access denied finding property "persist.camera.dualev.limitUltrawide"
06-06 07:39:51.964 28473 28522 W libc : Access denied finding property "persist.camera.dualev.limitUltrawide"
06-06 07:39:52.003 28473 28522 W libc : Access denied finding property "persist.camera.dualev.limitUltrawide"
06-06 07:39:52.032 28473 28522 W libc : Access denied finding property "persist.camera.dualev.limitUltrawide"
06-06 07:39:52.067 28473 28522 W libc : Access denied finding property "persist.camera.dualev.limitUltrawide"
06-06 07:39:52.098 28473 28522 W libc : Access denied finding property "persist.camera.dualev.limitUltrawide"
06-06 07:39:52.132 28473 28522 W libc : Access denied finding property "persist.camera.dualev.limitUltrawide"
06-06 07:39:52.169 28473 28522 W libc : Access denied finding property "persist.camera.dualev.limitUltrawide"
06-06 07:39:52.200 28473 28522 W libc : Access denied finding property "persist.camera.dualev.limitUltrawide"
06-06 07:39:52.233 28473 28522 W libc : Access denied finding property "persist.camera.dualev.limitUltrawide"
06-06 07:39:52.269 28473 28522 W libc : Access denied finding property "persist.camera.dualev.limitUltrawide"
06-06 07:39:52.304 28473 28522 W libc : Access denied finding property "persist.camera.dualev.limitUltrawide"
06-06 07:39:52.340 28473 28522 W libc : Access denied finding property "persist.camera.dualev.limitUltrawide"
06-06 07:39:52.370 28473 28522 W libc : Access denied finding property "persist.camera.dualev.limitUltrawide"
06-06 07:39:52.404 28473 28522 W libc : Access denied finding property "persist.camera.dualev.limitUltrawide"
06-06 07:39:52.436 28473 28522 W libc : Access denied finding property "persist.camera.dualev.limitUltrawide"
06-06 07:39:52.472 28473 28522 W libc : Access denied finding property "persist.camera.dualev.limitUltrawide"
06-06 07:39:52.503 28473 28522 W libc : Access denied finding property "persist.camera.dualev.limitUltrawide"
06-06 07:39:52.534 28473 28522 W libc : Access denied finding property "persist.camera.dualev.limitUltrawide"
06-06 07:39:52.574 28473 28522 W libc : Access denied finding property "persist.camera.dualev.limitUltrawide"
06-06 07:39:52.603 28473 28522 W libc : Access denied finding property "persist.camera.dualev.limitUltrawide"
06-06 07:39:52.637 28473 28522 W libc : Access denied finding property "persist.camera.dualev.limitUltrawide"
06-06 07:39:52.667 28473 28473 W CallbackHndlr: type=1400 audit(0.0:58365300): avc: denied { read } for name="u:object_r:vendor_camera_prop:s0" dev="tmpfs" ino=13499 scontext=u:r:untrusted_app_29:s0:c73,c257,c512,c768 tcontext=u:object_r:vendor_camera_prop:s0 tclass=file permissive=0 app=com.google.android.GoogleCameraEngR13F2
06-06 07:39:52.672 28473 28493 W ProtoDataStoreFlagStore: Unable to retrieve flag snapshot for com.google.android.libraries.performance.primes#com.google.android.GoogleCameraEngR13F2, using defaults.
06-06 07:39:52.673 28473 28522 W libc : Access denied finding property "persist.camera.dualev.limitUltrawide"
06-06 07:39:52.675 28473 28570 W ProtoDataStoreFlagStore: Unable to update local snapshot for com.google.android.libraries.performance.primes#com.google.android.GoogleCameraEngR13F2, may result in stale flags.
06-06 07:39:52.675 28473 28570 W ProtoDataStoreFlagStore: java.util.concurrent.ExecutionException: java.lang.SecurityException: GoogleCertificatesRslt: not allowed: pkg=com.google.android.GoogleCameraEngR13F2, sha256=[a40da80a59d170caa950cf15c18c454d47a39b26989d8b640ecd745ba71bf5dc], atk=false, ver=242213038.true (go/gsrlt)
06-06 07:39:52.675 28473 28570 W ProtoDataStoreFlagStore: at pfx.s(Unknown Source:20)
06-06 07:39:52.675 28473 28570 W ProtoDataStoreFlagStore: at pfx.get(Unknown Source:21)
06-06 07:39:52.675 28473 28570 W ProtoDataStoreFlagStore: at plk.I(Unknown Source:1)
06-06 07:39:52.675 28473 28570 W ProtoDataStoreFlagStore: at plk.ad(Unknown Source:9)
06-06 07:39:52.675 28473 28570 W ProtoDataStoreFlagStore: at nfm.d(Unknown Source:0)
06-06 07:39:52.675 28473 28570 W ProtoDataStoreFlagStore: at ngq.run(Unknown Source:9)
06-06 07:39:52.675 28473 28570 W ProtoDataStoreFlagStore: at java.util.concurrent.Executors$RunnableAdapter.call(Executors.java:487)
06-06 07:39:52.675 28473 28570 W ProtoDataStoreFlagStore: at java.util.concurrent.FutureTask.run(FutureTask.java:264)
06-06 07:39:52.675 28473 28570 W ProtoDataStoreFlagStore: at java.util.concurrent.ScheduledThreadPoolExecutor$ScheduledFutureTask.run(ScheduledThreadPoolExecutor.java:307)
06-06 07:39:52.675 28473 28570 W ProtoDataStoreFlagStore: at java.util.concurrent.ThreadPoolExecutor.runWorker(ThreadPoolExecutor.java:1145)
06-06 07:39:52.675 28473 28570 W ProtoDataStoreFlagStore: at java.util.concurrent.ThreadPoolExecutor$Worker.run(ThreadPoolExecutor.java:644)
06-06 07:39:52.675 28473 28570 W ProtoDataStoreFlagStore: at java.lang.Thread.run(Thread.java:1012)
06-06 07:39:52.675 28473 28570 W ProtoDataStoreFlagStore: Caused by: java.lang.SecurityException: GoogleCertificatesRslt: not allowed: pkg=com.google.android.GoogleCameraEngR13F2, sha256=[a40da80a59d170caa950cf15c18c454d47a39b26989d8b640ecd745ba71bf5dc], atk=false, ver=242213038.true (go/gsrlt)
06-06 07:39:52.675 28473 28570 W ProtoDataStoreFlagStore: at android.os.Parcel.createExceptionOrNull(Parcel.java:3057)
06-06 07:39:52.675 28473 28570 W ProtoDataStoreFlagStore: at android.os.Parcel.createException(Parcel.java:3041)
06-06 07:39:52.675 28473 28570 W ProtoDataStoreFlagStore: at android.os.Parcel.readException(Parcel.java:3024)
06-06 07:39:52.675 28473 28570 W ProtoDataStoreFlagStore: at android.os.Parcel.readException(Parcel.java:2966)
06-06 07:39:52.675 28473 28570 W ProtoDataStoreFlagStore: at bmn.z(Unknown Source:10)
06-06 07:39:52.675 28473 28570 W ProtoDataStoreFlagStore: at ktz.a(Unknown Source:38)
06-06 07:39:52.675 28473 28570 W ProtoDataStoreFlagStore: at kjd.f(Unknown Source:10)
06-06 07:39:52.675 28473 28570 W ProtoDataStoreFlagStore: at kkc.t(Unknown Source:9)
06-06 07:39:52.675 28473 28570 W ProtoDataStoreFlagStore: at kkc.u(Unknown Source:22)
06-06 07:39:52.675 28473 28570 W ProtoDataStoreFlagStore: at kkc.e(Unknown Source:15)
06-06 07:39:52.675 28473 28570 W ProtoDataStoreFlagStore: at kkg.handleMessage(Unknown Source:920)
06-06 07:39:52.675 28473 28570 W ProtoDataStoreFlagStore: at android.os.Handler.dispatchMessage(Handler.java:102)
06-06 07:39:52.675 28473 28570 W ProtoDataStoreFlagStore: at ksg.b(Unknown Source:0)
06-06 07:39:52.675 28473 28570 W ProtoDataStoreFlagStore: at ksg.dispatchMessage(Unknown Source:0)
06-06 07:39:52.675 28473 28570 W ProtoDataStoreFlagStore: at android.os.Looper.loopOnce(Looper.java:205)
06-06 07:39:52.675 28473 28570 W ProtoDataStoreFlagStore: at android.os.Looper.loop(Looper.java:294)
06-06 07:39:52.675 28473 28570 W ProtoDataStoreFlagStore: at android.os.HandlerThread.run(HandlerThread.java:67)
06-06 07:39:52.701 28473 28522 W libc : Access denied finding property "persist.camera.dualev.limitUltrawide"
06-06 07:39:52.738 28473 28522 W libc : Access denied finding property "persist.camera.dualev.limitUltrawide"
06-06 07:39:52.770 28473 28522 W libc : Access denied finding property "persist.camera.dualev.limitUltrawide"
06-06 07:39:52.805 28473 28522 W libc : Access denied finding property "persist.camera.dualev.limitUltrawide"
06-06 07:39:52.837 28473 28522 W libc : Access denied finding property "persist.camera.dualev.limitUltrawide"
06-06 07:39:52.870 28473 28522 W libc : Access denied finding property "persist.camera.dualev.limitUltrawide"
06-06 07:39:52.904 28473 28522 W libc : Access denied finding property "persist.camera.dualev.limitUltrawide"
06-06 07:39:52.938 28473 28522 W libc : Access denied finding property "persist.camera.dualev.limitUltrawide"
06-06 07:39:52.972 28473 28522 W libc : Access denied finding property "persist.camera.dualev.limitUltrawide"
06-06 07:39:53.003 28473 28522 W libc : Access denied finding property "persist.camera.dualev.limitUltrawide"
06-06 07:39:53.038 28473 28522 W libc : Access denied finding property "persist.camera.dualev.limitUltrawide"
06-06 07:39:53.071 28473 28522 W libc : Access denied finding property "persist.camera.dualev.limitUltrawide"
06-06 07:39:53.106 28473 28522 W libc : Access denied finding property "persist.camera.dualev.limitUltrawide"
06-06 07:39:53.138 28473 28522 W libc : Access denied finding property "persist.camera.dualev.limitUltrawide"
06-06 07:39:53.173 28473 28522 W libc : Access denied finding property "persist.camera.dualev.limitUltrawide"
06-06 07:39:53.205 28473 28522 W libc : Access denied finding property "persist.camera.dualev.limitUltrawide"
06-06 07:39:53.238 28473 28522 W libc : Access denied finding property "persist.camera.dualev.limitUltrawide"
06-06 07:39:53.271 28473 28522 W libc : Access denied finding property "persist.camera.dualev.limitUltrawide"
06-06 07:39:53.305 28473 28522 W libc : Access denied finding property "persist.camera.dualev.limitUltrawide"
06-06 07:39:53.338 28473 28522 W libc : Access denied finding property "persist.camera.dualev.limitUltrawide"
06-06 07:39:53.372 28473 28522 W libc : Access denied finding property "persist.camera.dualev.limitUltrawide"
06-06 07:39:53.404 28473 28522 W libc : Access denied finding property "persist.camera.dualev.limitUltrawide"
06-06 07:39:53.435 28473 28522 W libc : Access denied finding property "persist.camera.dualev.limitUltrawide"
06-06 07:39:53.471 28473 28522 W libc : Access denied finding property "persist.camera.dualev.limitUltrawide"
06-06 07:39:53.506 28473 28522 W libc : Access denied finding property "persist.camera.dualev.limitUltrawide"
06-06 07:39:53.538 28473 28522 W libc : Access denied finding property "persist.camera.dualev.limitUltrawide"
06-06 07:39:53.568 28473 28522 W libc : Access denied finding property "persist.camera.dualev.limitUltrawide"
06-06 07:39:53.603 28473 28522 W libc : Access denied finding property "persist.camera.dualev.limitUltrawide"
06-06 07:39:53.638 28473 28522 W libc : Access denied finding property "persist.camera.dualev.limitUltrawide"
06-06 07:39:53.672 28473 28522 W libc : Access denied finding property "persist.camera.dualev.limitUltrawide"
06-06 07:39:53.667 28473 28473 W CallbackHndlr: type=1400 audit(0.0:58365509): avc: denied { read } for name="u:object_r:vendor_camera_prop:s0" dev="tmpfs" ino=13499 scontext=u:r:untrusted_app_29:s0:c73,c257,c512,c768 tcontext=u:object_r:vendor_camera_prop:s0 tclass=file permissive=0 app=com.google.android.GoogleCameraEngR13F2
06-06 07:39:53.706 28473 28522 W libc : Access denied finding property "persist.camera.dualev.limitUltrawide"
06-06 07:39:53.741 28473 28522 W libc : Access denied finding property "persist.camera.dualev.limitUltrawide"
06-06 07:39:53.774 28473 28522 W libc : Access denied finding property "persist.camera.dualev.limitUltrawide"
06-06 07:39:53.806 28473 28522 W libc : Access denied finding property "persist.camera.dualev.limitUltrawide"
06-06 07:39:53.840 28473 28522 W libc : Access denied finding property "persist.camera.dualev.limitUltrawide"
06-06 07:39:53.873 28473 28522 W libc : Access denied finding property "persist.camera.dualev.limitUltrawide"
06-06 07:39:53.904 28473 28522 W libc : Access denied finding property "persist.camera.dualev.limitUltrawide"
06-06 07:39:53.939 28473 28522 W libc : Access denied finding property "persist.camera.dualev.limitUltrawide"
06-06 07:39:53.977 28473 28522 W libc : Access denied finding property "persist.camera.dualev.limitUltrawide"
06-06 07:39:54.004 28473 28522 W libc : Access denied finding property "persist.camera.dualev.limitUltrawide"
06-06 07:39:54.038 28473 28522 W libc : Access denied finding property "persist.camera.dualev.limitUltrawide"
06-06 07:39:54.073 28473 28522 W libc : Access denied finding property "persist.camera.dualev.limitUltrawide"
06-06 07:39:54.107 28473 28522 W libc : Access denied finding property "persist.camera.dualev.limitUltrawide"
06-06 07:39:54.143 28473 28522 W libc : Access denied finding property "persist.camera.dualev.limitUltrawide"
06-06 07:39:54.173 28473 28522 W libc : Access denied finding property "persist.camera.dualev.limitUltrawide"
06-06 07:39:54.208 28473 28522 W CAM_AutoFlashIndicator: No converged AE result for 31 frames,falling back to single-image auto-flash photo
06-06 07:39:54.208 28473 28522 W libc : Access denied finding property "persist.camera.dualev.limitUltrawide"
06-06 07:39:54.238 28473 28522 W libc : Access denied finding property "persist.camera.dualev.limitUltrawide"
06-06 07:39:54.273 28473 28522 W libc : Access denied finding property "persist.camera.dualev.limitUltrawide"
06-06 07:39:54.303 28473 28522 W libc : Access denied finding property "persist.camera.dualev.limitUltrawide"
06-06 07:39:54.335 28473 28522 W libc : Access denied finding property "persist.camera.dualev.limitUltrawide"
06-06 07:39:54.373 28473 28522 W libc : Access denied finding property "persist.camera.dualev.limitUltrawide"
06-06 07:39:54.406 28473 28522 W libc : Access denied finding property "persist.camera.dualev.limitUltrawide"
06-06 07:39:54.434 28473 28522 W libc : Access denied finding property "persist.camera.dualev.limitUltrawide"
06-06 07:39:54.471 28473 28522 W libc : Access denied finding property "persist.camera.dualev.limitUltrawide"
06-06 07:39:54.505 28473 28522 W libc : Access denied finding property "persist.camera.dualev.limitUltrawide"
06-06 07:39:54.535 28473 28522 W libc : Access denied finding property "persist.camera.dualev.limitUltrawide"
06-06 07:39:54.568 28473 28522 W libc : Access denied finding property "persist.camera.dualev.limitUltrawide"
06-06 07:39:54.607 28473 28522 W libc : Access denied finding property "persist.camera.dualev.limitUltrawide"
06-06 07:39:54.637 28473 28522 W libc : Access denied finding property "persist.camera.dualev.limitUltrawide"
06-06 07:39:54.675 28473 28522 W libc : Access denied finding property "persist.camera.dualev.limitUltrawide"
06-06 07:39:54.671 28473 28473 W CallbackHndlr: type=1400 audit(0.0:58365718): avc: denied { read } for name="u:object_r:vendor_camera_prop:s0" dev="tmpfs" ino=13499 scontext=u:r:untrusted_app_29:s0:c73,c257,c512,c768 tcontext=u:object_r:vendor_camera_prop:s0 tclass=file permissive=0 app=com.google.android.GoogleCameraEngR13F2
06-06 07:39:54.712 28473 28522 W libc : Access denied finding property "persist.camera.dualev.limitUltrawide"
06-06 07:39:54.741 28473 28522 W libc : Access denied finding property "persist.camera.dualev.limitUltrawide"
06-06 07:39:54.774 28473 28522 W libc : Access denied finding property "persist.camera.dualev.limitUltrawide"
06-06 07:39:54.811 28473 28522 W libc : Access denied finding property "persist.camera.dualev.limitUltrawide"
06-06 07:39:54.845 28473 28522 W libc : Access denied finding property "persist.camera.dualev.limitUltrawide"
06-06 07:39:54.875 28473 28522 W libc : Access denied finding property "persist.camera.dualev.limitUltrawide"
06-06 07:39:54.909 28473 28522 W libc : Access denied finding property "persist.camera.dualev.limitUltrawide"
06-06 07:39:54.943 28473 28522 W libc : Access denied finding property "persist.camera.dualev.limitUltrawide"
06-06 07:39:54.975 28473 28522 W libc : Access denied finding property "persist.camera.dualev.limitUltrawide"
06-06 07:39:55.009 28473 28522 W libc : Access denied finding property "persist.camera.dualev.limitUltrawide"
06-06 07:39:55.042 28473 28522 W libc : Access denied finding property "persist.camera.dualev.limitUltrawide"
06-06 07:39:55.077 28473 28522 W libc : Access denied finding property "persist.camera.dualev.limitUltrawide"
06-06 07:39:55.110 28473 28522 W libc : Access denied finding property "persist.camera.dualev.limitUltrawide"
06-06 07:39:55.140 28473 28522 W libc : Access denied finding property "persist.camera.dualev.limitUltrawide"
06-06 07:39:55.174 28473 28522 W libc : Access denied finding property "persist.camera.dualev.limitUltrawide"
06-06 07:39:55.205 28473 28522 W libc : Access denied finding property "persist.camera.dualev.limitUltrawide"
06-06 07:39:55.241 28473 28522 W libc : Access denied finding property "persist.camera.dualev.limitUltrawide"
06-06 07:39:55.276 28473 28522 W libc : Access denied finding property "persist.camera.dualev.limitUltrawide"
06-06 07:39:55.313 28473 28522 W libc : Access denied finding property "persist.camera.dualev.limitUltrawide"
06-06 07:39:55.341 28473 28522 W libc : Access denied finding property "persist.camera.dualev.limitUltrawide"
06-06 07:39:55.374 28473 28522 W libc : Access denied finding property "persist.camera.dualev.limitUltrawide"
06-06 07:39:55.410 28473 28522 W libc : Access denied finding property "persist.camera.dualev.limitUltrawide"
06-06 07:39:55.440 28473 28522 W libc : Access denied finding property "persist.camera.dualev.limitUltrawide"
06-06 07:39:55.473 28473 28522 W libc : Access denied finding property "persist.camera.dualev.limitUltrawide"
06-06 07:39:55.510 28473 28522 W libc : Access denied finding property "persist.camera.dualev.limitUltrawide"
06-06 07:39:55.542 28473 28522 W libc : Access denied finding property "persist.camera.dualev.limitUltrawide"
06-06 07:39:55.575 28473 28522 W libc : Access denied finding property "persist.camera.dualev.limitUltrawide"
06-06 07:39:55.609 28473 28522 W libc : Access denied finding property "persist.camera.dualev.limitUltrawide"
06-06 07:39:55.642 28473 28522 W libc : Access denied finding property "persist.camera.dualev.limitUltrawide"
06-06 07:39:55.677 28473 28522 W libc : Access denied finding property "persist.camera.dualev.limitUltrawide"
06-06 07:39:55.671 28473 28473 W CallbackHndlr: type=1400 audit(0.0:58365926): avc: denied { read } for name="u:object_r:vendor_camera_prop:s0" dev="tmpfs" ino=13499 scontext=u:r:untrusted_app_29:s0:c73,c257,c512,c768 tcontext=u:object_r:vendor_camera_prop:s0 tclass=file permissive=0 app=com.google.android.GoogleCameraEngR13F2
06-06 07:39:55.701 28473 28522 W libc : Access denied finding property "persist.camera.dualev.limitUltrawide"
06-06 07:39:55.738 28473 28522 W libc : Access denied finding property "persist.camera.dualev.limitUltrawide"
06-06 07:39:55.772 28473 28522 W libc : Access denied finding property "persist.camera.dualev.limitUltrawide"
06-06 07:39:55.796 28473 28482 I eCameraEngR13F2: Background concurrent copying GC freed 468623(16MB) AllocSpace objects, 46(35MB) LOS objects, 75% free, 11MB/47MB, paused 86us,57us total 123.224ms
06-06 07:39:55.808 28473 28522 W libc : Access denied finding property "persist.camera.dualev.limitUltrawide"
06-06 07:39:55.837 28473 28522 W libc : Access denied finding property "persist.camera.dualev.limitUltrawide"
06-06 07:39:55.869 28473 28522 W libc : Access denied finding property "persist.camera.dualev.limitUltrawide"
06-06 07:39:55.910 28473 28522 W libc : Access denied finding property "persist.camera.dualev.limitUltrawide"
06-06 07:39:55.943 28473 28522 W libc : Access denied finding property "persist.camera.dualev.limitUltrawide"
06-06 07:39:55.971 28473 28522 W libc : Access denied finding property "persist.camera.dualev.limitUltrawide"
06-06 07:39:56.010 28473 28522 W libc : Access denied finding property "persist.camera.dualev.limitUltrawide"
06-06 07:39:56.045 28473 28522 W libc : Access denied finding property "persist.camera.dualev.limitUltrawide"
06-06 07:39:56.076 28473 28522 W libc : Access denied finding property "persist.camera.dualev.limitUltrawide"
06-06 07:39:56.111 28473 28522 W libc : Access denied finding property "persist.camera.dualev.limitUltrawide"
06-06 07:39:56.144 28473 28522 W libc : Access denied finding property "persist.camera.dualev.limitUltrawide"
06-06 07:39:56.176 28473 28522 W libc : Access denied finding property "persist.camera.dualev.limitUltrawide"
06-06 07:39:56.202 28473 28648 D BufferPoolAccessor2.0: bufferpool2 0x751d8f77f8 : 0(0 size) total buffers - 0(0 size) used buffers - 1/7 (recycle/alloc) - 6/82 (fetch/transfer)
06-06 07:39:56.202 28473 28648 D BufferPoolAccessor2.0: evictor expired: 1, evicted: 1
06-06 07:39:56.215 28473 28522 W libc : Access denied finding property "persist.camera.dualev.limitUltrawide"
06-06 07:39:56.244 28473 28522 W libc : Access denied finding property "persist.camera.dualev.limitUltrawide"
06-06 07:39:56.278 28473 28522 W libc : Access denied finding property "persist.camera.dualev.limitUltrawide"
06-06 07:39:56.312 28473 28522 W libc : Access denied finding property "persist.camera.dualev.limitUltrawide"
06-06 07:39:56.344 28473 28522 W libc : Access denied finding property "persist.camera.dualev.limitUltrawide"
06-06 07:39:56.378 28473 28522 W libc : Access denied finding property "persist.camera.dualev.limitUltrawide"
06-06 07:39:56.412 28473 28522 W libc : Access denied finding property "persist.camera.dualev.limitUltrawide"
06-06 07:39:56.440 28473 28522 W libc : Access denied finding property "persist.camera.dualev.limitUltrawide"
06-06 07:39:56.479 28473 28522 W libc : Access denied finding property "persist.camera.dualev.limitUltrawide"
