06-06 07:39:56.514 28473 28522 W libc : Access denied finding property "persist.camera.dualev.limitUltrawide"
06-06 07:39:56.546 28473 28522 W libc : Access denied finding property "persist.camera.dualev.limitUltrawide"
06-06 07:39:56.580 28473 28522 W libc : Access denied finding property "persist.camera.dualev.limitUltrawide"
06-06 07:39:56.613 28473 28522 W libc : Access denied finding property "persist.camera.dualev.limitUltrawide"
06-06 07:39:56.640 28473 28522 W libc : Access denied finding property "persist.camera.dualev.limitUltrawide"
06-06 07:39:56.676 28473 28522 W libc : Access denied finding property "persist.camera.dualev.limitUltrawide"
06-06 07:39:56.715 28473 28522 W libc : Access denied finding property "persist.camera.dualev.limitUltrawide"
06-06 07:39:56.744 28473 28522 W libc : Access denied finding property "persist.camera.dualev.limitUltrawide"
06-06 07:39:56.779 28473 28522 W libc : Access denied finding property "persist.camera.dualev.limitUltrawide"
06-06 07:39:56.813 28473 28522 W libc : Access denied finding property "persist.camera.dualev.limitUltrawide"
06-06 07:39:56.841 28473 28522 W libc : Access denied finding property "persist.camera.dualev.limitUltrawide"
06-06 07:39:56.882 28473 28522 W libc : Access denied finding property "persist.camera.dualev.limitUltrawide"
06-06 07:39:56.911 28473 28522 W libc : Access denied finding property "persist.camera.dualev.limitUltrawide"
06-06 07:39:56.944 28473 28522 W libc : Access denied finding property "persist.camera.dualev.limitUltrawide"
06-06 07:39:56.982 28473 28522 W libc : Access denied finding property "persist.camera.dualev.limitUltrawide"
06-06 07:39:57.006 28473 28522 W libc : Access denied finding property "persist.camera.dualev.limitUltrawide"
06-06 07:39:57.040 28473 28522 W libc : Access denied finding property "persist.camera.dualev.limitUltrawide"
06-06 07:39:57.078 28473 28522 W libc : Access denied finding property "persist.camera.dualev.limitUltrawide"
06-06 07:39:57.113 28473 28522 W libc : Access denied finding property "persist.camera.dualev.limitUltrawide"
06-06 07:39:57.141 28473 28522 W libc : Access denied finding property "persist.camera.dualev.limitUltrawide"
06-06 07:39:57.173 28473 28522 W libc : Access denied finding property "persist.camera.dualev.limitUltrawide"
06-06 07:39:57.203 28473 28648 D BufferPoolAccessor2.0: bufferpool2 0x751d901098 : 0(0 size) total buffers - 0(0 size) used buffers - 1/7 (recycle/alloc) - 6/40 (fetch/transfer)
06-06 07:39:57.203 28473 28648 D BufferPoolAccessor2.0: evictor expired: 1, evicted: 1
06-06 07:39:57.212 28473 28522 W libc : Access denied finding property "persist.camera.dualev.limitUltrawide"
06-06 07:39:57.251 28473 28522 W libc : Access denied finding property "persist.camera.dualev.limitUltrawide"
06-06 07:39:57.277 28473 28522 W libc : Access denied finding property "persist.camera.dualev.limitUltrawide"
06-06 07:39:57.312 28473 28522 W libc : Access denied finding property "persist.camera.dualev.limitUltrawide"
06-06 07:39:57.345 28473 28522 W libc : Access denied finding property "persist.camera.dualev.limitUltrawide"
06-06 07:39:57.379 28473 28522 W libc : Access denied finding property "persist.camera.dualev.limitUltrawide"
06-06 07:39:57.410 28473 28522 W libc : Access denied finding property "persist.camera.dualev.limitUltrawide"
06-06 07:39:57.445 28473 28522 W libc : Access denied finding property "persist.camera.dualev.limitUltrawide"
06-06 07:39:57.478 28473 28522 W libc : Access denied finding property "persist.camera.dualev.limitUltrawide"
06-06 07:39:57.508 28473 28522 W libc : Access denied finding property "persist.camera.dualev.limitUltrawide"
06-06 07:39:57.543 28473 28522 W libc : Access denied finding property "persist.camera.dualev.limitUltrawide"
06-06 07:39:57.575 28473 28522 W libc : Access denied finding property "persist.camera.dualev.limitUltrawide"
06-06 07:39:57.607 28473 28522 W libc : Access denied finding property "persist.camera.dualev.limitUltrawide"
06-06 07:39:57.644 28473 28522 W libc : Access denied finding property "persist.camera.dualev.limitUltrawide"
06-06 07:39:57.678 28473 28522 W libc : Access denied finding property "persist.camera.dualev.limitUltrawide"
06-06 07:39:57.711 28473 28522 W libc : Access denied finding property "persist.camera.dualev.limitUltrawide"
06-06 07:39:57.744 28473 28522 W libc : Access denied finding property "persist.camera.dualev.limitUltrawide"
06-06 07:39:57.778 28473 28522 W libc : Access denied finding property "persist.camera.dualev.limitUltrawide"
06-06 07:39:57.812 28473 28522 W libc : Access denied finding property "persist.camera.dualev.limitUltrawide"
06-06 07:39:57.844 28473 28522 W libc : Access denied finding property "persist.camera.dualev.limitUltrawide"
06-06 07:39:57.873 28473 28522 W libc : Access denied finding property "persist.camera.dualev.limitUltrawide"
06-06 07:39:57.912 28473 28522 W libc : Access denied finding property "persist.camera.dualev.limitUltrawide"
06-06 07:39:57.948 28473 28522 W libc : Access denied finding property "persist.camera.dualev.limitUltrawide"
06-06 07:39:57.978 28473 28522 W libc : Access denied finding property "persist.camera.dualev.limitUltrawide"
06-06 07:39:58.013 28473 28522 W libc : Access denied finding property "persist.camera.dualev.limitUltrawide"
06-06 07:39:58.047 28473 28522 W libc : Access denied finding property "persist.camera.dualev.limitUltrawide"
06-06 07:39:58.077 28473 28522 W libc : Access denied finding property "persist.camera.dualev.limitUltrawide"
06-06 07:39:58.114 28473 28522 W libc : Access denied finding property "persist.camera.dualev.limitUltrawide"
06-06 07:39:58.144 28473 28522 W libc : Access denied finding property "persist.camera.dualev.limitUltrawide"
06-06 07:39:58.176 28473 28522 W libc : Access denied finding property "persist.camera.dualev.limitUltrawide"
06-06 07:39:58.208 28473 28522 W libc : Access denied finding property "persist.camera.dualev.limitUltrawide"
06-06 07:39:58.240 28473 28522 W libc : Access denied finding property "persist.camera.dualev.limitUltrawide"
06-06 07:39:58.279 28473 28522 W libc : Access denied finding property "persist.camera.dualev.limitUltrawide"
06-06 07:39:58.307 28473 28522 W libc : Access denied finding property "persist.camera.dualev.limitUltrawide"
06-06 07:39:58.343 28473 28522 W libc : Access denied finding property "persist.camera.dualev.limitUltrawide"
06-06 07:39:58.385 28473 28522 W libc : Access denied finding property "persist.camera.dualev.limitUltrawide"
06-06 07:39:58.414 28473 28522 W libc : Access denied finding property "persist.camera.dualev.limitUltrawide"
06-06 07:39:58.444 28473 28522 W libc : Access denied finding property "persist.camera.dualev.limitUltrawide"
06-06 07:39:58.478 28473 28522 W libc : Access denied finding property "persist.camera.dualev.limitUltrawide"
06-06 07:39:58.515 28473 28522 W libc : Access denied finding property "persist.camera.dualev.limitUltrawide"
06-06 07:39:58.545 28473 28522 W libc : Access denied finding property "persist.camera.dualev.limitUltrawide"
06-06 07:39:58.583 28473 28522 W libc : Access denied finding property "persist.camera.dualev.limitUltrawide"
06-06 07:39:58.611 28473 28522 W libc : Access denied finding property "persist.camera.dualev.limitUltrawide"
06-06 07:39:58.646 28473 28522 W libc : Access denied finding property "persist.camera.dualev.limitUltrawide"
06-06 07:39:58.679 28473 28522 W libc : Access denied finding property "persist.camera.dualev.limitUltrawide"
06-06 07:39:58.715 28473 28522 W libc : Access denied finding property "persist.camera.dualev.limitUltrawide"
06-06 07:39:58.745 28473 28522 W libc : Access denied finding property "persist.camera.dualev.limitUltrawide"
06-06 07:39:58.781 28473 28522 W libc : Access denied finding property "persist.camera.dualev.limitUltrawide"
06-06 07:39:58.813 28473 28522 W libc : Access denied finding property "persist.camera.dualev.limitUltrawide"
06-06 07:39:58.847 28473 28522 W libc : Access denied finding property "persist.camera.dualev.limitUltrawide"
06-06 07:39:58.880 28473 28522 W libc : Access denied finding property "persist.camera.dualev.limitUltrawide"
06-06 07:39:58.913 28473 28522 W libc : Access denied finding property "persist.camera.dualev.limitUltrawide"
06-06 07:39:58.945 28473 28522 W libc : Access denied finding property "persist.camera.dualev.limitUltrawide"
06-06 07:39:58.984 28473 28522 W libc : Access denied finding property "persist.camera.dualev.limitUltrawide"
06-06 07:39:59.014 28473 28522 W libc : Access denied finding property "persist.camera.dualev.limitUltrawide"
06-06 07:39:59.048 28473 28522 W libc : Access denied finding property "persist.camera.dualev.limitUltrawide"
06-06 07:39:59.079 28473 28522 W libc : Access denied finding property "persist.camera.dualev.limitUltrawide"
06-06 07:39:59.115 28473 28522 W libc : Access denied finding property "persist.camera.dualev.limitUltrawide"
06-06 07:39:59.144 28473 28522 W libc : Access denied finding property "persist.camera.dualev.limitUltrawide"
06-06 07:39:59.180 28473 28522 W libc : Access denied finding property "persist.camera.dualev.limitUltrawide"
06-06 07:39:59.214 28473 28522 W libc : Access denied finding property "persist.camera.dualev.limitUltrawide"
06-06 07:39:59.249 28473 28522 W libc : Access denied finding property "persist.camera.dualev.limitUltrawide"
06-06 07:39:59.278 28473 28522 W libc : Access denied finding property "persist.camera.dualev.limitUltrawide"
06-06 07:39:59.315 28473 28522 W libc : Access denied finding property "persist.camera.dualev.limitUltrawide"
06-06 07:39:59.348 28473 28522 W libc : Access denied finding property "persist.camera.dualev.limitUltrawide"
06-06 07:39:59.379 28473 28522 W libc : Access denied finding property "persist.camera.dualev.limitUltrawide"
06-06 07:39:59.412 28473 28522 W libc : Access denied finding property "persist.camera.dualev.limitUltrawide"
06-06 07:39:59.449 28473 28522 W libc : Access denied finding property "persist.camera.dualev.limitUltrawide"
06-06 07:39:59.482 28473 28522 W libc : Access denied finding property "persist.camera.dualev.limitUltrawide"
06-06 07:39:59.509 28473 28522 W libc : Access denied finding property "persist.camera.dualev.limitUltrawide"
06-06 07:39:59.542 28473 28522 W libc : Access denied finding property "persist.camera.dualev.limitUltrawide"
06-06 07:39:59.574 28473 28522 W libc : Access denied finding property "persist.camera.dualev.limitUltrawide"
06-06 07:39:59.608 28473 28522 W libc : Access denied finding property "persist.camera.dualev.limitUltrawide"
06-06 07:39:59.646 28473 28522 W libc : Access denied finding property "persist.camera.dualev.limitUltrawide"
06-06 07:39:59.676 28473 28522 W libc : Access denied finding property "persist.camera.dualev.limitUltrawide"
06-06 07:39:59.707 28473 28473 W CallbackHndlr: type=1400 audit(0.0:58366772): avc: denied { read } for name="u:object_r:vendor_camera_prop:s0" dev="tmpfs" ino=13499 scontext=u:r:untrusted_app_29:s0:c73,c257,c512,c768 tcontext=u:object_r:vendor_camera_prop:s0 tclass=file permissive=0 app=com.google.android.GoogleCameraEngR13F2
06-06 07:39:59.711 28473 28522 W libc : Access denied finding property "persist.camera.dualev.limitUltrawide"
06-06 07:39:59.746 28473 28522 W libc : Access denied finding property "persist.camera.dualev.limitUltrawide"
06-06 07:39:59.775 28473 28522 W libc : Access denied finding property "persist.camera.dualev.limitUltrawide"
06-06 07:39:59.811 28473 28522 W libc : Access denied finding property "persist.camera.dualev.limitUltrawide"
06-06 07:39:59.841 28473 28522 W libc : Access denied finding property "persist.camera.dualev.limitUltrawide"
06-06 07:39:59.882 28473 28522 W libc : Access denied finding property "persist.camera.dualev.limitUltrawide"
06-06 07:39:59.917 28473 28522 W libc : Access denied finding property "persist.camera.dualev.limitUltrawide"
06-06 07:39:59.949 28473 28522 W libc : Access denied finding property "persist.camera.dualev.limitUltrawide"
06-06 07:39:59.980 28473 28522 W libc : Access denied finding property "persist.camera.dualev.limitUltrawide"
06-06 07:40:00.014 28473 28522 W libc : Access denied finding property "persist.camera.dualev.limitUltrawide"
06-06 07:40:00.051 28473 28522 W libc : Access denied finding property "persist.camera.dualev.limitUltrawide"
06-06 07:40:00.081 28473 28522 W libc : Access denied finding property "persist.camera.dualev.limitUltrawide"
06-06 07:40:00.118 28473 28522 W libc : Access denied finding property "persist.camera.dualev.limitUltrawide"
06-06 07:40:00.149 28473 28522 W libc : Access denied finding property "persist.camera.dualev.limitUltrawide"
06-06 07:40:00.178 28473 28522 W libc : Access denied finding property "persist.camera.dualev.limitUltrawide"
06-06 07:40:00.215 28473 28522 W libc : Access denied finding property "persist.camera.dualev.limitUltrawide"
06-06 07:40:00.242 28473 28522 W libc : Access denied finding property "persist.camera.dualev.limitUltrawide"
06-06 07:40:00.276 28473 28522 W libc : Access denied finding property "persist.camera.dualev.limitUltrawide"
06-06 07:40:00.311 28473 28522 W CAM_AutoFlashIndicator: No converged AE result for 31 frames,falling back to single-image auto-flash photo
06-06 07:40:00.311 28473 28522 W libc : Access denied finding property "persist.camera.dualev.limitUltrawide"
06-06 07:40:00.348 28473 28522 W libc : Access denied finding property "persist.camera.dualev.limitUltrawide"
06-06 07:40:00.377 28473 28522 W libc : Access denied finding property "persist.camera.dualev.limitUltrawide"
06-06 07:40:00.413 28473 28522 W libc : Access denied finding property "persist.camera.dualev.limitUltrawide"
06-06 07:40:00.443 28473 28522 W libc : Access denied finding property "persist.camera.dualev.limitUltrawide"
06-06 07:40:00.475 28473 28522 W libc : Access denied finding property "persist.camera.dualev.limitUltrawide"
06-06 07:40:00.510 28473 28522 W libc : Access denied finding property "persist.camera.dualev.limitUltrawide"
06-06 07:40:00.544 28473 28522 W libc : Access denied finding property "persist.camera.dualev.limitUltrawide"
06-06 07:40:00.580 28473 28522 W libc : Access denied finding property "persist.camera.dualev.limitUltrawide"
06-06 07:40:00.611 28473 28522 W libc : Access denied finding property "persist.camera.dualev.limitUltrawide"
06-06 07:40:00.645 28473 28522 W libc : Access denied finding property "persist.camera.dualev.limitUltrawide"
06-06 07:40:00.677 28473 28522 W libc : Access denied finding property "persist.camera.dualev.limitUltrawide"
06-06 07:40:00.707 28473 28473 W CallbackHndlr: type=1400 audit(0.0:58366982): avc: denied { read } for name="u:object_r:vendor_camera_prop:s0" dev="tmpfs" ino=13499 scontext=u:r:untrusted_app_29:s0:c73,c257,c512,c768 tcontext=u:object_r:vendor_camera_prop:s0 tclass=file permissive=0 app=com.google.android.GoogleCameraEngR13F2
06-06 07:40:00.713 28473 28522 W libc : Access denied finding property "persist.camera.dualev.limitUltrawide"
06-06 07:40:00.744 28473 28522 W libc : Access denied finding property "persist.camera.dualev.limitUltrawide"
06-06 07:40:00.777 28473 28522 W libc : Access denied finding property "persist.camera.dualev.limitUltrawide"
06-06 07:40:00.811 28473 28522 W libc : Access denied finding property "persist.camera.dualev.limitUltrawide"
06-06 07:40:00.846 28473 28522 W libc : Access denied finding property "persist.camera.dualev.limitUltrawide"
06-06 07:40:00.884 28473 28522 W libc : Access denied finding property "persist.camera.dualev.limitUltrawide"
06-06 07:40:00.916 28473 28522 W libc : Access denied finding property "persist.camera.dualev.limitUltrawide"
06-06 07:40:00.945 28473 28522 W libc : Access denied finding property "persist.camera.dualev.limitUltrawide"
06-06 07:40:00.978 28473 28522 W libc : Access denied finding property "persist.camera.dualev.limitUltrawide"
06-06 07:40:01.016 28473 28522 W libc : Access denied finding property "persist.camera.dualev.limitUltrawide"
06-06 07:40:01.044 28473 28522 W libc : Access denied finding property "persist.camera.dualev.limitUltrawide"
06-06 07:40:01.078 28473 28522 W libc : Access denied finding property "persist.camera.dualev.limitUltrawide"
06-06 07:40:01.111 28473 28522 W libc : Access denied finding property "persist.camera.dualev.limitUltrawide"
06-06 07:40:01.145 28473 28522 W libc : Access denied finding property "persist.camera.dualev.limitUltrawide"
06-06 07:40:01.177 28473 28522 W libc : Access denied finding property "persist.camera.dualev.limitUltrawide"
06-06 07:40:01.212 28473 28522 W libc : Access denied finding property "persist.camera.dualev.limitUltrawide"
06-06 07:40:01.249 28473 28522 W libc : Access denied finding property "persist.camera.dualev.limitUltrawide"
06-06 07:40:01.280 28473 28522 W libc : Access denied finding property "persist.camera.dualev.limitUltrawide"
06-06 07:40:01.312 28473 28522 W libc : Access denied finding property "persist.camera.dualev.limitUltrawide"
06-06 07:40:01.345 28473 28522 W libc : Access denied finding property "persist.camera.dualev.limitUltrawide"
06-06 07:40:01.381 28473 28522 W libc : Access denied finding property "persist.camera.dualev.limitUltrawide"
06-06 07:40:01.416 28473 28612 W CAM_A : Previous or current projection matrix cannot be computed. Defaulting to identity
06-06 07:40:01.418 28473 28522 W libc : Access denied finding property "persist.camera.dualev.limitUltrawide"
06-06 07:40:01.445 28473 28522 W libc : Access denied finding property "persist.camera.dualev.limitUltrawide"
06-06 07:40:01.479 28473 28522 W libc : Access denied finding property "persist.camera.dualev.limitUltrawide"
06-06 07:40:01.510 28473 28522 W libc : Access denied finding property "persist.camera.dualev.limitUltrawide"
06-06 07:40:01.549 28473 28522 W libc : Access denied finding property "persist.camera.dualev.limitUltrawide"
06-06 07:40:01.579 28473 28522 W libc : Access denied finding property "persist.camera.dualev.limitUltrawide"
06-06 07:40:01.615 28473 28522 W libc : Access denied finding property "persist.camera.dualev.limitUltrawide"
06-06 07:40:01.647 28473 28522 W libc : Access denied finding property "persist.camera.dualev.limitUltrawide"
06-06 07:40:01.681 28473 28522 W libc : Access denied finding property "persist.camera.dualev.limitUltrawide"
06-06 07:40:01.711 28473 28473 W CallbackHndlr: type=1400 audit(0.0:58367191): avc: denied { read } for name="u:object_r:vendor_camera_prop:s0" dev="tmpfs" ino=13499 scontext=u:r:untrusted_app_29:s0:c73,c257,c512,c768 tcontext=u:object_r:vendor_camera_prop:s0 tclass=file permissive=0 app=com.google.android.GoogleCameraEngR13F2
06-06 07:40:01.714 28473 28522 W libc : Access denied finding property "persist.camera.dualev.limitUltrawide"
06-06 07:40:01.747 28473 28522 W libc : Access denied finding property "persist.camera.dualev.limitUltrawide"
06-06 07:40:01.782 28473 28522 W libc : Access denied finding property "persist.camera.dualev.limitUltrawide"
06-06 07:40:01.815 28473 28522 W libc : Access denied finding property "persist.camera.dualev.limitUltrawide"
06-06 07:40:01.847 28473 28522 W libc : Access denied finding property "persist.camera.dualev.limitUltrawide"
06-06 07:40:01.882 28473 28522 W libc : Access denied finding property "persist.camera.dualev.limitUltrawide"
06-06 07:40:01.917 28473 28522 W libc : Access denied finding property "persist.camera.dualev.limitUltrawide"
06-06 07:40:01.952 28473 28522 W libc : Access denied finding property "persist.camera.dualev.limitUltrawide"
06-06 07:40:01.987 28473 28522 W libc : Access denied finding property "persist.camera.dualev.limitUltrawide"
06-06 07:40:02.020 28473 28522 W libc : Access denied finding property "persist.camera.dualev.limitUltrawide"
06-06 07:40:02.051 28473 28522 W libc : Access denied finding property "persist.camera.dualev.limitUltrawide"
06-06 07:40:02.084 28473 28522 W libc : Access denied finding property "persist.camera.dualev.limitUltrawide"
06-06 07:40:02.117 28473 28522 W libc : Access denied finding property "persist.camera.dualev.limitUltrawide"
06-06 07:40:02.152 28473 28522 W libc : Access denied finding property "persist.camera.dualev.limitUltrawide"
06-06 07:40:02.183 28473 28522 W libc : Access denied finding property "persist.camera.dualev.limitUltrawide"
06-06 07:40:02.217 28473 28522 W libc : Access denied finding property "persist.camera.dualev.limitUltrawide"
06-06 07:40:02.249 28473 28522 W libc : Access denied finding property "persist.camera.dualev.limitUltrawide"
06-06 07:40:02.283 28473 28522 W libc : Access denied finding property "persist.camera.dualev.limitUltrawide"
06-06 07:40:02.316 28473 28522 W libc : Access denied finding property "persist.camera.dualev.limitUltrawide"
06-06 07:40:02.351 28473 28522 W libc : Access denied finding property "persist.camera.dualev.limitUltrawide"
06-06 07:40:02.384 28473 28522 W libc : Access denied finding property "persist.camera.dualev.limitUltrawide"
06-06 07:40:02.418 28473 28522 W libc : Access denied finding property "persist.camera.dualev.limitUltrawide"
06-06 07:40:02.451 28473 28522 W libc : Access denied finding property "persist.camera.dualev.limitUltrawide"
06-06 07:40:02.486 28473 28522 W libc : Access denied finding property "persist.camera.dualev.limitUltrawide"
06-06 07:40:02.518 28473 28522 W libc : Access denied finding property "persist.camera.dualev.limitUltrawide"
06-06 07:40:02.552 28473 28522 W libc : Access denied finding property "persist.camera.dualev.limitUltrawide"
06-06 07:40:02.584 28473 28522 W libc : Access denied finding property "persist.camera.dualev.limitUltrawide"
06-06 07:40:02.621 28473 28522 W libc : Access denied finding property "persist.camera.dualev.limitUltrawide"
06-06 07:40:02.653 28473 28522 W libc : Access denied finding property "persist.camera.dualev.limitUltrawide"
06-06 07:40:02.685 28473 28522 W libc : Access denied finding property "persist.camera.dualev.limitUltrawide"
06-06 07:40:02.711 28473 28473 W CallbackHndlr: type=1400 audit(0.0:58367400): avc: denied { read } for name="u:object_r:vendor_camera_prop:s0" dev="tmpfs" ino=13499 scontext=u:r:untrusted_app_29:s0:c73,c257,c512,c768 tcontext=u:object_r:vendor_camera_prop:s0 tclass=file permissive=0 app=com.google.android.GoogleCameraEngR13F2
06-06 07:40:02.717 28473 28522 W libc : Access denied finding property "persist.camera.dualev.limitUltrawide"
06-06 07:40:02.754 28473 28522 W libc : Access denied finding property "persist.camera.dualev.limitUltrawide"
06-06 07:40:02.755 28473 28473 W libc : Access denied finding property "persist.camera.allow_fine_haptics"
06-06 07:40:02.786 28473 28522 W libc : Access denied finding property "persist.camera.dualev.limitUltrawide"
06-06 07:40:02.819 28473 28522 W libc : Access denied finding property "persist.camera.dualev.limitUltrawide"
06-06 07:40:02.849 28473 28522 W libc : Access denied finding property "persist.camera.dualev.limitUltrawide"
06-06 07:40:02.885 28473 28522 W libc : Access denied finding property "persist.camera.dualev.limitUltrawide"
06-06 07:40:02.918 28473 28522 W libc : Access denied finding property "persist.camera.dualev.limitUltrawide"
06-06 07:40:02.923 28473 28473 W libc : Access denied finding property "persist.camera.allow_fine_haptics"
06-06 07:40:02.952 28473 28522 W libc : Access denied finding property "persist.camera.dualev.limitUltrawide"
06-06 07:40:02.983 28473 28522 W libc : Access denied finding property "persist.camera.dualev.limitUltrawide"
06-06 07:40:03.020 28473 28522 W libc : Access denied finding property "persist.camera.dualev.limitUltrawide"
06-06 07:40:03.050 28473 28522 W libc : Access denied finding property "persist.camera.dualev.limitUltrawide"
06-06 07:40:03.082 28473 28522 W libc : Access denied finding property "persist.camera.dualev.limitUltrawide"
06-06 07:40:03.118 28473 28522 W libc : Access denied finding property "persist.camera.dualev.limitUltrawide"
06-06 07:40:03.154 28473 28522 W libc : Access denied finding property "persist.camera.dualev.limitUltrawide"
06-06 07:40:03.186 28473 28522 W libc : Access denied finding property "persist.camera.dualev.limitUltrawide"
06-06 07:40:03.218 28473 28522 W libc : Access denied finding property "persist.camera.dualev.limitUltrawide"
06-06 07:40:03.256 28473 28522 W libc : Access denied finding property "persist.camera.dualev.limitUltrawide"
06-06 07:40:03.286 28473 28522 W libc : Access denied finding property "persist.camera.dualev.limitUltrawide"
06-06 07:40:03.316 28473 28522 W libc : Access denied finding property "persist.camera.dualev.limitUltrawide"
06-06 07:40:03.354 28473 28522 W libc : Access denied finding property "persist.camera.dualev.limitUltrawide"
06-06 07:40:03.384 28473 28522 W libc : Access denied finding property "persist.camera.dualev.limitUltrawide"
06-06 07:40:03.417 28473 28522 W libc : Access denied finding property "persist.camera.dualev.limitUltrawide"
06-06 07:40:03.453 28473 28522 W libc : Access denied finding property "persist.camera.dualev.limitUltrawide"
06-06 07:40:03.486 28473 28522 W libc : Access denied finding property "persist.camera.dualev.limitUltrawide"
06-06 07:40:03.508 28473 28473 W libc : Access denied finding property "persist.camera.allow_fine_haptics"
06-06 07:40:03.521 28473 28522 W libc : Access denied finding property "persist.camera.dualev.limitUltrawide"
06-06 07:40:03.554 28473 28522 W libc : Access denied finding property "persist.camera.dualev.limitUltrawide"
06-06 07:40:03.594 28473 28522 W libc : Access denied finding property "persist.camera.dualev.limitUltrawide"
06-06 07:40:03.596 28473 28612 E CAM_A : Camera metadata not valid at : 1114628583385564
06-06 07:40:03.623 28473 28522 W libc : Access denied finding property "persist.camera.dualev.limitUltrawide"
06-06 07:40:03.655 28473 28522 W libc : Access denied finding property "persist.camera.dualev.limitUltrawide"
06-06 07:40:03.689 28473 28522 W libc : Access denied finding property "persist.camera.dualev.limitUltrawide"
06-06 07:40:03.717 28473 28473 W CallbackHndlr: type=1400 audit(0.0:58367614): avc: denied { read } for name="u:object_r:vendor_camera_prop:s0" dev="tmpfs" ino=13499 scontext=u:r:untrusted_app_29:s0:c73,c257,c512,c768 tcontext=u:object_r:vendor_camera_prop:s0 tclass=file permissive=0 app=com.google.android.GoogleCameraEngR13F2
06-06 07:40:03.720 28473 28522 W libc : Access denied finding property "persist.camera.dualev.limitUltrawide"
06-06 07:40:03.755 28473 28522 W libc : Access denied finding property "persist.camera.dualev.limitUltrawide"
06-06 07:40:03.784 28473 28522 W libc : Access denied finding property "persist.camera.dualev.limitUltrawide"
06-06 07:40:03.823 28473 28522 W libc : Access denied finding property "persist.camera.dualev.limitUltrawide"
06-06 07:40:03.862 28473 28522 W libc : Access denied finding property "persist.camera.dualev.limitUltrawide"
06-06 07:40:03.886 28473 28522 W libc : Access denied finding property "persist.camera.dualev.limitUltrawide"
06-06 07:40:03.922 28473 28522 W libc : Access denied finding property "persist.camera.dualev.limitUltrawide"
06-06 07:40:03.954 28473 28522 W libc : Access denied finding property "persist.camera.dualev.limitUltrawide"
06-06 07:40:03.988 28473 28522 W libc : Access denied finding property "persist.camera.dualev.limitUltrawide"
06-06 07:40:04.023 28473 28522 W libc : Access denied finding property "persist.camera.dualev.limitUltrawide"
06-06 07:40:04.054 28473 28522 W libc : Access denied finding property "persist.camera.dualev.limitUltrawide"
06-06 07:40:04.086 28473 28522 W libc : Access denied finding property "persist.camera.dualev.limitUltrawide"
06-06 07:40:04.123 28473 28522 W libc : Access denied finding property "persist.camera.dualev.limitUltrawide"
06-06 07:40:04.155 28473 28522 W libc : Access denied finding property "persist.camera.dualev.limitUltrawide"
06-06 07:40:04.189 28473 28522 W libc : Access denied finding property "persist.camera.dualev.limitUltrawide"
06-06 07:40:04.221 28473 28522 W libc : Access denied finding property "persist.camera.dualev.limitUltrawide"
06-06 07:40:04.255 28473 28522 W libc : Access denied finding property "persist.camera.dualev.limitUltrawide"
06-06 07:40:04.288 28473 28522 W libc : Access denied finding property "persist.camera.dualev.limitUltrawide"
06-06 07:40:04.322 28473 28522 W libc : Access denied finding property "persist.camera.dualev.limitUltrawide"
06-06 07:40:04.352 28473 28522 W libc : Access denied finding property "persist.camera.dualev.limitUltrawide"
06-06 07:40:04.386 28473 28522 W libc : Access denied finding property "persist.camera.dualev.limitUltrawide"
06-06 07:40:04.392 28473 28612 E CAM_A : Camera metadata not valid at : 1114629384900650
06-06 07:40:04.420 28473 28522 W libc : Access denied finding property "persist.camera.dualev.limitUltrawide"
06-06 07:40:04.457 28473 28522 W libc : Access denied finding property "persist.camera.dualev.limitUltrawide"
06-06 07:40:04.459 28473 28612 E CAM_A : Camera metadata not valid at : 1114629451745807
06-06 07:40:04.488 28473 28522 W libc : Access denied finding property "persist.camera.dualev.limitUltrawide"
06-06 07:40:04.523 28473 28522 W libc : Access denied finding property "persist.camera.dualev.limitUltrawide"
06-06 07:40:04.557 28473 28522 W libc : Access denied finding property "persist.camera.dualev.limitUltrawide"
06-06 07:40:04.592 28473 28522 W libc : Access denied finding property "persist.camera.dualev.limitUltrawide"
06-06 07:40:04.605 28473 28612 E CAM_A : Camera metadata not valid at : 1114629585205946
06-06 07:40:04.623 28473 28522 W libc : Access denied finding property "persist.camera.dualev.limitUltrawide"
06-06 07:40:04.655 28473 28522 W libc : Access denied finding property "persist.camera.dualev.limitUltrawide"
06-06 07:40:04.686 28473 28522 W libc : Access denied finding property "persist.camera.dualev.limitUltrawide"
06-06 07:40:04.721 28473 28522 W libc : Access denied finding property "persist.camera.dualev.limitUltrawide"
06-06 07:40:04.717 28473 28473 W CallbackHndlr: type=1400 audit(0.0:58367825): avc: denied { read } for name="u:object_r:vendor_camera_prop:s0" dev="tmpfs" ino=13499 scontext=u:r:untrusted_app_29:s0:c73,c257,c512,c768 tcontext=u:object_r:vendor_camera_prop:s0 tclass=file permissive=0 app=com.google.android.GoogleCameraEngR13F2
06-06 07:40:04.755 28473 28522 W libc : Access denied finding property "persist.camera.dualev.limitUltrawide"
06-06 07:40:04.787 28473 28522 W libc : Access denied finding property "persist.camera.dualev.limitUltrawide"
06-06 07:40:04.824 28473 28522 W libc : Access denied finding property "persist.camera.dualev.limitUltrawide"
06-06 07:40:04.854 28473 28522 W libc : Access denied finding property "persist.camera.dualev.limitUltrawide"
06-06 07:40:04.891 28473 28522 W libc : Access denied finding property "persist.camera.dualev.limitUltrawide"
06-06 07:40:04.923 28473 28522 W libc : Access denied finding property "persist.camera.dualev.limitUltrawide"
06-06 07:40:04.958 28473 28522 W libc : Access denied finding property "persist.camera.dualev.limitUltrawide"
06-06 07:40:04.990 28473 28522 W libc : Access denied finding property "persist.camera.dualev.limitUltrawide"
06-06 07:40:05.020 28473 28522 W libc : Access denied finding property "persist.camera.dualev.limitUltrawide"
06-06 07:40:05.052 28473 28522 W libc : Access denied finding property "persist.camera.dualev.limitUltrawide"
06-06 07:40:05.089 28473 28522 W libc : Access denied finding property "persist.camera.dualev.limitUltrawide"
06-06 07:40:05.117 28473 28522 W libc : Access denied finding property "persist.camera.dualev.limitUltrawide"
06-06 07:40:05.155 28473 28522 W libc : Access denied finding property "persist.camera.dualev.limitUltrawide"
06-06 07:40:05.185 28473 28522 W libc : Access denied finding property "persist.camera.dualev.limitUltrawide"
06-06 07:40:05.220 28473 28522 W libc : Access denied finding property "persist.camera.dualev.limitUltrawide"
06-06 07:40:05.225 28473 28473 W libc : Access denied finding property "persist.camera.raw_mode"
06-06 07:40:05.256 28473 28522 W libc : Access denied finding property "persist.camera.dualev.limitUltrawide"
06-06 07:40:05.283 28473 28473 W MediaFsQModule: Returning Q MediaFs implementation
06-06 07:40:05.285 28473 28522 W libc : Access denied finding property "persist.camera.dualev.limitUltrawide"
06-06 07:40:05.287 28473 28473 W libc : Access denied finding property "persist.camera.3a.debug_meta"
06-06 07:40:05.300 28473 28744 W libc : Access denied finding property "persist.camera.jpeg_data_rotation"
06-06 07:40:05.318 28473 28522 W libc : Access denied finding property "persist.camera.dualev.limitUltrawide"
06-06 07:40:05.327 28473 28724 D CompatibilityChangeReporter: Compat change id reported: 150939131; UID 10329; state: DISABLED
06-06 07:40:05.353 28473 28522 W libc : Access denied finding property "persist.camera.dualev.limitUltrawide"
06-06 07:40:05.385 28473 28522 W libc : Access denied finding property "persist.camera.dualev.limitUltrawide"
06-06 07:40:05.418 28473 28522 W libc : Access denied finding property "persist.camera.dualev.limitUltrawide"
06-06 07:40:05.452 28473 28522 W libc : Access denied finding property "persist.camera.dualev.limitUltrawide"
06-06 07:40:05.485 28473 28522 W libc : Access denied finding property "persist.camera.dualev.limitUltrawide"
06-06 07:40:05.519 28473 28522 W libc : Access denied finding property "persist.camera.dualev.limitUltrawide"
06-06 07:40:05.559 28473 28522 W libc : Access denied finding property "persist.camera.dualev.limitUltrawide"
06-06 07:40:05.588 28473 28522 W libc : Access denied finding property "persist.camera.dualev.limitUltrawide"
06-06 07:40:05.624 28473 28522 W libc : Access denied finding property "persist.camera.dualev.limitUltrawide"
06-06 07:40:05.659 28473 28522 W libc : Access denied finding property "persist.camera.dualev.limitUltrawide"
06-06 07:40:05.686 28473 28522 W libc : Access denied finding property "persist.camera.dualev.limitUltrawide"
06-06 07:40:05.720 28473 28522 W libc : Access denied finding property "persist.camera.dualev.limitUltrawide"
06-06 07:40:05.755 28473 28522 W libc : Access denied finding property "persist.camera.dualev.limitUltrawide"
06-06 07:40:05.792 28473 28522 W libc : Access denied finding property "persist.camera.dualev.limitUltrawide"
06-06 07:40:05.825 28473 28522 W libc : Access denied finding property "persist.camera.dualev.limitUltrawide"
06-06 07:40:05.854 28473 28522 W libc : Access denied finding property "persist.camera.dualev.limitUltrawide"
06-06 07:40:05.893 28473 28522 W libc : Access denied finding property "persist.camera.dualev.limitUltrawide"
06-06 07:40:05.929 28473 28522 W libc : Access denied finding property "persist.camera.dualev.limitUltrawide"
06-06 07:40:05.959 28473 28522 W libc : Access denied finding property "persist.camera.dualev.limitUltrawide"
06-06 07:40:05.992 28473 28744 W libc : Access denied finding property "persist.camera.cuttle.extended"
06-06 07:40:05.992 28473 28744 W libc : Access denied finding property "persist.camera.cuttle.extended_iterable_burst"
06-06 07:40:05.992 28473 28522 W libc : Access denied finding property "persist.camera.dualev.limitUltrawide"
06-06 07:40:06.027 28473 28522 W libc : Access denied finding property "persist.camera.dualev.limitUltrawide"
06-06 07:40:06.032 28473 28744 W libc : Access denied finding property "persist.camera.mts_4k"
06-06 07:40:06.035 28473 28744 W libc : Access denied finding property "persist.camera.disable_hdrplus_postview"
06-06 07:40:06.053 28473 28522 W libc : Access denied finding property "persist.camera.dualev.limitUltrawide"
06-06 07:40:06.056 28473 28744 W libc : Access denied finding property "persist.camera.jpeg_data_rotation"
06-06 07:40:06.064 28473 28744 W libc : Access denied finding property "persist.camera.acat_firefly_on"
06-06 07:40:06.068 28473 28744 W libc : Access denied finding property "persist.camera.spatial_rgb_enabled"
06-06 07:40:06.069 28473 28744 W libc : Access denied finding property "persist.camera.wiener_force"
06-06 07:40:06.077 28473 28744 W libc : Access denied finding property "persist.camera.shasta_zsl"
06-06 07:40:06.084 28473 28744 W libc : Access denied finding property "persist.camera.shasta.factor"
06-06 07:40:06.085 28473 28744 W libc : Access denied finding property "persist.camera.cuttle.sky"
06-06 07:40:06.086 28473 28744 W libc : Access denied finding property "persist.camera.cuttle.rerun_fd"
06-06 07:40:06.088 28473 28522 W libc : Access denied finding property "persist.camera.dualev.limitUltrawide"
06-06 07:40:06.091 28473 28744 W pkr : CaptureResult is present COLOR_CORRECTION_GAINS NEUTRAL.
06-06 07:40:06.122 28473 28522 W libc : Access denied finding property "persist.camera.dualev.limitUltrawide"
06-06 07:40:06.132 28473 28744 W pkr : CaptureResult is present COLOR_CORRECTION_GAINS NEUTRAL.
06-06 07:40:06.155 28473 28522 W libc : Access denied finding property "persist.camera.dualev.limitUltrawide"
06-06 07:40:06.155 28473 28744 E libgcam : [tet_model.cc:110]: Check: TetModel::model[1]::overall_gain (1.000000) can not be less than the prior value (1.300000).
06-06 07:40:06.155 28473 28744 E libgcam : [tuning.cc:677]: GetPayloadBurstTetModel: Validation of TetModel failed:
06-06 07:40:06.155 28473 28744 E libgcam : [tuning.cc:680]: GetPayloadBurstTetModel: waypoints 6
06-06 07:40:06.155 28473 28744 E libgcam : exp_time_ms 0
06-06 07:40:06.155 28473 28744 E libgcam : overall_gain 1.29999995
06-06 07:40:06.155 28473 28744 E libgcam : exp_time_ms 3.20000005
06-06 07:40:06.155 28473 28744 E libgcam : overall_gain 1
06-06 07:40:06.155 28473 28744 E libgcam : exp_time_ms 3.20000005
06-06 07:40:06.155 28473 28744 E libgcam : overall_gain 51
06-06 07:40:06.155 28473 28744 E libgcam : exp_time_ms 200
06-06 07:40:06.155 28473 28744 E libgcam : overall_gain 102
06-06 07:40:06.155 28473 28744 E libgcam : exp_time_ms 200
06-06 07:40:06.155 28473 28744 E libgcam : overall_gain 102
06-06 07:40:06.155 28473 28744 E libgcam : exp_time_ms 99999
06-06 07:40:06.155 28473 28744 E libgcam : overall_gain 256
06-06 07:40:06.158 28473 28744 W libc : Access denied finding property "persist.camera.3a.debug_meta"
06-06 07:40:06.161 28473 28744 W libc : Access denied finding property "persist.camera.jpeg_data_rotation"
06-06 07:40:06.188 28473 28522 W libc : Access denied finding property "persist.camera.dualev.limitUltrawide"
06-06 07:40:06.225 28473 28522 W libc : Access denied finding property "persist.camera.dualev.limitUltrawide"
06-06 07:40:06.257 28473 28522 W libc : Access denied finding property "persist.camera.dualev.limitUltrawide"
06-06 07:40:06.290 28473 28522 W libc : Access denied finding property "persist.camera.dualev.limitUltrawide"
06-06 07:40:06.322 28473 28522 W libc : Access denied finding property "persist.camera.dualev.limitUltrawide"
06-06 07:40:06.357 28473 28522 W libc : Access denied finding property "persist.camera.dualev.limitUltrawide"
06-06 07:40:06.392 28473 28522 W libc : Access denied finding property "persist.camera.dualev.limitUltrawide"
06-06 07:40:06.417 28473 28522 W libc : Access denied finding property "persist.camera.dualev.limitUltrawide"
06-06 07:40:06.420 28473 28744 W pkr : CaptureResult is present COLOR_CORRECTION_GAINS NEUTRAL.
06-06 07:40:06.449 28473 28522 W libc : Access denied finding property "persist.camera.dualev.limitUltrawide"
06-06 07:40:06.452 28473 28744 W pkr : CaptureResult is present COLOR_CORRECTION_GAINS NEUTRAL.
06-06 07:40:06.481 28473 28522 W libc : Access denied finding property "persist.camera.dualev.limitUltrawide"
06-06 07:40:06.488 28473 28744 W pkr : CaptureResult is present COLOR_CORRECTION_GAINS NEUTRAL.
06-06 07:40:06.516 28473 28522 W libc : Access denied finding property "persist.camera.dualev.limitUltrawide"
06-06 07:40:06.522 28473 28744 W pkr : CaptureResult is present COLOR_CORRECTION_GAINS NEUTRAL.
06-06 07:40:06.549 28473 28522 W libc : Access denied finding property "persist.camera.dualev.limitUltrawide"
06-06 07:40:06.557 28473 28744 W pkr : CaptureResult is present COLOR_CORRECTION_GAINS NEUTRAL.
06-06 07:40:06.580 28473 28522 W libc : Access denied finding property "persist.camera.dualev.limitUltrawide"
06-06 07:40:06.586 28473 28744 W pkr : CaptureResult is present COLOR_CORRECTION_GAINS NEUTRAL.
06-06 07:40:06.617 28473 28522 W libc : Access denied finding property "persist.camera.dualev.limitUltrawide"
06-06 07:40:06.624 28473 28744 W pkr : CaptureResult is present COLOR_CORRECTION_GAINS NEUTRAL.
06-06 07:40:06.647 28473 28522 W libc : Access denied finding property "persist.camera.dualev.limitUltrawide"
06-06 07:40:06.652 28473 28744 W pkr : CaptureResult is present COLOR_CORRECTION_GAINS NEUTRAL.
06-06 07:40:06.678 28473 28522 W libc : Access denied finding property "persist.camera.dualev.limitUltrawide"
06-06 07:40:06.682 28473 28744 W pkr : CaptureResult is present COLOR_CORRECTION_GAINS NEUTRAL.
06-06 07:40:06.713 28473 28522 W libc : Access denied finding property "persist.camera.dualev.limitUltrawide"
06-06 07:40:06.719 28473 28744 W pkr : CaptureResult is present COLOR_CORRECTION_GAINS NEUTRAL.
06-06 07:40:06.728 28473 28587 E libgcam : [tet_model.cc:110]: Check: TetModel::model[1]::overall_gain (1.000000) can not be less than the prior value (1.300000).
06-06 07:40:06.728 28473 28587 E libgcam : [tuning.cc:677]: GetPayloadBurstTetModel: Validation of TetModel failed:
06-06 07:40:06.728 28473 28587 E libgcam : [tuning.cc:680]: GetPayloadBurstTetModel: waypoints 6
06-06 07:40:06.728 28473 28587 E libgcam : exp_time_ms 0
06-06 07:40:06.728 28473 28587 E libgcam : overall_gain 1.29999995
06-06 07:40:06.728 28473 28587 E libgcam : exp_time_ms 8
06-06 07:40:06.728 28473 28587 E libgcam : overall_gain 1
06-06 07:40:06.728 28473 28587 E libgcam : exp_time_ms 8
06-06 07:40:06.728 28473 28587 E libgcam : overall_gain 4
06-06 07:40:06.728 28473 28587 E libgcam : exp_time_ms 100
06-06 07:40:06.728 28473 28587 E libgcam : overall_gain 40
06-06 07:40:06.728 28473 28587 E libgcam : exp_time_ms 100
06-06 07:40:06.728 28473 28587 E libgcam : overall_gain 256
06-06 07:40:06.728 28473 28587 E libgcam : exp_time_ms 99999
06-06 07:40:06.728 28473 28587 E libgcam : overall_gain 256
06-06 07:40:06.727 28473 28473 W FrameLoop00: type=1400 audit(0.0:58368260): avc: denied { read } for name="u:object_r:vendor_camera_prop:s0" dev="tmpfs" ino=13499 scontext=u:r:untrusted_app_29:s0:c73,c257,c512,c768 tcontext=u:object_r:vendor_camera_prop:s0 tclass=file permissive=0 app=com.google.android.GoogleCameraEngR13F2
06-06 07:40:06.730 28473 28587 W libc : Access denied finding property "persist.camera.mts_4k"
06-06 07:40:06.732 28473 28587 W libc : Access denied finding property "persist.camera.disable_hdrplus_postview"
06-06 07:40:06.759 28473 28522 W libc : Access denied finding property "persist.camera.dualev.limitUltrawide"
06-06 07:40:06.802 28473 28522 W libc : Access denied finding property "persist.camera.dualev.limitUltrawide"
06-06 07:40:06.828 28473 28522 W libc : Access denied finding property "persist.camera.dualev.limitUltrawide"
06-06 07:40:06.833 28473 28482 I eCameraEngR13F2: NativeAlloc concurrent copying GC freed 548040(16MB) AllocSpace objects, 0(0B) LOS objects, 75% free, 11MB/45MB, paused 197us,108us total 148.895ms
06-06 07:40:06.854 28473 28522 W libc : Access denied finding property "persist.camera.dualev.limitUltrawide"
06-06 07:40:06.890 28473 28522 W libc : Access denied finding property "persist.camera.dualev.limitUltrawide"
06-06 07:40:06.906 28473 28587 W libc : Access denied finding property "persist.camera.no_low_fb"
06-06 07:40:06.926 28473 28522 W libc : Access denied finding property "persist.camera.dualev.limitUltrawide"
06-06 07:40:06.955 28473 28522 W libc : Access denied finding property "persist.camera.dualev.limitUltrawide"
06-06 07:40:06.986 28473 28473 W libc : Access denied finding property "persist.camera.toggle_zoom_bar"
06-06 07:40:06.988 28473 28473 W libc : Access denied finding property "persist.camera.p20_lens_setup"
06-06 07:40:06.989 28473 28473 W libc : Access denied finding property "persist.camera.p20_lens_setup"
06-06 07:40:06.990 28473 28473 W libc : Access denied finding property "persist.camera.p20_lens_setup"
06-06 07:40:06.991 28473 28473 W libc : Access denied finding property "persist.camera.p20_lens_setup"
06-06 07:40:06.991 28473 28473 W libc : Access denied finding property "persist.camera.p20_lens_setup"
06-06 07:40:06.991 28473 28473 W libc : Access denied finding property "persist.camera.p20_lens_setup"
06-06 07:40:06.992 28473 28522 W libc : Access denied finding property "persist.camera.dualev.limitUltrawide"
06-06 07:40:06.992 28473 28473 W libc : Access denied finding property "persist.camera.p20_lens_setup"
06-06 07:40:06.994 28473 28473 W libc : Access denied finding property "persist.camera.cutout_display"
06-06 07:40:06.995 28473 28493 W libc : Access denied finding property "persist.camera.storage_space_override"
06-06 07:40:06.996 28473 28473 W libc : Access denied finding property "persist.camera.cutout_trial_size"
06-06 07:40:07.026 28473 28522 W libc : Access denied finding property "persist.camera.dualev.limitUltrawide"
06-06 07:40:07.039 28473 28612 W CAM_A : Previous or current projection matrix cannot be computed. Defaulting to identity
06-06 07:40:07.066 28473 28522 W libc : Access denied finding property "persist.camera.dualev.limitUltrawide"
06-06 07:40:07.093 28473 28522 W libc : Access denied finding property "persist.camera.dualev.limitUltrawide"
06-06 07:40:07.123 28473 28522 W libc : Access denied finding property "persist.camera.dualev.limitUltrawide"
06-06 07:40:07.127 28473 28473 W CAM_A : isListed: unknown activity. mimeType=image/* className=com.facebook.timeline.stagingground.Fb4aProfilePictureShareActivityAlias
06-06 07:40:07.127 28473 28473 W CAM_A : isListed: unknown activity. mimeType=image/* className=com.facebook.composer.shareintent.ImplicitShareIntentHandlerDefaultAlias
06-06 07:40:07.127 28473 28473 W CAM_A : isListed: unknown activity. mimeType=image/* className=com.facebook.composer.shareintent.ShareToGroupsAlias
06-06 07:40:07.127 28473 28473 W CAM_A : isListed: unknown activity. mimeType=image/* className=com.facebook.lite.composer.activities.ShareIntentMultiPhotoAlphabeticalAlias
06-06 07:40:07.127 28473 28473 W CAM_A : isListed: unknown activity. mimeType=image/* className=com.facebook.lite.composer.activities.ShareIntentMultiPhotoGroupsAlias
06-06 07:40:07.127 28473 28473 W CAM_A : isListed: unknown activity. mimeType=image/* className=com.facebook.messenger.intents.MediaEditShareIntentHandler
06-06 07:40:07.134 28473 28473 W CAM_A : isListed: unknown activity. mimeType=video/* className=com.facebook.composer.shareintent.ImplicitShareIntentHandlerDefaultAlias
06-06 07:40:07.134 28473 28473 W CAM_A : isListed: unknown activity. mimeType=video/* className=com.facebook.composer.shareintent.ShareToGroupsAlias
06-06 07:40:07.134 28473 28473 W CAM_A : isListed: unknown activity. mimeType=video/* className=com.facebook.inspiration.fbshorts.shareintent.InpirationFbShortsShareAlias
06-06 07:40:07.134 28473 28473 W CAM_A : isListed: unknown activity. mimeType=video/* className=com.facebook.lite.composer.activities.ShareIntentVideoGroupsAlias
06-06 07:40:07.134 28473 28473 W CAM_A : isListed: unknown activity. mimeType=video/* className=com.facebook.lite.composer.activities.ShareIntentVideoAlphabeticalAlias
06-06 07:40:07.134 28473 28473 W CAM_A : isListed: unknown activity. mimeType=video/* className=com.facebook.messenger.intents.MediaEditShareIntentHandler
06-06 07:40:07.156 28473 28522 W libc : Access denied finding property "persist.camera.dualev.limitUltrawide"
06-06 07:40:07.191 28473 28522 W libc : Access denied finding property "persist.camera.dualev.limitUltrawide"
06-06 07:40:07.215 28473 28473 W libc : Access denied finding property "persist.camera.optbar.icons_on_closed_menu"
06-06 07:40:07.235 28473 28522 W libc : Access denied finding property "persist.camera.dualev.limitUltrawide"
06-06 07:40:07.256 28473 28522 W libc : Access denied finding property "persist.camera.dualev.limitUltrawide"
06-06 07:40:07.299 28473 28522 W libc : Access denied finding property "persist.camera.dualev.limitUltrawide"
06-06 07:40:07.325 28473 28522 W libc : Access denied finding property "persist.camera.dualev.limitUltrawide"
06-06 07:40:07.326 28473 28473 W libc : Access denied finding property "persist.camera.cutout_display"
06-06 07:40:07.327 28473 28473 W libc : Access denied finding property "persist.camera.cutout_trial_size"
06-06 07:40:07.341 28473 28473 W libc : Access denied finding property "persist.camera.cutout_display"
06-06 07:40:07.341 28473 28473 W libc : Access denied finding property "persist.camera.cutout_trial_size"
06-06 07:40:07.357 28473 28473 W libc : Access denied finding property "persist.camera.cutout_display"
06-06 07:40:07.358 28473 28473 W libc : Access denied finding property "persist.camera.cutout_trial_size"
06-06 07:40:07.359 28473 28522 W libc : Access denied finding property "persist.camera.dualev.limitUltrawide"
06-06 07:40:07.373 28473 28473 W libc : Access denied finding property "persist.camera.cutout_display"
06-06 07:40:07.374 28473 28473 W libc : Access denied finding property "persist.camera.cutout_trial_size"
06-06 07:40:07.389 28473 28473 W libc : Access denied finding property "persist.camera.cutout_display"
06-06 07:40:07.390 28473 28473 W libc : Access denied finding property "persist.camera.cutout_trial_size"
06-06 07:40:07.393 28473 28522 W libc : Access denied finding property "persist.camera.dualev.limitUltrawide"
06-06 07:40:07.406 28473 28473 W libc : Access denied finding property "persist.camera.cutout_display"
06-06 07:40:07.407 28473 28473 W libc : Access denied finding property "persist.camera.cutout_trial_size"
