Telechargé par ydiboras

logcat1717648789530

--------- beginning of main
06-06 07:39:49.558 28502 28502 W libprocessgroup: SetAttribute: unknown attribute: CfqGroupIdle
06-06 07:39:49.558 28502 28502 W libprocessgroup: SetAttribute: unknown attribute: CfqWeight
06-06 07:39:49.558 28502 28502 W libprocessgroup: SetAttribute: unknown attribute: CfqGroupIdle
06-06 07:39:49.558 28502 28502 W libprocessgroup: SetAttribute: unknown attribute: CfqWeight
06-06 07:39:49.558 28502 28502 W libprocessgroup: SetAttribute: unknown attribute: CfqGroupIdle
06-06 07:39:49.558 28502 28502 W libprocessgroup: SetAttribute: unknown attribute: CfqWeight
06-06 07:39:49.558 28502 28502 W libprocessgroup: SetAttribute: unknown attribute: CfqGroupIdle
06-06 07:39:49.558 28502 28502 W libprocessgroup: SetAttribute: unknown attribute: CfqWeight
06-06 07:39:49.565 28473 28505 I CameraManagerGlobal: Connecting to camera service
06-06 07:39:49.570 28473 28473 D CompatibilityChangeReporter: Compat change id reported: 183155436; UID 10329; state: DISABLED
06-06 07:39:49.573 28473 28507 W libc : Access denied finding property "persist.camera.enable_sideline"
06-06 07:39:49.575 28473 28507 D CameraManager2: GotArray:0
06-06 07:39:49.575 28473 28507 D CameraManager2: GotArray:1
06-06 07:39:49.575 28473 28509 D CameraManager2: GotArray:0
06-06 07:39:49.575 28473 28509 D CameraManager2: GotArray:1
06-06 07:39:49.576 28473 28509 W libc : Access denied finding property "persist.camera.enable_zebras"
06-06 07:39:49.576 28473 28509 W libc : Access denied finding property "persist.camera.enable_vesper"
06-06 07:39:49.576 28473 28509 W libc : Access denied finding property "persist.camera.enable_lvesper"
06-06 07:39:49.577 28473 28495 W VideoCapabilities: Unrecognized level 1879048707 for video/x-vnd.on2.vp8
06-06 07:39:49.577 28473 28495 W VideoCapabilities: Unrecognized profile 1879048704 for video/x-vnd.on2.vp8
06-06 07:39:49.577 28473 28495 W VideoCapabilities: Unrecognized level 1879048707 for video/x-vnd.on2.vp8
06-06 07:39:49.577 28473 28495 W VideoCapabilities: Unrecognized profile 1879048704 for video/x-vnd.on2.vp8
06-06 07:39:49.578 28473 28509 W libc : Access denied finding property "persist.camera.launch_vfe"
06-06 07:39:49.578 28473 28509 W libc : Access denied finding property "persist.camera.viewfinder_effect_disabled_photo"
06-06 07:39:49.578 28473 28509 W libc : Access denied finding property "persist.camera.front.translucentSelfieIllumination"
06-06 07:39:49.578 28473 28509 W libc : Access denied finding property "persist.camera.front.viewfinderIlluminationColor"
06-06 07:39:49.578 28473 28495 W VideoCapabilities: Unsupported mime image/vnd.android.heic
06-06 07:39:49.578 28473 28495 W VideoCapabilities: Unrecognized level 1879048707 for video/x-vnd.on2.vp8
06-06 07:39:49.578 28473 28495 W VideoCapabilities: Unrecognized profile 1879048704 for video/x-vnd.on2.vp8
06-06 07:39:49.578 28473 28495 W VideoCapabilities: Unrecognized level 1879048707 for video/x-vnd.on2.vp8
06-06 07:39:49.579 28473 28495 W VideoCapabilities: Unrecognized profile 1879048704 for video/x-vnd.on2.vp8
06-06 07:39:49.580 28473 28509 D CameraManager2: GotArray:0
06-06 07:39:49.580 28473 28509 D CameraManager2: GotArray:1
06-06 07:39:49.583 28473 28495 W CAM_A : This apk does NOT targets R but it may be running on android build: UP1A.231105.001.B2 11260668 which has a fix for b/149569689. See go/gca-rvc-migration-plan for details. You must use a more recent GCA apk after cl/307677912
06-06 07:39:49.583 28473 28495 D CameraManager2: GotArray:0
06-06 07:39:49.583 28473 28495 D CameraManager2: GotArray:1
06-06 07:39:49.587 28473 28473 D CompatibilityChangeReporter: Compat change id reported: 210923482; UID 10329; state: DISABLED
06-06 07:39:49.588 28473 28473 D CompatibilityChangeReporter: Compat change id reported: 37756858; UID 10329; state: ENABLED
06-06 07:39:49.588 28473 28509 D CameraManager2: GotArray:0
06-06 07:39:49.588 28473 28509 D CameraManager2: GotArray:1
06-06 07:39:49.590 28473 28509 W libc : Access denied finding property "persist.camera.lasagna"
06-06 07:39:49.592 28473 28509 D CameraManager2: GotArray:0
06-06 07:39:49.592 28473 28509 D CameraManager2: GotArray:1
06-06 07:39:49.592 28473 28509 W libc : Access denied finding property "persist.camera.p21_front_setup"
06-06 07:39:49.596 28473 28509 W libc : Access denied finding property "persist.camera.ddepth_rear"
06-06 07:39:49.596 28473 28509 W libc : Access denied finding property "persist.camera.ddepth_front"
06-06 07:39:49.597 28473 28509 W libc : Access denied finding property "persist.camera.pck_large_yuv"
06-06 07:39:49.597 28473 28507 W libc : Access denied finding property "persist.camera.chameleon.enabled"
06-06 07:39:49.598 28473 28509 W libc : Access denied finding property "persist.camera.gpu_sampled_image"
06-06 07:39:49.598 28473 28473 W libc : Access denied finding property "persist.camera.optbar.icons_on_closed_menu"
06-06 07:39:49.599 28473 28507 W libc : Access denied finding property "persist.camera.enable_coach"
06-06 07:39:49.599 28473 28507 W libc : Access denied finding property "persist.camera.coach.scene_detection"
06-06 07:39:49.599 28473 28507 W libc : Access denied finding property "persist.camera.enable_coach"
06-06 07:39:49.599 28473 28507 W libc : Access denied finding property "persist.camera.coach.content_detection"
06-06 07:39:49.602 28473 28509 W libc : Access denied finding property "persist.camera.enable_micro"
06-06 07:39:49.602 28473 28509 W libc : Access denied finding property "persist.camera.enable_hw_buff_uflag"
06-06 07:39:49.602 28473 28509 W libc : Access denied finding property "persist.camera.ddepth_rear"
06-06 07:39:49.602 28473 28509 W libc : Access denied finding property "persist.camera.3a_stats_log"
06-06 07:39:49.603 28473 28509 W libc : Access denied finding property "persist.camera.familiar_faces_awb"
06-06 07:39:49.608 28473 28509 W libc : Access denied finding property "persist.camera.falcon_enabled"
06-06 07:39:49.609 28473 28509 W libc : Access denied finding property "persist.camera.falcon_enabled"
06-06 07:39:49.613 28473 28509 D CompatibilityChangeReporter: Compat change id reported: 236825255; UID 10329; state: DISABLED
06-06 07:39:49.625 28473 28509 W libc : Access denied finding property "persist.camera.3a_stats_log"
06-06 07:39:49.625 28473 28509 W libc : Access denied finding property "persist.camera.p20_lens_setup"
06-06 07:39:49.625 28473 28509 W libc : Access denied finding property "persist.camera.enable_hound"
06-06 07:39:49.625 28473 28509 W libc : Access denied finding property "persist.camera.hdr_plus_torch_thermal_throttling"
06-06 07:39:49.626 28473 28509 W libc : Access denied finding property "persist.camera.mts_4k"
06-06 07:39:49.626 28473 28509 W libc : Access denied finding property "persist.camera.mts_4k"
06-06 07:39:49.629 28473 28509 W libc : Access denied finding property "persist.camera.mts_4k"
06-06 07:39:49.629 28473 28509 W libc : Access denied finding property "persist.camera.mts_4k"
06-06 07:39:49.630 28473 28509 W libc : Access denied finding property "persist.camera.zsl.extended_buffer_factor"
06-06 07:39:49.630 28473 28509 W libc : Access denied finding property "persist.camera.cuttle.extended"
06-06 07:39:49.630 28473 28509 W libc : Access denied finding property "persist.camera.ae.hdrplus_region_weight"
06-06 07:39:49.646 28473 28473 I DeezNuts: MSG: SLIDER 1 FOCUS: 1.0E-4
06-06 07:39:49.646 28473 28473 I ProReC : setprogres0
06-06 07:39:49.646 28473 28473 I DeezNuts: MSG: SLIDER 0 IDX: 0
06-06 07:39:49.646 28473 28473 I ProReC : setprogres_iso0
06-06 07:39:49.646 28473 28473 I za.defcomk.prorec.cust2.RotSeek: setprogres_iso0
06-06 07:39:49.647 28473 28473 D CompatibilityChangeReporter: Compat change id reported: 171228096; UID 10329; state: ENABLED
06-06 07:39:49.657 28473 28473 W eCameraEngR13F2: type=1400 audit(0.0:58364336): avc: denied { read } for name="u:object_r:vendor_camera_prop:s0" dev="tmpfs" ino=13499 scontext=u:r:untrusted_app_29:s0:c73,c257,c512,c768 tcontext=u:object_r:vendor_camera_prop:s0 tclass=file permissive=0 app=com.google.android.GoogleCameraEngR13F2
06-06 07:39:49.662 28473 28473 W libc : Access denied finding property "persist.camera.cutout_trial_size"
06-06 07:39:49.662 28473 28473 W libc : Access denied finding property "persist.camera.cutout_trial_size"
06-06 07:39:49.657 28473 28473 W eCameraEngR13F2: type=1400 audit(0.0:58364337): avc: denied { read } for name="u:object_r:vendor_camera_prop:s0" dev="tmpfs" ino=13499 scontext=u:r:untrusted_app_29:s0:c73,c257,c512,c768 tcontext=u:object_r:vendor_camera_prop:s0 tclass=file permissive=0 app=com.google.android.GoogleCameraEngR13F2
06-06 07:39:49.664 28473 28507 W libc : Access denied finding property "persist.camera.launch_vfe"
06-06 07:39:49.666 28473 28507 W libc : Access denied finding property "persist.camera.catshark_enabled.RESTART"
06-06 07:39:49.666 28473 28507 W libc : Access denied finding property "persist.camera.catshark_enabled.RESTART"
06-06 07:39:49.666 28473 28507 W libc : Access denied finding property "persist.camera.manual_focus_infinity"
06-06 07:39:49.667 28473 28473 W libc : Access denied finding property "persist.camera.logger_throttle_millis"
06-06 07:39:49.668 28473 28507 W libc : Access denied finding property "persist.camera.raw_mode"
06-06 07:39:49.668 28473 28507 W libc : Access denied finding property "persist.camera.raw_mode"
06-06 07:39:49.668 28473 28507 W libc : Access denied finding property "persist.camera.auto_fps_default"
06-06 07:39:49.669 28473 28473 D CompatibilityChangeReporter: Compat change id reported: 237531167; UID 10329; state: DISABLED
06-06 07:39:49.675 28473 28542 W Parcel : Expecting binder but got null!
06-06 07:39:49.678 28473 28507 W libc : Access denied finding property "persist.camera.allow_fine_haptics"
06-06 07:39:49.679 28473 28507 W libc : Access denied finding property "persist.camera.toggle_zoom_bar"
06-06 07:39:49.689 28473 28507 W libc : Access denied finding property "persist.camera.p21_front_setup"
06-06 07:39:49.719 28473 28473 W libc : Access denied finding property "persist.camera.cutout_display"
06-06 07:39:49.719 28473 28473 W libc : Access denied finding property "persist.camera.cutout_display"
06-06 07:39:49.719 28473 28473 W libc : Access denied finding property "persist.camera.optbar.icons_on_closed_menu"
06-06 07:39:49.726 28473 28507 W libc : Access denied finding property "persist.camera.gouda.firefly_enabled"
06-06 07:39:49.726 28473 28507 W libc : Access denied finding property "persist.camera.cuttleface_edu"
06-06 07:39:49.726 28473 28507 W libc : Access denied finding property "persist.camera.chameleon.enabled"
06-06 07:39:49.726 28473 28507 W libc : Access denied finding property "persist.camera.optbar.icons_on_closed_menu"
06-06 07:39:49.727 28473 28507 W libc : Access denied finding property "persist.camera.auto_timer_enabled"
06-06 07:39:49.727 28473 28507 W libc : Access denied finding property "persist.camera.hdr_plus_torch_thermal_throttling"
06-06 07:39:49.729 28473 28507 D CameraManager2: GotArray:0
06-06 07:39:49.729 28473 28507 D CameraManager2: GotArray:1
06-06 07:39:49.729 28473 28507 W libc : Access denied finding property "persist.camera.enable_cheetah"
06-06 07:39:49.731 28473 28497 I AdrenoGLES-0: QUALCOMM build : 4783c89, I46ff5fc46f
06-06 07:39:49.731 28473 28497 I AdrenoGLES-0: Build Date : 11/30/20
06-06 07:39:49.731 28473 28497 I AdrenoGLES-0: OpenGL ES Shader Compiler Version: EV031.31.04.01
06-06 07:39:49.731 28473 28497 I AdrenoGLES-0: Local Branch : QPR2
06-06 07:39:49.731 28473 28497 I AdrenoGLES-0: Remote Branch : 06-06 07:39:49.731 28473 28497 I AdrenoGLES-0: Remote Branch : 06-06 07:39:49.731 28473 28497 I AdrenoGLES-0: Reconstruct Branch : 06-06 07:39:49.731 28473 28497 I AdrenoGLES-0: Build Config : S P 10.0.4 AArch64
06-06 07:39:49.731 28473 28497 I AdrenoGLES-0: Driver Path : /vendor/lib64/egl/libGLESv2_adreno.so
06-06 07:39:49.731 28473 28473 W libc : Access denied finding property "persist.camera.cutout_display"
06-06 07:39:49.733 28473 28507 W libc : Access denied finding property "persist.camera.micro_longp_help"
06-06 07:39:49.733 28473 28507 W libc : Access denied finding property "persist.camera.longp_zoom_lock"
06-06 07:39:49.740 28473 28497 I AdrenoGLES-0: PFP: 0x016dd093, ME: 0x00000000
06-06 07:39:49.745 28473 28497 W AdrenoUtils: <ReadGpuID_from_sysfs:197>: Failed to open /sys/class/kgsl/kgsl-3d0/gpu_model
06-06 07:39:49.745 28473 28497 W AdrenoUtils: <ReadGpuID:221>: Failed to read chip ID from gpu_model. Fallback to use the GSL path
06-06 07:39:49.776 28473 28497 E OpenGLRenderer: Unable to match the desired swap behavior.
06-06 07:39:49.789 28473 28496 W ProtoDataStoreFlagStore: Unable to retrieve flag snapshot for com.google.android.libraries.consentverifier#com.google.android.GoogleCameraEngR13F2, using defaults.
06-06 07:39:49.806 28473 28473 W CAM_A : Was already registered as ThermalStatusListener on AppStart
06-06 07:39:50.506 28473 28507 D CameraManager2: GotArray:0
06-06 07:39:50.506 28473 28507 D CameraManager2: GotArray:1
06-06 07:39:50.543 28473 28507 D CameraManager2: GotArray:0
06-06 07:39:50.543 28473 28507 D CameraManager2: GotArray:1
06-06 07:39:50.547 28473 28509 W libc : Access denied finding property "persist.camera.cuttle.motion_metadata"
06-06 07:39:50.548 28473 28509 W libc : Access denied finding property "persist.camera.shasta_zsl.max_exptime_ms"
06-06 07:39:50.548 28473 28509 W libc : Access denied finding property "persist.camera.catshark_in_threshold"
06-06 07:39:50.548 28473 28509 W libc : Access denied finding property "persist.camera.catshark_out_threshold"
06-06 07:39:50.548 28473 28509 W libc : Access denied finding property "persist.camera.catshark_cheese_in_threshold"
06-06 07:39:50.548 28473 28509 W libc : Access denied finding property "persist.camera.catshark_cheese_out_threshold"
06-06 07:39:50.548 28473 28509 W libc : Access denied finding property "persist.camera.catshark_full_threshold"
06-06 07:39:50.548 28473 28509 W libc : Access denied finding property "persist.camera.catshark_enabled.RESTART"
06-06 07:39:50.548 28473 28509 W libc : Access denied finding property "persist.camera.ddepth_rear"
06-06 07:39:50.548 28473 28509 W libc : Access denied finding property "persist.camera.falcon_enabled"
06-06 07:39:50.548 28473 28509 W libc : Access denied finding property "persist.camera.catshark_enabled.RESTART"
06-06 07:39:50.548 28473 28509 W libc : Access denied finding property "persist.camera.enable_mvesper"
06-06 07:39:50.548 28473 28507 W libc : Access denied finding property "persist.camera.lasagna"
06-06 07:39:50.549 28473 28509 W libc : Access denied finding property "persist.camera.disable_hdrplus_postview"
06-06 07:39:50.550 28473 28507 W libc : Access denied finding property "persist.camera.lasagna.shot_type"
06-06 07:39:50.550 28473 28507 W libc : Access denied finding property "persist.camera.lasagna_options"
06-06 07:39:50.550 28473 28509 W libc : Access denied finding property "persist.camera.gouda.firefly_cpu"
06-06 07:39:50.550 28473 28509 W libc : Access denied finding property "persist.camera.cuttle.motion_metadata"
06-06 07:39:50.553 28473 28509 W libc : Access denied finding property "persist.camera.catshark_enabled.RESTART"
06-06 07:39:50.554 28473 28597 W libc : Access denied finding property "persist.camera.thread_throttling"
06-06 07:39:50.554 28473 28509 W libc : Access denied finding property "persist.camera.enable_zebras"
06-06 07:39:50.554 28473 28509 W libc : Access denied finding property "persist.camera.fc_extraction"
06-06 07:39:50.554 28473 28495 W libc : Access denied finding property "persist.camera.shasta_zsl.max_exptime_ms"
06-06 07:39:50.557 28473 28509 W libc : Access denied finding property "persist.camera.p20_lens_setup"
06-06 07:39:50.557 28473 28509 W CAM_SimpleReqProcessor: Failed to add Stream-0 to CaptureRequest for Request-0. The surface (null) was not valid.
06-06 07:39:50.557 28473 28509 W CAM_SimpleReqProcessor: Failed to submit a CaptureRequest for Request-0: There were no surfaces on the request.
06-06 07:39:50.557 28473 28509 W libc : Access denied finding property "persist.camera.first_preview_frame"
06-06 07:39:50.557 28473 28509 W libc : Access denied finding property "persist.camera.falcon_enabled"
06-06 07:39:50.558 28473 28509 W libc : Access denied finding property "persist.camera.chameleon.enabled"
06-06 07:39:50.558 28473 28509 W libc : Access denied finding property "persist.camera.disable_hdrplus_postview"
06-06 07:39:50.558 28473 28509 W CAM_SimpleReqProcessor: Failed to add Stream-0 to CaptureRequest for Request-1. The surface (null) was not valid.
06-06 07:39:50.561 28473 28507 W libc : Access denied finding property "persist.camera.catshark_enabled.RESTART"
06-06 07:39:50.562 28473 28507 W libc : Access denied finding property "persist.camera.longp_topshot_indicator"
06-06 07:39:50.562 28473 28507 W libc : Access denied finding property "persist.camera.longp_top_shot_animation"
06-06 07:39:50.562 28473 28507 W libc : Access denied finding property "persist.camera.coach.horizon_no_face"
06-06 07:39:50.562 28473 28507 W libc : Access denied finding property "persist.camera.coach.fast_up_down"
06-06 07:39:50.562 28473 28507 W libc : Access denied finding property "persist.camera.coach.fast_up_down"
06-06 07:39:50.562 28473 28507 W libc : Access denied finding property "persist.camera.coach.selfie_angle"
06-06 07:39:50.562 28473 28507 W libc : Access denied finding property "persist.camera.coach.selfie_bottom_sheet"
06-06 07:39:50.562 28473 28507 W libc : Access denied finding property "persist.camera.coach.long_lock"
06-06 07:39:50.562 28473 28507 W libc : Access denied finding property "persist.camera.coach.hint_ns"
06-06 07:39:50.563 28473 28507 W libc : Access denied finding property "persist.camera.chameleon.enabled"
06-06 07:39:50.563 28473 28509 W libc : Access denied finding property "persist.camera.artemis_idx"
06-06 07:39:50.563 28473 28507 W libc : Access denied finding property "persist.camera.no_media_type_none_on_q_or_above"
06-06 07:39:50.564 28473 28507 W libc : Access denied finding property "persist.camera.micro_longp_slide"
06-06 07:39:50.564 28473 28507 W libc : Access denied finding property "persist.camera.longp_zoom_lock"
06-06 07:39:50.564 28473 28473 W libc : Access denied finding property "persist.camera.optbar.standalone_settings_button"
06-06 07:39:50.566 28473 28473 W libc : Access denied finding property "persist.camera.optbar.standalone_settings_button"
06-06 07:39:50.566 28473 28509 W libc : Access denied finding property "persist.camera.p20_lens_setup"
06-06 07:39:50.566 28473 28473 W libc : Access denied finding property "persist.camera.catshark_enabled.RESTART"
06-06 07:39:50.566 28473 28509 W libc : Access denied finding property "persist.camera.auto_timer_enabled"
06-06 07:39:50.567 28473 28505 W libc : Access denied finding property "persist.camera.fc_extraction"
06-06 07:39:50.567 28473 28509 W CAM_SimpleReqProcessor: Failed to add Stream-0 to CaptureRequest for Request-2. The surface (null) was not valid.
06-06 07:39:50.567 28473 28495 W libc : Access denied finding property "persist.camera.catshark_enabled.RESTART"
06-06 07:39:50.567 28473 28495 W libc : Access denied finding property "persist.camera.shasta_zsl"
06-06 07:39:50.567 28473 28507 W libc : Access denied finding property "persist.camera.chameleon.enabled"
06-06 07:39:50.567 28473 28495 W libc : Access denied finding property "persist.camera.pck_large_yuv"
06-06 07:39:50.567 28473 28507 W libc : Access denied finding property "persist.camera.toggle_zoom_bar"
06-06 07:39:50.568 28473 28495 W libc : Access denied finding property "persist.camera.disable_hdrplus_postview"
06-06 07:39:50.568 28473 28495 W libc : Access denied finding property "persist.camera.mts_4k"
06-06 07:39:50.569 28473 28509 W CAM_SimpleReqProcessor: Failed to add Stream-0 to CaptureRequest for Request-3. The surface (null) was not valid.
06-06 07:39:50.570 28473 28495 W libc : Access denied finding property "persist.camera.falcon_enabled"
06-06 07:39:50.570 28473 28495 W libc : Access denied finding property "persist.camera.jpeg_data_rotation"
06-06 07:39:50.571 28473 28509 W CAM_SimpleReqProcessor: Failed to add Stream-0 to CaptureRequest for Request-4. The surface (null) was not valid.
06-06 07:39:50.571 28473 28495 W libc : Access denied finding property "persist.camera.falcon_enabled"
06-06 07:39:50.571 28473 28495 W libc : Access denied finding property "persist.camera.falcon_enabled"
06-06 07:39:50.572 28473 28495 W libc : Access denied finding property "persist.camera.3a.debug_meta"
06-06 07:39:50.572 28473 28495 W libc : Access denied finding property "persist.camera.pck_large_yuv"
06-06 07:39:50.572 28473 28495 W libc : Access denied finding property "persist.camera.pck_large_yuv"
06-06 07:39:50.572 28473 28495 W libc : Access denied finding property "persist.camera.cuttle.enable_timeout"
06-06 07:39:50.572 28473 28495 W libc : Access denied finding property "persist.camera.cuttle.custom_timeout_ms"
06-06 07:39:50.572 28473 28495 W libc : Access denied finding property "persist.camera.psaf_skip_af_lock_chk"
06-06 07:39:50.572 28473 28509 W CAM_SimpleReqProcessor: Failed to add Stream-0 to CaptureRequest for Request-5. The surface (null) was not valid.
06-06 07:39:50.573 28473 28495 W libc : Access denied finding property "persist.camera.catshark_enabled.RESTART"
06-06 07:39:50.573 28473 28495 W libc : Access denied finding property "persist.camera.kepler_enabled"
06-06 07:39:50.574 28473 28495 W libc : Access denied finding property "persist.camera.kepler_enabled"
06-06 07:39:50.574 28473 28495 W libc : Access denied finding property "persist.camera.cuttle.extended_iterable_burst"
06-06 07:39:50.574 28473 28509 W CAM_A : UI view not yet initialized
06-06 07:39:50.574 28473 28495 W libc : Access denied finding property "persist.camera.shasta_zsl"
06-06 07:39:50.574 28473 28509 W libc : Access denied finding property "persist.camera.3a_stats_log"
06-06 07:39:50.574 28473 28495 W libc : Access denied finding property "persist.camera.cuttle.fastaf"
06-06 07:39:50.574 28473 28495 W libc : Access denied finding property "persist.camera.cuttle.extended_iterable_burst"
06-06 07:39:50.574 28473 28495 W libc : Access denied finding property "persist.camera.catshark_enabled.RESTART"
06-06 07:39:50.574 28473 28495 W libc : Access denied finding property "persist.camera.enable_cuttlef"
06-06 07:39:50.574 28473 28509 W libc : Access denied finding property "persist.camera.familiar_faces_awb"
06-06 07:39:50.574 28473 28509 W libc : Access denied finding property "persist.camera.falcon_enabled"
06-06 07:39:50.574 28473 28509 W libc : Access denied finding property "persist.camera.enable_hound"
06-06 07:39:50.575 28473 28509 W libc : Access denied finding property "persist.camera.shasta_zsl"
06-06 07:39:50.575 28473 28509 W CAM_SimpleReqProcessor: Failed to add Stream-0 to CaptureRequest for Request-6. The surface (null) was not valid.
06-06 07:39:50.576 28473 28473 W libc : Access denied finding property "persist.camera.use_video_resolution_option"
06-06 07:39:50.576 28473 28509 W libc : Access denied finding property "persist.camera.hal_capture_status"
06-06 07:39:50.577 28473 28509 W libc : Access denied finding property "persist.camera.p20_lens_setup"
06-06 07:39:50.577 28473 28509 W libc : Access denied finding property "persist.camera.falcon_enabled"
06-06 07:39:50.577 28473 28509 W CAM_SimpleReqProcessor: Failed to add Stream-0 to CaptureRequest for Request-7. The surface (null) was not valid.
06-06 07:39:50.579 28473 28509 W CAM_SimpleReqProcessor: Failed to add Stream-0 to CaptureRequest for Request-8. The surface (null) was not valid.
06-06 07:39:50.580 28473 28599 W CAM_SimpleReqProcessor: Failed to add Stream-0 to CaptureRequest for Request-9. The surface (null) was not valid.
06-06 07:39:50.581 28473 28599 W CAM_SimpleReqProcessor: Failed to add Stream-0 to CaptureRequest for Request-10. The surface (null) was not valid.
06-06 07:39:50.583 28473 28599 W CAM_SimpleReqProcessor: Failed to add Stream-0 to CaptureRequest for Request-11. The surface (null) was not valid.
06-06 07:39:50.584 28473 28599 W CAM_SimpleReqProcessor: Failed to add Stream-0 to CaptureRequest for Request-12. The surface (null) was not valid.
06-06 07:39:50.585 28473 28473 W libc : Access denied finding property "persist.camera.manual_focus_enabled"
06-06 07:39:50.586 28473 28473 W libc : Access denied finding property "persist.camera.hdr_plus_torch_thermal_throttling"
06-06 07:39:50.586 28473 28473 W libc : Access denied finding property "persist.camera.catshark_enabled.RESTART"
06-06 07:39:50.586 28473 28473 W libc : Access denied finding property "persist.camera.optbar.standalone_settings_button"
06-06 07:39:50.587 28473 28473 D CameraManager2: GotArray:0
06-06 07:39:50.587 28473 28473 D CameraManager2: GotArray:1
06-06 07:39:50.587 28473 28473 W libc : Access denied finding property "persist.camera.p21_front_setup"
06-06 07:39:50.588 28473 28473 D CameraManager2: GotArray:0
06-06 07:39:50.588 28473 28473 D CameraManager2: GotArray:1
06-06 07:39:50.588 28473 28473 W libc : Access denied finding property "persist.camera.p21_front_setup"
06-06 07:39:50.588 28473 28473 D CameraManager2: GotArray:0
06-06 07:39:50.588 28473 28473 D CameraManager2: GotArray:1
06-06 07:39:50.589 28473 28473 W libc : Access denied finding property "persist.camera.p21_front_setup"
06-06 07:39:50.589 28473 28473 D CameraManager2: GotArray:0
06-06 07:39:50.589 28473 28473 D CameraManager2: GotArray:1
06-06 07:39:50.589 28473 28473 W libc : Access denied finding property "persist.camera.p21_front_setup"
06-06 07:39:50.590 28473 28473 W libc : Access denied finding property "persist.camera.micro_bottom_sheet"
06-06 07:39:50.590 28473 28473 W libc : Access denied finding property "persist.camera.vesper_bottomsheet"
06-06 07:39:50.590 28473 28473 W libc : Access denied finding property "persist.camera.auto_timer_enabled"
06-06 07:39:50.591 28473 28473 W FontsContract: Platform version of downloadable fonts is deprecated. Please use androidx version instead.
06-06 07:39:50.617 28473 28473 W libc : Access denied finding property "persist.camera.coach.long_lock_sens"
06-06 07:39:50.617 28473 28473 W libc : Access denied finding property "persist.camera.coach.hint_pr_spirit"
06-06 07:39:50.618 28473 28473 W libc : Access denied finding property "persist.camera.longp_topshot_indicator"
06-06 07:39:50.618 28473 28473 W libc : Access denied finding property "persist.camera.sparrow"
06-06 07:39:50.620 28473 28473 W libc : Access denied finding property "persist.camera.toggle_zoom_bar"
06-06 07:39:50.620 28473 28473 D CameraManager2: GotArray:0
06-06 07:39:50.620 28473 28473 D CameraManager2: GotArray:1
06-06 07:39:50.626 28473 28473 W libc : Access denied finding property "persist.camera.front.translucentSelfieIllumination"
06-06 07:39:50.626 28473 28473 W libc : Access denied finding property "persist.camera.front.backgroundIlluminationColor"
06-06 07:39:50.639 28473 28473 W libc : Access denied finding property "persist.camera.toggle_zoom_bar"
06-06 07:39:50.639 28473 28473 W libc : Access denied finding property "persist.camera.p20_lens_setup"
06-06 07:39:50.639 28473 28473 W libc : Access denied finding property "persist.camera.p20_lens_setup"
06-06 07:39:50.639 28473 28473 W libc : Access denied finding property "persist.camera.p20_lens_setup"
06-06 07:39:50.640 28473 28473 W libc : Access denied finding property "persist.camera.p20_lens_setup"
06-06 07:39:50.640 28473 28473 W libc : Access denied finding property "persist.camera.p20_lens_setup"
06-06 07:39:50.640 28473 28473 W libc : Access denied finding property "persist.camera.p20_lens_setup"
06-06 07:39:50.640 28473 28473 W libc : Access denied finding property "persist.camera.p20_lens_setup"
06-06 07:39:50.640 28473 28473 W libc : Access denied finding property "persist.camera.p20_lens_setup"
06-06 07:39:50.640 28473 28473 W libc : Access denied finding property "persist.camera.p20_lens_setup"
06-06 07:39:50.640 28473 28473 W libc : Access denied finding property "persist.camera.p20_lens_setup"
06-06 07:39:50.640 28473 28473 W libc : Access denied finding property "persist.camera.p20_lens_setup"
06-06 07:39:50.640 28473 28473 W libc : Access denied finding property "persist.camera.p20_lens_setup"
06-06 07:39:50.640 28473 28473 W libc : Access denied finding property "persist.camera.p20_lens_setup"
06-06 07:39:50.640 28473 28473 W libc : Access denied finding property "persist.camera.p20_lens_setup"
06-06 07:39:50.640 28473 28473 W libc : Access denied finding property "persist.camera.p20_lens_setup"
06-06 07:39:50.640 28473 28473 W libc : Access denied finding property "persist.camera.p20_lens_setup"
06-06 07:39:50.641 28473 28473 W libc : Access denied finding property "persist.camera.p20_lens_setup"
06-06 07:39:50.641 28473 28473 W libc : Access denied finding property "persist.camera.p20_lens_setup"
06-06 07:39:50.641 28473 28599 W CAM_SimpleReqProcessor: Failed to add Stream-0 to CaptureRequest for Request-13. The surface (null) was not valid.
06-06 07:39:50.643 28473 28599 W CAM_SimpleReqProcessor: Failed to add Stream-0 to CaptureRequest for Request-14. The surface (null) was not valid.
06-06 07:39:50.643 28473 28473 W libc : Access denied finding property "persist.camera.toggle_zoom_bar"
06-06 07:39:50.644 28473 28473 W libc : Access denied finding property "persist.camera.p20_lens_setup"
06-06 07:39:50.644 28473 28473 W libc : Access denied finding property "persist.camera.p20_lens_setup"
06-06 07:39:50.644 28473 28473 W libc : Access denied finding property "persist.camera.p20_lens_setup"
06-06 07:39:50.644 28473 28473 W libc : Access denied finding property "persist.camera.p20_lens_setup"
06-06 07:39:50.644 28473 28473 W libc : Access denied finding property "persist.camera.p20_lens_setup"
06-06 07:39:50.644 28473 28473 W libc : Access denied finding property "persist.camera.p20_lens_setup"
06-06 07:39:50.644 28473 28473 W libc : Access denied finding property "persist.camera.p20_lens_setup"
06-06 07:39:50.645 28473 28473 W libc : Access denied finding property "persist.camera.p20_lens_setup"
06-06 07:39:50.645 28473 28473 W libc : Access denied finding property "persist.camera.p20_lens_setup"
06-06 07:39:50.645 28473 28473 W libc : Access denied finding property "persist.camera.p20_lens_setup"
06-06 07:39:50.645 28473 28473 W libc : Access denied finding property "persist.camera.p20_lens_setup"
06-06 07:39:50.645 28473 28473 W libc : Access denied finding property "persist.camera.p20_lens_setup"
06-06 07:39:50.645 28473 28473 W libc : Access denied finding property "persist.camera.p20_lens_setup"
06-06 07:39:50.645 28473 28473 W libc : Access denied finding property "persist.camera.p20_lens_setup"
06-06 07:39:50.645 28473 28473 W libc : Access denied finding property "persist.camera.p20_lens_setup"
06-06 07:39:50.645 28473 28473 W libc : Access denied finding property "persist.camera.p20_lens_setup"
06-06 07:39:50.645 28473 28473 W libc : Access denied finding property "persist.camera.p20_lens_setup"
06-06 07:39:50.646 28473 28473 D CameraManager2: GotArray:0
06-06 07:39:50.646 28473 28473 D CameraManager2: GotArray:1
06-06 07:39:50.646 28473 28473 D CameraManager2: GotArray:0
06-06 07:39:50.646 28473 28473 D CameraManager2: GotArray:1
06-06 07:39:50.646 28473 28473 W libc : Access denied finding property "persist.camera.gouda.max_zoom_override"
06-06 07:39:50.646 28473 28473 W libc : Access denied finding property "persist.camera.p20_lens_setup"
06-06 07:39:50.647 28473 28473 W libc : Access denied finding property "persist.camera.p20_lens_setup"
06-06 07:39:50.647 28473 28473 W libc : Access denied finding property "persist.camera.p20_lens_setup"
06-06 07:39:50.647 28473 28473 W libc : Access denied finding property "persist.camera.p20_lens_setup"
06-06 07:39:50.647 28473 28473 W libc : Access denied finding property "persist.camera.p20_lens_setup"
06-06 07:39:50.647 28473 28473 W libc : Access denied finding property "persist.camera.p20_lens_setup"
06-06 07:39:50.647 28473 28473 W libc : Access denied finding property "persist.camera.p20_lens_setup"
06-06 07:39:50.648 28473 28473 D CameraManager2: GotArray:0
06-06 07:39:50.648 28473 28473 D CameraManager2: GotArray:1
06-06 07:39:50.648 28473 28473 D CameraManager2: GotArray:0
06-06 07:39:50.648 28473 28473 D CameraManager2: GotArray:1
06-06 07:39:50.648 28473 28473 W libc : Access denied finding property "persist.camera.toggle_zoom_bar"
06-06 07:39:50.650 28473 28473 W libc : Access denied finding property "persist.camera.chameleon.enabled"
06-06 07:39:50.658 28473 28473 W FontsContract: Platform version of downloadable fonts is deprecated. Please use androidx version instead.
06-06 07:39:50.683 28473 28473 W libc : Access denied finding property "persist.camera.hdr_plus_torch_thermal_throttling"
06-06 07:39:50.685 28473 28473 W CAM_A : ModeSwitcher WAS ALREADY ENABLED!
06-06 07:39:50.686 28473 28473 W libc : Access denied finding property "persist.camera.catshark_enabled.RESTART"
06-06 07:39:50.687 28473 28473 D CameraManager2: GotArray:0
06-06 07:39:50.687 28473 28473 D CameraManager2: GotArray:1
06-06 07:39:50.687 28473 28473 D CameraManager2: GotArray:0
06-06 07:39:50.687 28473 28473 D CameraManager2: GotArray:1
06-06 07:39:50.687 28473 28473 W libc : Access denied finding property "persist.camera.gouda.max_zoom_override"
06-06 07:39:50.688 28473 28473 W libc : Access denied finding property "persist.camera.p20_lens_setup"
06-06 07:39:50.688 28473 28473 W libc : Access denied finding property "persist.camera.p20_lens_setup"
06-06 07:39:50.688 28473 28473 W libc : Access denied finding property "persist.camera.p20_lens_setup"
06-06 07:39:50.688 28473 28473 W libc : Access denied finding property "persist.camera.p20_lens_setup"
06-06 07:39:50.688 28473 28473 W libc : Access denied finding property "persist.camera.p20_lens_setup"
06-06 07:39:50.688 28473 28473 W libc : Access denied finding property "persist.camera.p20_lens_setup"
06-06 07:39:50.688 28473 28473 W libc : Access denied finding property "persist.camera.p20_lens_setup"
06-06 07:39:50.689 28473 28473 D CameraManager2: GotArray:0
06-06 07:39:50.689 28473 28473 D CameraManager2: GotArray:1
06-06 07:39:50.689 28473 28473 W libc : Access denied finding property "persist.camera.p21_front_setup"
06-06 07:39:50.690 28473 28473 W libc : Access denied finding property "persist.camera.p20_lens_setup"
06-06 07:39:50.690 28473 28473 W libc : Access denied finding property "persist.camera.p20_lens_setup"
06-06 07:39:50.691 28473 28473 W libc : Access denied finding property "persist.camera.p20_lens_setup"
06-06 07:39:50.691 28473 28473 W libc : Access denied finding property "persist.camera.p20_lens_setup"
06-06 07:39:50.691 28473 28473 W libc : Access denied finding property "persist.camera.p20_lens_setup"
06-06 07:39:50.691 28473 28473 W libc : Access denied finding property "persist.camera.p20_lens_setup"
06-06 07:39:50.691 28473 28473 W libc : Access denied finding property "persist.camera.p20_lens_setup"
06-06 07:39:50.691 28473 28473 W libc : Access denied finding property "persist.camera.catshark_enabled.RESTART"
06-06 07:39:50.697 28473 28473 W libc : Access denied finding property "persist.camera.cutout_display"
06-06 07:39:50.720 28473 28473 I Choreographer: Skipped 60 frames! The application may be doing too much work on its main thread.
06-06 07:39:50.720 28473 28473 W libc : Access denied finding property "persist.camera.cutout_display"
06-06 07:39:50.720 28473 28473 W libc : Access denied finding property "persist.camera.optbar.icons_on_closed_menu"
06-06 07:39:50.722 28473 28599 W CAM_SimpleReqProcessor: Failed to add Stream-0 to CaptureRequest for Request-15. The surface (null) was not valid.
06-06 07:39:50.724 28473 28599 W CAM_SimpleReqProcessor: Failed to add Stream-0 to CaptureRequest for Request-16. The surface (null) was not valid.
06-06 07:39:50.736 28473 28522 W libc : Access denied finding property "persist.camera.dualev.limitUltrawide"
06-06 07:39:50.737 28473 28473 W libc : Access denied finding property "persist.camera.cutout_trial_size"
06-06 07:39:50.738 28473 28495 W libc : Access denied finding property "persist.camera.familiar_faces_v2"
06-06 07:39:50.740 28473 28495 W libc : Access denied finding property "persist.camera.mts_accel_faces_back"
06-06 07:39:50.740 28473 28495 W libc : Access denied finding property "persist.camera.mts_accel_action_back"
06-06 07:39:50.740 28473 28495 W libc : Access denied finding property "persist.camera.mts_smartcapturenet_2"
06-06 07:39:50.740 28473 28495 W libc : Access denied finding property "persist.camera.mts_pose_and_pet"
06-06 07:39:50.740 28473 28495 W libc : Access denied finding property "persist.camera.mts_pose"
06-06 07:39:50.740 28473 28495 W libc : Access denied finding property "persist.camera.mts_sc_accel_tpu"
06-06 07:39:50.741 28473 28473 I DeezNuts: MSG: SLIDER 1 FOCUS: 1.0E-4
06-06 07:39:50.741 28473 28473 I ProReC : setprogres0
06-06 07:39:50.741 28473 28473 I DeezNuts: MSG: SLIDER 0 IDX: 0
06-06 07:39:50.741 28473 28473 I ProReC : setprogres_iso0
06-06 07:39:50.741 28473 28473 I za.defcomk.prorec.cust2.RotSeek: setprogres_iso0
06-06 07:39:50.742 28473 28473 W View : requestLayout() improperly called by com.google.android.material.button.MaterialButton{1a4445 VFED..C.. ......I. 0,0-0,0 #7f0b000b app:id/AuxButtonMain} during layout: running second layout pass
06-06 07:39:50.742 28473 28473 W libc : Access denied finding property "persist.camera.cutout_display"
06-06 07:39:50.767 28473 28522 W CAM_A : UNINITIALIZED > result sensor delay = 2,00 > 1,10
06-06 07:39:50.769 28473 28522 W libc : Access denied finding property "persist.camera.dualev.limitUltrawide"
06-06 07:39:50.771 28473 28473 W libc : Access denied finding property "persist.camera.cutout_trial_size"
06-06 07:39:50.807 28473 28495 W CAM_SurfaceMap: Surface(name=null)/@0xa11f69 is valid but deferred streams are not yet available for CaptureSession-0
06-06 07:39:50.807 28473 28495 W CAM_SimpleReqProcessor: Failed to add Stream-0 to CaptureRequest for Request-17. The surface is not yet available.
06-06 07:39:50.817 28473 28505 I tflite : Initialized TensorFlow Lite runtime.
06-06 07:39:50.818 28473 28473 W libc : Access denied finding property "persist.camera.enable_hound"
06-06 07:39:50.818 28473 28473 D CameraManager2: GotArray:0
06-06 07:39:50.818 28473 28473 D CameraManager2: GotArray:1
06-06 07:39:50.818 28473 28582 E GoLog : INFO: Initialized TensorFlow Lite runtime.
06-06 07:39:50.825 28473 28505 W libc : Access denied finding property "ro.mediatek.platform"
06-06 07:39:50.825 28473 28505 W libc : Access denied finding property "ro.chipname"
06-06 07:39:50.825 28473 28522 W CAM_A : UNINITIALIZED > rel Δ(result sensor timestamp) = 0,50 > 0,25
06-06 07:39:50.825 28473 28505 W libc : Access denied finding property "ro.hardware.chipname"
06-06 07:39:50.826 28473 28522 W libc : Access denied finding property "persist.camera.dualev.limitUltrawide"
06-06 07:39:50.829 28473 28473 W CAM_A : ModeSwitcher WAS ALREADY ENABLED!
06-06 07:39:50.829 28473 28473 W libc : Access denied finding property "persist.camera.front_lens_indicator"
06-06 07:39:50.837 28473 28473 W libc : Access denied finding property "persist.camera.catshark_minibar_enabled"
06-06 07:39:50.839 28473 28505 I tflite : Created TensorFlow Lite XNNPACK delegate for CPU.
06-06 07:39:50.839 28473 28582 E GoLog : INFO: Created TensorFlow Lite XNNPACK delegate for CPU.
06-06 07:39:50.839 28473 28505 I tflite : Replacing 5 node(s) with delegate (TfLiteXNNPackDelegate) node, yielding 1 partitions.
06-06 07:39:50.839 28473 28582 E GoLog : INFO: Replacing 5 node(s) with delegate (TfLiteXNNPackDelegate) node, yielding 1 partitions.
06-06 07:39:50.842 28473 28613 I OpenGLRenderer: Davey! duration=1115ms; Flags=0, FrameTimelineVsyncId=71012888, IntendedVsync=333959919376474, Vsync=333960922956754, InputEventId=0, HandleInputStart=333960929689393, AnimationStart=333960929691060, PerformTraversalsStart=333960929879289, DrawStart=333960984770388, FrameDeadline=333960036237967, FrameInterval=333960929484914, FrameStartTime=16726338, SyncQueued=333961005470234, SyncStart=333961005538516, IssueDrawCommandsStart=333961016255600, SwapBuffers=333961030863778, FrameCompleted=333961035082998, DequeueBufferDuration=30365, QueueBufferDuration=263333, GpuCompleted=333961035082998, SwapBuffersCompleted=333961031779976, DisplayPresentTime=0, CommandSubmissionCompleted=333961030863778, 06-06 07:39:50.845 28473 28495 W libc : Access denied finding property "persist.camera.fc_orientation"
06-06 07:39:50.845 28473 28495 W CAM_A : Extractor (frame) of type feature.acmi.imu.frame-straightness depends on foreign type feature.acmi.imu.camera-orientation! Feature values may be calculated out of order!
06-06 07:39:50.845 28473 28495 W CAM_A : Extractor (frame) of type feature.acmi.imu.frame-straightness depends on foreign type feature.acmi.imu.camera-orientation! Feature values may be calculated out of order!
06-06 07:39:50.858 28473 28522 W libc : Access denied finding property "persist.camera.dualev.limitUltrawide"
06-06 07:39:50.867 28473 28570 W ProtoDataStoreFlagStore: Unable to update local snapshot for com.google.android.libraries.consentverifier#com.google.android.GoogleCameraEngR13F2, may result in stale flags.
06-06 07:39:50.867 28473 28570 W ProtoDataStoreFlagStore: java.util.concurrent.ExecutionException: java.lang.SecurityException: GoogleCertificatesRslt: not allowed: pkg=com.google.android.GoogleCameraEngR13F2, sha256=[a40da80a59d170caa950cf15c18c454d47a39b26989d8b640ecd745ba71bf5dc], atk=false, ver=242213038.true (go/gsrlt)
06-06 07:39:50.867 28473 28570 W ProtoDataStoreFlagStore: at pfx.s(Unknown Source:20)
06-06 07:39:50.867 28473 28570 W ProtoDataStoreFlagStore: at pfx.get(Unknown Source:21)
06-06 07:39:50.867 28473 28570 W ProtoDataStoreFlagStore: at plk.I(Unknown Source:1)
06-06 07:39:50.867 28473 28570 W ProtoDataStoreFlagStore: at plk.ad(Unknown Source:9)
06-06 07:39:50.867 28473 28570 W ProtoDataStoreFlagStore: at nfm.d(Unknown Source:0)
06-06 07:39:50.867 28473 28570 W ProtoDataStoreFlagStore: at ngq.run(Unknown Source:9)
06-06 07:39:50.867 28473 28570 W ProtoDataStoreFlagStore: at java.util.concurrent.Executors$RunnableAdapter.call(Executors.java:487)
06-06 07:39:50.867 28473 28570 W ProtoDataStoreFlagStore: at java.util.concurrent.FutureTask.run(FutureTask.java:264)
06-06 07:39:50.867 28473 28570 W ProtoDataStoreFlagStore: at java.util.concurrent.ScheduledThreadPoolExecutor$ScheduledFutureTask.run(ScheduledThreadPoolExecutor.java:307)
06-06 07:39:50.867 28473 28570 W ProtoDataStoreFlagStore: at java.util.concurrent.ThreadPoolExecutor.runWorker(ThreadPoolExecutor.java:1145)
06-06 07:39:50.867 28473 28570 W ProtoDataStoreFlagStore: at java.util.concurrent.ThreadPoolExecutor$Worker.run(ThreadPoolExecutor.java:644)
06-06 07:39:50.867 28473 28570 W ProtoDataStoreFlagStore: at java.lang.Thread.run(Thread.java:1012)
06-06 07:39:50.867 28473 28570 W ProtoDataStoreFlagStore: Caused by: java.lang.SecurityException: GoogleCertificatesRslt: not allowed: pkg=com.google.android.GoogleCameraEngR13F2, sha256=[a40da80a59d170caa950cf15c18c454d47a39b26989d8b640ecd745ba71bf5dc], atk=false, ver=242213038.true (go/gsrlt)
06-06 07:39:50.867 28473 28570 W ProtoDataStoreFlagStore: at android.os.Parcel.createExceptionOrNull(Parcel.java:3057)
06-06 07:39:50.867 28473 28570 W ProtoDataStoreFlagStore: at android.os.Parcel.createException(Parcel.java:3041)
06-06 07:39:50.867 28473 28570 W ProtoDataStoreFlagStore: at android.os.Parcel.readException(Parcel.java:3024)
06-06 07:39:50.867 28473 28570 W ProtoDataStoreFlagStore: at android.os.Parcel.readException(Parcel.java:2966)
06-06 07:39:50.867 28473 28570 W ProtoDataStoreFlagStore: at bmn.z(Unknown Source:10)
06-06 07:39:50.867 28473 28570 W ProtoDataStoreFlagStore: at ktz.a(Unknown Source:38)
06-06 07:39:50.867 28473 28570 W ProtoDataStoreFlagStore: at kjd.f(Unknown Source:10)
06-06 07:39:50.867 28473 28570 W ProtoDataStoreFlagStore: at kkc.t(Unknown Source:9)
06-06 07:39:50.867 28473 28570 W ProtoDataStoreFlagStore: at kkc.u(Unknown Source:22)
06-06 07:39:50.867 28473 28570 W ProtoDataStoreFlagStore: at kkc.g(Unknown Source:29)
06-06 07:39:50.867 28473 28570 W ProtoDataStoreFlagStore: at kkc.h(Unknown Source:76)
06-06 07:39:50.867 28473 28570 W ProtoDataStoreFlagStore: at kkc.b(Unknown Source:14)
06-06 07:39:50.867 28473 28570 W ProtoDataStoreFlagStore: at klz.c(Unknown Source:114)
06-06 07:39:50.867 28473 28570 W ProtoDataStoreFlagStore: at klt.d(Unknown Source:6)
06-06 07:39:50.867 28473 28570 W ProtoDataStoreFlagStore: at klu.handleMessage(Unknown Source:307)
06-06 07:39:50.867 28473 28570 W ProtoDataStoreFlagStore: at android.os.Handler.dispatchMessage(Handler.java:106)
06-06 07:39:50.867 28473 28570 W ProtoDataStoreFlagStore: at ksg.b(Unknown Source:0)
06-06 07:39:50.867 28473 28570 W ProtoDataStoreFlagStore: at ksg.dispatchMessage(Unknown Source:0)
06-06 07:39:50.867 28473 28570 W ProtoDataStoreFlagStore: at android.os.Looper.loopOnce(Looper.java:205)
06-06 07:39:50.867 28473 28570 W ProtoDataStoreFlagStore: at android.os.Looper.loop(Looper.java:294)
06-06 07:39:50.867 28473 28570 W ProtoDataStoreFlagStore: at android.os.HandlerThread.run(HandlerThread.java:67)
06-06 07:39:50.868 28473 28473 W libc : Access denied finding property "persist.camera.skip_oobe"
06-06 07:39:50.868 28473 28473 W libc : Access denied finding property "persist.camera.cutout_display"
06-06 07:39:50.869 28473 28473 W libc : Access denied finding property "persist.camera.cutout_trial_size"
06-06 07:39:50.876 28473 28507 W libc : Access denied finding property "persist.camera.r_pending_vids"
06-06 07:39:50.876 28473 28522 W libc : Access denied finding property "persist.camera.dualev.limitUltrawide"
06-06 07:39:50.877 28473 28507 W libc : Access denied finding property "persist.camera.check_pending_vids"
06-06 07:39:50.877 28473 28507 W libc : Access denied finding property "persist.camera.auto_timer_enabled"
06-06 07:39:50.881 28473 28473 W libc : Access denied finding property "persist.camera.double_tap_launch_edu_enabled"
06-06 07:39:50.884 28473 28473 W CBVerifier: Registering phenotype for com.google.android.libraries.consentverifier#com.google.android.GoogleCameraEngR13F2 failed
06-06 07:39:50.885 28473 28473 W libc : Access denied finding property "persist.camera.optbar.standalone_settings_button"
06-06 07:39:50.885 28473 28473 W libc : Access denied finding property "persist.camera.catshark_enabled.RESTART"
06-06 07:39:50.887 28473 28473 W libc : Access denied finding property "persist.camera.use_video_resolution_option"
06-06 07:39:50.889 28473 28473 W libc : Access denied finding property "persist.camera.manual_focus_enabled"
06-06 07:39:50.890 28473 28495 W libc : Access denied finding property "persist.camera.vesper_debl"
06-06 07:39:50.890 28473 28495 W libc : Access denied finding property "persist.camera.vesper_ew"
06-06 07:39:50.891 28473 28473 W libc : Access denied finding property "persist.camera.hdr_plus_torch_thermal_throttling"
06-06 07:39:50.891 28473 28473 W libc : Access denied finding property "persist.camera.catshark_enabled.RESTART"
06-06 07:39:50.891 28473 28626 W libc : Access denied finding property "persist.camera.micro_ls_cancel"
06-06 07:39:50.891 28473 28626 W libc : Access denied finding property "persist.camera.micro_ls_cthreshold"
06-06 07:39:50.892 28473 28473 W libc : Access denied finding property "persist.camera.cutout_display"
06-06 07:39:50.893 28473 28473 W libc : Access denied finding property "persist.camera.cutout_trial_size"
06-06 07:39:50.896 28473 28626 W libc : Access denied finding property "persist.camera.longshot_xtra_frames"
06-06 07:39:50.899 28473 28626 W libc : Access denied finding property "persist.camera.mts_face_diversity"
06-06 07:39:50.902 28473 28626 W libc : Access denied finding property "persist.camera.mts_aesthetic_diversity"
06-06 07:39:50.902 28473 28626 W libc : Access denied finding property "persist.camera.mts_enable_nima_v2"
06-06 07:39:50.902 28473 28626 W libc : Access denied finding property "persist.camera.mts_full_color_range"
06-06 07:39:50.904 28473 28522 W libc : Access denied finding property "persist.camera.dualev.limitUltrawide"
06-06 07:39:50.909 28473 28505 I Manager : DeviceManager::DeviceManager
06-06 07:39:50.910 28473 28505 W ServerFlag: Failed to parse result of GetServerConfigurableFlag, errno=34
06-06 07:39:50.910 28473 28505 I Manager : findAvailableDevices
06-06 07:39:50.919 28473 28473 W libc : Access denied finding property "persist.camera.optbar.standalone_settings_button"
06-06 07:39:50.920 28473 28473 W libc : Access denied finding property "persist.camera.catshark_enabled.RESTART"
06-06 07:39:50.920 28473 28626 W libc : Access denied finding property "persist.camera.mts_gpu"
06-06 07:39:50.920 28473 28626 W libc : Access denied finding property "persist.camera.mts_func_encoder"
06-06 07:39:50.922 28473 28473 W libc : Access denied finding property "persist.camera.use_video_resolution_option"
06-06 07:39:50.925 28473 28473 W libc : Access denied finding property "persist.camera.manual_focus_enabled"
06-06 07:39:50.927 28473 28473 W libc : Access denied finding property "persist.camera.hdr_plus_torch_thermal_throttling"
06-06 07:39:50.927 28473 28473 W libc : Access denied finding property "persist.camera.catshark_enabled.RESTART"
06-06 07:39:50.927 28473 28473 W libc : Access denied finding property "persist.camera.hdr_plus_torch_thermal_throttling"
06-06 07:39:50.927 28473 28473 W libc : Access denied finding property "persist.camera.catshark_enabled.RESTART"
06-06 07:39:50.928 28473 28473 W libc : Access denied finding property "persist.camera.cutout_display"
