06-06 07:40:07.423 28473 28473 W libc : Access denied finding property "persist.camera.cutout_display"
06-06 07:40:07.424 28473 28473 W libc : Access denied finding property "persist.camera.cutout_trial_size"
06-06 07:40:07.426 28473 28522 W libc : Access denied finding property "persist.camera.dualev.limitUltrawide"
06-06 07:40:07.440 28473 28473 W libc : Access denied finding property "persist.camera.cutout_display"
06-06 07:40:07.442 28473 28473 W libc : Access denied finding property "persist.camera.cutout_trial_size"
06-06 07:40:07.457 28473 28473 W libc : Access denied finding property "persist.camera.cutout_display"
06-06 07:40:07.458 28473 28473 W libc : Access denied finding property "persist.camera.cutout_trial_size"
06-06 07:40:07.460 28473 28522 W libc : Access denied finding property "persist.camera.dualev.limitUltrawide"
06-06 07:40:07.463 28473 28612 E CAM_A : Camera metadata not valid at : 1114632456732352
06-06 07:40:07.475 28473 28473 W libc : Access denied finding property "persist.camera.cutout_display"
06-06 07:40:07.476 28473 28473 W libc : Access denied finding property "persist.camera.cutout_trial_size"
06-06 07:40:07.491 28473 28473 W libc : Access denied finding property "persist.camera.cutout_display"
06-06 07:40:07.493 28473 28473 W libc : Access denied finding property "persist.camera.cutout_trial_size"
06-06 07:40:07.495 28473 28522 W libc : Access denied finding property "persist.camera.dualev.limitUltrawide"
06-06 07:40:07.498 28473 28612 E CAM_A : Camera metadata not valid at : 1114632490132404
06-06 07:40:07.523 28473 28522 W libc : Access denied finding property "persist.camera.dualev.limitUltrawide"
06-06 07:40:07.530 28473 28612 E CAM_A : Camera metadata not valid at : 1114632523531727
06-06 07:40:07.578 28473 28522 W libc : Access denied finding property "persist.camera.dualev.limitUltrawide"
06-06 07:40:07.590 28473 28522 W libc : Access denied finding property "persist.camera.dualev.limitUltrawide"
06-06 07:40:07.632 28473 28522 W libc : Access denied finding property "persist.camera.dualev.limitUltrawide"
06-06 07:40:07.659 28473 28522 W libc : Access denied finding property "persist.camera.dualev.limitUltrawide"
06-06 07:40:07.700 28473 28522 W libc : Access denied finding property "persist.camera.dualev.limitUltrawide"
06-06 07:40:07.725 28473 28522 W libc : Access denied finding property "persist.camera.dualev.limitUltrawide"
06-06 07:40:07.768 28473 28522 W libc : Access denied finding property "persist.camera.dualev.limitUltrawide"
06-06 07:40:07.764 28473 28473 W CallbackHndlr: type=1400 audit(0.0:58368493): avc: denied { read } for name="u:object_r:vendor_camera_prop:s0" dev="tmpfs" ino=13499 scontext=u:r:untrusted_app_29:s0:c73,c257,c512,c768 tcontext=u:object_r:vendor_camera_prop:s0 tclass=file permissive=0 app=com.google.android.GoogleCameraEngR13F2
06-06 07:40:07.803 28473 28522 W libc : Access denied finding property "persist.camera.dualev.limitUltrawide"
06-06 07:40:07.832 28473 28522 W libc : Access denied finding property "persist.camera.dualev.limitUltrawide"
06-06 07:40:07.863 28473 28522 W libc : Access denied finding property "persist.camera.dualev.limitUltrawide"
06-06 07:40:07.902 28473 28522 W CAM_AutoFlashIndicator: No converged AE result for 31 frames,falling back to single-image auto-flash photo
06-06 07:40:07.903 28473 28522 W libc : Access denied finding property "persist.camera.dualev.limitUltrawide"
06-06 07:40:07.928 28473 28522 W libc : Access denied finding property "persist.camera.dualev.limitUltrawide"
06-06 07:40:07.973 28473 28522 W libc : Access denied finding property "persist.camera.dualev.limitUltrawide"
06-06 07:40:08.023 28473 28522 W libc : Access denied finding property "persist.camera.dualev.limitUltrawide"
06-06 07:40:08.063 28473 28522 W libc : Access denied finding property "persist.camera.dualev.limitUltrawide"
06-06 07:40:08.074 28473 28522 W libc : Access denied finding property "persist.camera.dualev.limitUltrawide"
06-06 07:40:08.105 28473 28522 W libc : Access denied finding property "persist.camera.dualev.limitUltrawide"
06-06 07:40:08.136 28473 28522 W libc : Access denied finding property "persist.camera.dualev.limitUltrawide"
06-06 07:40:08.159 28473 28522 W libc : Access denied finding property "persist.camera.dualev.limitUltrawide"
06-06 07:40:08.203 28473 28522 W libc : Access denied finding property "persist.camera.dualev.limitUltrawide"
06-06 07:40:08.229 28473 28522 W libc : Access denied finding property "persist.camera.dualev.limitUltrawide"
06-06 07:40:08.286 28473 28522 W libc : Access denied finding property "persist.camera.dualev.limitUltrawide"
06-06 07:40:08.298 28473 28522 W libc : Access denied finding property "persist.camera.dualev.limitUltrawide"
06-06 07:40:08.336 28473 28522 W libc : Access denied finding property "persist.camera.dualev.limitUltrawide"
06-06 07:40:08.362 28473 28522 W libc : Access denied finding property "persist.camera.dualev.limitUltrawide"
06-06 07:40:08.414 28473 28522 W libc : Access denied finding property "persist.camera.dualev.limitUltrawide"
06-06 07:40:08.434 28473 28522 W libc : Access denied finding property "persist.camera.dualev.limitUltrawide"
06-06 07:40:08.463 28473 28522 W libc : Access denied finding property "persist.camera.dualev.limitUltrawide"
06-06 07:40:08.496 28473 28522 W libc : Access denied finding property "persist.camera.dualev.limitUltrawide"
06-06 07:40:08.529 28473 28522 W libc : Access denied finding property "persist.camera.dualev.limitUltrawide"
06-06 07:40:08.558 28473 28522 W libc : Access denied finding property "persist.camera.dualev.limitUltrawide"
06-06 07:40:08.561 28473 28473 W libc : Access denied finding property "persist.camera.allow_fine_haptics"
06-06 07:40:08.595 28473 28522 W libc : Access denied finding property "persist.camera.dualev.limitUltrawide"
06-06 07:40:08.628 28473 28522 W libc : Access denied finding property "persist.camera.dualev.limitUltrawide"
06-06 07:40:08.664 28473 28473 W libc : Access denied finding property "persist.camera.raw_mode"
06-06 07:40:08.669 28473 28744 W libc : Access denied finding property "persist.camera.jpeg_data_rotation"
06-06 07:40:08.676 28473 28522 W libc : Access denied finding property "persist.camera.dualev.limitUltrawide"
06-06 07:40:08.711 28473 28522 W libc : Access denied finding property "persist.camera.dualev.limitUltrawide"
06-06 07:40:08.730 28473 28522 W libc : Access denied finding property "persist.camera.dualev.limitUltrawide"
06-06 07:40:08.776 28473 28522 W libc : Access denied finding property "persist.camera.dualev.limitUltrawide"
06-06 07:40:08.781 28473 28612 E CAM_A : Camera metadata not valid at : 1114633759794140
06-06 07:40:08.795 28473 28522 W libc : Access denied finding property "persist.camera.dualev.limitUltrawide"
06-06 07:40:08.832 28473 28522 W libc : Access denied finding property "persist.camera.dualev.limitUltrawide"
06-06 07:40:08.844 28473 28612 W CAM_A : Previous or current projection matrix cannot be computed. Defaulting to identity
06-06 07:40:08.861 28473 28522 W libc : Access denied finding property "persist.camera.dualev.limitUltrawide"
06-06 07:40:08.898 28473 28522 W libc : Access denied finding property "persist.camera.dualev.limitUltrawide"
06-06 07:40:08.928 28473 28522 W libc : Access denied finding property "persist.camera.dualev.limitUltrawide"
06-06 07:40:08.965 28473 28522 W libc : Access denied finding property "persist.camera.dualev.limitUltrawide"
06-06 07:40:08.993 28473 28522 W libc : Access denied finding property "persist.camera.dualev.limitUltrawide"
06-06 07:40:09.031 28473 28522 W libc : Access denied finding property "persist.camera.dualev.limitUltrawide"
06-06 07:40:09.062 28473 28522 W libc : Access denied finding property "persist.camera.dualev.limitUltrawide"
06-06 07:40:09.099 28473 28522 W libc : Access denied finding property "persist.camera.dualev.limitUltrawide"
06-06 07:40:09.126 28473 28522 W libc : Access denied finding property "persist.camera.dualev.limitUltrawide"
06-06 07:40:09.166 28473 28522 W libc : Access denied finding property "persist.camera.dualev.limitUltrawide"
06-06 07:40:09.194 28473 28522 W libc : Access denied finding property "persist.camera.dualev.limitUltrawide"
06-06 07:40:09.231 28473 28522 W libc : Access denied finding property "persist.camera.dualev.limitUltrawide"
06-06 07:40:09.265 28473 28522 W libc : Access denied finding property "persist.camera.dualev.limitUltrawide"
06-06 07:40:09.294 28473 28522 W libc : Access denied finding property "persist.camera.dualev.limitUltrawide"
06-06 07:40:09.333 28473 28522 W libc : Access denied finding property "persist.camera.dualev.limitUltrawide"
06-06 07:40:09.363 28473 28522 W libc : Access denied finding property "persist.camera.dualev.limitUltrawide"
06-06 07:40:09.363 28473 28744 W libc : Access denied finding property "persist.camera.cuttle.extended"
06-06 07:40:09.364 28473 28744 W libc : Access denied finding property "persist.camera.cuttle.extended_iterable_burst"
06-06 07:40:09.400 28473 28522 W libc : Access denied finding property "persist.camera.dualev.limitUltrawide"
06-06 07:40:09.404 28473 28744 W libc : Access denied finding property "persist.camera.mts_4k"
06-06 07:40:09.408 28473 28744 W libc : Access denied finding property "persist.camera.disable_hdrplus_postview"
06-06 07:40:09.427 28473 28744 W libc : Access denied finding property "persist.camera.jpeg_data_rotation"
06-06 07:40:09.430 28473 28744 W libc : Access denied finding property "persist.camera.acat_firefly_on"
06-06 07:40:09.431 28473 28744 W libc : Access denied finding property "persist.camera.spatial_rgb_enabled"
06-06 07:40:09.432 28473 28744 W libc : Access denied finding property "persist.camera.wiener_force"
06-06 07:40:09.433 28473 28522 W libc : Access denied finding property "persist.camera.dualev.limitUltrawide"
06-06 07:40:09.434 28473 28744 W libc : Access denied finding property "persist.camera.shasta_zsl"
06-06 07:40:09.434 28473 28744 W libc : Access denied finding property "persist.camera.shasta.factor"
06-06 07:40:09.434 28473 28744 W libc : Access denied finding property "persist.camera.cuttle.sky"
06-06 07:40:09.434 28473 28744 W libc : Access denied finding property "persist.camera.cuttle.rerun_fd"
06-06 07:40:09.434 28473 28744 W pkr : CaptureResult is present COLOR_CORRECTION_GAINS NEUTRAL.
06-06 07:40:09.440 28473 28744 W pkr : CaptureResult is present COLOR_CORRECTION_GAINS NEUTRAL.
06-06 07:40:09.453 28473 28744 E libgcam : [tet_model.cc:110]: Check: TetModel::model[1]::overall_gain (1.000000) can not be less than the prior value (1.300000).
06-06 07:40:09.453 28473 28744 E libgcam : [tuning.cc:677]: GetPayloadBurstTetModel: Validation of TetModel failed:
06-06 07:40:09.453 28473 28744 E libgcam : [tuning.cc:680]: GetPayloadBurstTetModel: waypoints 6
06-06 07:40:09.453 28473 28744 E libgcam : exp_time_ms 0
06-06 07:40:09.453 28473 28744 E libgcam : overall_gain 1.29999995
06-06 07:40:09.453 28473 28744 E libgcam : exp_time_ms 3.20000005
06-06 07:40:09.453 28473 28744 E libgcam : overall_gain 1
06-06 07:40:09.453 28473 28744 E libgcam : exp_time_ms 3.20000005
06-06 07:40:09.453 28473 28744 E libgcam : overall_gain 51
06-06 07:40:09.453 28473 28744 E libgcam : exp_time_ms 200
06-06 07:40:09.453 28473 28744 E libgcam : overall_gain 102
06-06 07:40:09.453 28473 28744 E libgcam : exp_time_ms 200
06-06 07:40:09.453 28473 28744 E libgcam : overall_gain 102
06-06 07:40:09.453 28473 28744 E libgcam : exp_time_ms 99999
06-06 07:40:09.453 28473 28744 E libgcam : overall_gain 256
06-06 07:40:09.455 28473 28744 W libc : Access denied finding property "persist.camera.3a.debug_meta"
06-06 07:40:09.456 28473 28744 W libc : Access denied finding property "persist.camera.jpeg_data_rotation"
06-06 07:40:09.466 28473 28522 W libc : Access denied finding property "persist.camera.dualev.limitUltrawide"
06-06 07:40:09.507 28473 28522 W libc : Access denied finding property "persist.camera.dualev.limitUltrawide"
06-06 07:40:09.530 28473 28522 W libc : Access denied finding property "persist.camera.dualev.limitUltrawide"
06-06 07:40:09.567 28473 28522 W libc : Access denied finding property "persist.camera.dualev.limitUltrawide"
06-06 07:40:09.602 28473 28522 W libc : Access denied finding property "persist.camera.dualev.limitUltrawide"
06-06 07:40:09.631 28473 28522 W libc : Access denied finding property "persist.camera.dualev.limitUltrawide"
06-06 07:40:09.665 28473 28522 W libc : Access denied finding property "persist.camera.dualev.limitUltrawide"
06-06 07:40:09.695 28473 28522 W libc : Access denied finding property "persist.camera.dualev.limitUltrawide"
06-06 07:40:09.719 28473 28522 W libc : Access denied finding property "persist.camera.dualev.limitUltrawide"
06-06 07:40:09.727 28473 28744 W pkr : CaptureResult is present COLOR_CORRECTION_GAINS NEUTRAL.
06-06 07:40:09.751 28473 28473 W CallbackHndlr: type=1400 audit(0.0:58368864): avc: denied { read } for name="u:object_r:vendor_camera_prop:s0" dev="tmpfs" ino=13499 scontext=u:r:untrusted_app_29:s0:c73,c257,c512,c768 tcontext=u:object_r:vendor_camera_prop:s0 tclass=file permissive=0 app=com.google.android.GoogleCameraEngR13F2
06-06 07:40:09.760 28473 28744 W pkr : CaptureResult is present COLOR_CORRECTION_GAINS NEUTRAL.
06-06 07:40:09.791 28473 28522 W libc : Access denied finding property "persist.camera.dualev.limitUltrawide"
06-06 07:40:09.793 28473 28744 W pkr : CaptureResult is present COLOR_CORRECTION_GAINS NEUTRAL.
06-06 07:40:09.826 28473 28522 W libc : Access denied finding property "persist.camera.dualev.limitUltrawide"
06-06 07:40:09.833 28473 28744 W pkr : CaptureResult is present COLOR_CORRECTION_GAINS NEUTRAL.
06-06 07:40:09.856 28473 28522 W libc : Access denied finding property "persist.camera.dualev.limitUltrawide"
06-06 07:40:09.859 28473 28744 W pkr : CaptureResult is present COLOR_CORRECTION_GAINS NEUTRAL.
06-06 07:40:09.886 28473 28522 W libc : Access denied finding property "persist.camera.dualev.limitUltrawide"
06-06 07:40:09.894 28473 28744 W pkr : CaptureResult is present COLOR_CORRECTION_GAINS NEUTRAL.
06-06 07:40:09.919 28473 28522 W libc : Access denied finding property "persist.camera.dualev.limitUltrawide"
06-06 07:40:09.929 28473 28744 W pkr : CaptureResult is present COLOR_CORRECTION_GAINS NEUTRAL.
06-06 07:40:09.953 28473 28522 W libc : Access denied finding property "persist.camera.dualev.limitUltrawide"
06-06 07:40:09.956 28473 28744 W pkr : CaptureResult is present COLOR_CORRECTION_GAINS NEUTRAL.
06-06 07:40:09.986 28473 28522 W libc : Access denied finding property "persist.camera.dualev.limitUltrawide"
06-06 07:40:09.993 28473 28744 W pkr : CaptureResult is present COLOR_CORRECTION_GAINS NEUTRAL.
06-06 07:40:10.019 28473 28522 W libc : Access denied finding property "persist.camera.dualev.limitUltrawide"
06-06 07:40:10.035 28473 28744 W pkr : CaptureResult is present COLOR_CORRECTION_GAINS NEUTRAL.
06-06 07:40:10.039 28473 28587 E libgcam : [tet_model.cc:110]: Check: TetModel::model[1]::overall_gain (1.000000) can not be less than the prior value (1.300000).
06-06 07:40:10.039 28473 28587 E libgcam : [tuning.cc:677]: GetPayloadBurstTetModel: Validation of TetModel failed:
06-06 07:40:10.039 28473 28587 E libgcam : [tuning.cc:680]: GetPayloadBurstTetModel: waypoints 6
06-06 07:40:10.039 28473 28587 E libgcam : exp_time_ms 0
06-06 07:40:10.039 28473 28587 E libgcam : overall_gain 1.29999995
06-06 07:40:10.039 28473 28587 E libgcam : exp_time_ms 8
06-06 07:40:10.039 28473 28587 E libgcam : overall_gain 1
06-06 07:40:10.039 28473 28587 E libgcam : exp_time_ms 8
06-06 07:40:10.039 28473 28587 E libgcam : overall_gain 4
06-06 07:40:10.039 28473 28587 E libgcam : exp_time_ms 100
06-06 07:40:10.039 28473 28587 E libgcam : overall_gain 40
06-06 07:40:10.039 28473 28587 E libgcam : exp_time_ms 100
06-06 07:40:10.039 28473 28587 E libgcam : overall_gain 256
06-06 07:40:10.039 28473 28587 E libgcam : exp_time_ms 99999
06-06 07:40:10.039 28473 28587 E libgcam : overall_gain 256
06-06 07:40:10.039 28473 28587 W libc : Access denied finding property "persist.camera.disable_hdrplus_postview"
06-06 07:40:10.063 28473 28482 I eCameraEngR13F2: NativeAlloc concurrent copying GC freed 257615(8835KB) AllocSpace objects, 3(172KB) LOS objects, 75% free, 11MB/45MB, paused 180us,109us total 144.003ms
06-06 07:40:10.071 28473 28522 W libc : Access denied finding property "persist.camera.dualev.limitUltrawide"
06-06 07:40:10.100 28473 28522 W libc : Access denied finding property "persist.camera.dualev.limitUltrawide"
06-06 07:40:10.134 28473 28522 W libc : Access denied finding property "persist.camera.dualev.limitUltrawide"
06-06 07:40:10.162 28473 28522 W libc : Access denied finding property "persist.camera.dualev.limitUltrawide"
06-06 07:40:10.191 28473 28587 W libc : Access denied finding property "persist.camera.no_low_fb"
06-06 07:40:10.199 28473 28522 W libc : Access denied finding property "persist.camera.dualev.limitUltrawide"
06-06 07:40:10.235 28473 28522 W libc : Access denied finding property "persist.camera.dualev.limitUltrawide"
06-06 07:40:10.267 28473 28473 W libc : Access denied finding property "persist.camera.toggle_zoom_bar"
06-06 07:40:10.267 28473 28473 W libc : Access denied finding property "persist.camera.p20_lens_setup"
06-06 07:40:10.267 28473 28473 W libc : Access denied finding property "persist.camera.p20_lens_setup"
06-06 07:40:10.269 28473 28473 W libc : Access denied finding property "persist.camera.p20_lens_setup"
06-06 07:40:10.269 28473 28473 W libc : Access denied finding property "persist.camera.p20_lens_setup"
06-06 07:40:10.269 28473 28473 W libc : Access denied finding property "persist.camera.p20_lens_setup"
06-06 07:40:10.269 28473 28473 W libc : Access denied finding property "persist.camera.p20_lens_setup"
06-06 07:40:10.269 28473 28473 W libc : Access denied finding property "persist.camera.p20_lens_setup"
06-06 07:40:10.280 28473 28522 W libc : Access denied finding property "persist.camera.dualev.limitUltrawide"
06-06 07:40:10.281 28473 28493 W libc : Access denied finding property "persist.camera.storage_space_override"
06-06 07:40:10.301 28473 28522 W libc : Access denied finding property "persist.camera.dualev.limitUltrawide"
06-06 07:40:10.332 28473 28522 W libc : Access denied finding property "persist.camera.dualev.limitUltrawide"
06-06 07:40:10.368 28473 28522 W libc : Access denied finding property "persist.camera.dualev.limitUltrawide"
06-06 07:40:10.435 28473 28522 W libc : Access denied finding property "persist.camera.dualev.limitUltrawide"
06-06 07:40:10.467 28473 28522 W libc : Access denied finding property "persist.camera.dualev.limitUltrawide"
06-06 07:40:10.498 28473 28522 W libc : Access denied finding property "persist.camera.dualev.limitUltrawide"
06-06 07:40:10.514 28473 28522 W libc : Access denied finding property "persist.camera.dualev.limitUltrawide"
06-06 07:40:10.543 28473 28522 W libc : Access denied finding property "persist.camera.dualev.limitUltrawide"
06-06 07:40:10.580 28473 28522 W libc : Access denied finding property "persist.camera.dualev.limitUltrawide"
06-06 07:40:10.601 28473 28522 W libc : Access denied finding property "persist.camera.dualev.limitUltrawide"
06-06 07:40:10.655 28473 28522 W libc : Access denied finding property "persist.camera.dualev.limitUltrawide"
06-06 07:40:10.655 28473 28473 W libc : Access denied finding property "persist.camera.optbar.icons_on_closed_menu"
06-06 07:40:10.671 28473 28522 W libc : Access denied finding property "persist.camera.dualev.limitUltrawide"
06-06 07:40:10.683 28473 28612 W CAM_A : Previous or current projection matrix cannot be computed. Defaulting to identity
06-06 07:40:10.706 28473 28522 W libc : Access denied finding property "persist.camera.dualev.limitUltrawide"
06-06 07:40:10.738 28473 28522 W libc : Access denied finding property "persist.camera.dualev.limitUltrawide"
06-06 07:40:10.803 28473 28522 W libc : Access denied finding property "persist.camera.dualev.limitUltrawide"
06-06 07:40:10.843 28473 28522 W libc : Access denied finding property "persist.camera.dualev.limitUltrawide"
06-06 07:40:10.845 28473 28522 W libc : Access denied finding property "persist.camera.dualev.limitUltrawide"
06-06 07:40:10.873 28473 28522 W libc : Access denied finding property "persist.camera.dualev.limitUltrawide"
06-06 07:40:10.904 28473 28522 W libc : Access denied finding property "persist.camera.dualev.limitUltrawide"
06-06 07:40:10.959 28473 28522 W libc : Access denied finding property "persist.camera.dualev.limitUltrawide"
06-06 07:40:11.009 28473 28522 W libc : Access denied finding property "persist.camera.dualev.limitUltrawide"
06-06 07:40:11.039 28473 28522 W libc : Access denied finding property "persist.camera.dualev.limitUltrawide"
06-06 07:40:11.045 28473 28522 W libc : Access denied finding property "persist.camera.dualev.limitUltrawide"
06-06 07:40:11.115 28473 28522 W libc : Access denied finding property "persist.camera.dualev.limitUltrawide"
06-06 07:40:11.132 28473 28522 W libc : Access denied finding property "persist.camera.dualev.limitUltrawide"
06-06 07:40:11.141 28473 28522 W libc : Access denied finding property "persist.camera.dualev.limitUltrawide"
06-06 07:40:11.210 28473 28522 W libc : Access denied finding property "persist.camera.dualev.limitUltrawide"
06-06 07:40:11.236 28473 28522 W libc : Access denied finding property "persist.camera.dualev.limitUltrawide"
06-06 07:40:11.284 28473 28522 W libc : Access denied finding property "persist.camera.dualev.limitUltrawide"
06-06 07:40:11.287 28473 28612 E CAM_A : Camera metadata not valid at : 1114636231647352
06-06 07:40:11.309 28473 28522 W libc : Access denied finding property "persist.camera.dualev.limitUltrawide"
06-06 07:40:11.315 28473 28522 W libc : Access denied finding property "persist.camera.dualev.limitUltrawide"
06-06 07:40:11.377 28473 28522 W libc : Access denied finding property "persist.camera.dualev.limitUltrawide"
06-06 07:40:11.398 28473 28612 W native : W0606 07:40:11.397445 28612 roi_ml_matcher.cc:48] Cannot add new box to tracker:
06-06 07:40:11.398 28473 28612 W native : CANCELLED: Graph has errors: 06-06 07:40:11.398 28473 28612 W native : [type.googleapis.com/mediapipe.StatusList='\n\x02\x08\x01']
06-06 07:40:11.398 28473 28582 E GoLog : W0606 07:40:11.397445 28612 roi_ml_matcher.cc:48] Cannot add new box to tracker:
06-06 07:40:11.398 28473 28582 E GoLog : CANCELLED: Graph has errors: 06-06 07:40:11.398 28473 28582 E GoLog : [type.googleapis.com/mediapipe.StatusList='\n\x02\x08\x01']
06-06 07:40:11.400 28473 28612 W native : W0606 07:40:11.400595 28612 roi_ml_matcher.cc:48] Failed to add input_video to tracker:
06-06 07:40:11.400 28473 28612 W native : CANCELLED: Graph has errors: 06-06 07:40:11.400 28473 28612 W native : [type.googleapis.com/mediapipe.StatusList='\n\x02\x08\x01']
06-06 07:40:11.402 28473 28582 E GoLog : W0606 07:40:11.400595 28612 roi_ml_matcher.cc:48] Failed to add input_video to tracker:
06-06 07:40:11.402 28473 28582 E GoLog : CANCELLED: Graph has errors: 06-06 07:40:11.402 28473 28582 E GoLog : [type.googleapis.com/mediapipe.StatusList='\n\x02\x08\x01']
06-06 07:40:11.403 28473 28522 W libc : Access denied finding property "persist.camera.dualev.limitUltrawide"
06-06 07:40:11.417 28473 28522 W libc : Access denied finding property "persist.camera.dualev.limitUltrawide"
06-06 07:40:11.471 28473 28522 W libc : Access denied finding property "persist.camera.dualev.limitUltrawide"
06-06 07:40:11.507 28473 28522 W libc : Access denied finding property "persist.camera.dualev.limitUltrawide"
06-06 07:40:11.542 28473 28522 W libc : Access denied finding property "persist.camera.dualev.limitUltrawide"
06-06 07:40:11.577 28473 28522 W libc : Access denied finding property "persist.camera.dualev.limitUltrawide"
06-06 07:40:11.581 28473 28522 W libc : Access denied finding property "persist.camera.dualev.limitUltrawide"
06-06 07:40:11.606 28473 28522 W CAM_AutoFlashIndicator: No converged AE result for 31 frames,falling back to single-image auto-flash photo
06-06 07:40:11.608 28473 28522 W libc : Access denied finding property "persist.camera.dualev.limitUltrawide"
06-06 07:40:11.670 28473 28522 W libc : Access denied finding property "persist.camera.dualev.limitUltrawide"
06-06 07:40:11.680 28473 28522 W libc : Access denied finding property "persist.camera.dualev.limitUltrawide"
06-06 07:40:11.702 28473 28522 W libc : Access denied finding property "persist.camera.dualev.limitUltrawide"
06-06 07:40:11.736 28473 28522 W libc : Access denied finding property "persist.camera.dualev.limitUltrawide"
06-06 07:40:11.771 28473 28522 W libc : Access denied finding property "persist.camera.dualev.limitUltrawide"
06-06 07:40:11.767 28473 28473 W CallbackHndlr: type=1400 audit(0.0:58369190): avc: denied { read } for name="u:object_r:vendor_camera_prop:s0" dev="tmpfs" ino=13499 scontext=u:r:untrusted_app_29:s0:c73,c257,c512,c768 tcontext=u:object_r:vendor_camera_prop:s0 tclass=file permissive=0 app=com.google.android.GoogleCameraEngR13F2
06-06 07:40:11.806 28473 28522 W libc : Access denied finding property "persist.camera.dualev.limitUltrawide"
06-06 07:40:11.870 28473 28522 W libc : Access denied finding property "persist.camera.dualev.limitUltrawide"
06-06 07:40:11.876 28473 28522 W libc : Access denied finding property "persist.camera.dualev.limitUltrawide"
06-06 07:40:11.941 28473 28522 W libc : Access denied finding property "persist.camera.dualev.limitUltrawide"
06-06 07:40:11.960 28473 28522 W libc : Access denied finding property "persist.camera.dualev.limitUltrawide"
06-06 07:40:11.973 28473 28612 W CAM_A : Previous or current projection matrix cannot be computed. Defaulting to identity
06-06 07:40:11.974 28473 28522 W libc : Access denied finding property "persist.camera.dualev.limitUltrawide"
06-06 07:40:11.983 28473 28612 W native : W0606 07:40:11.983641 28612 roi_ml_matcher.cc:48] Cannot add new box to tracker:
06-06 07:40:11.983 28473 28612 W native : CANCELLED: Graph has errors: 06-06 07:40:11.983 28473 28612 W native : [type.googleapis.com/mediapipe.StatusList='\n\x02\x08\x01']
06-06 07:40:11.983 28473 28582 E GoLog : W0606 07:40:11.983641 28612 roi_ml_matcher.cc:48] Cannot add new box to tracker:
06-06 07:40:11.983 28473 28582 E GoLog : CANCELLED: Graph has errors: 06-06 07:40:11.983 28473 28582 E GoLog : [type.googleapis.com/mediapipe.StatusList='\n\x02\x08\x01']
06-06 07:40:11.993 28473 28612 W native : W0606 07:40:11.993369 28612 roi_ml_matcher.cc:48] Failed to add input_video to tracker:
06-06 07:40:11.993 28473 28612 W native : CANCELLED: Graph has errors: 06-06 07:40:11.993 28473 28612 W native : [type.googleapis.com/mediapipe.StatusList='\n\x02\x08\x01']
06-06 07:40:11.993 28473 28582 E GoLog : W0606 07:40:11.993369 28612 roi_ml_matcher.cc:48] Failed to add input_video to tracker:
06-06 07:40:11.993 28473 28582 E GoLog : CANCELLED: Graph has errors: 06-06 07:40:11.993 28473 28582 E GoLog : [type.googleapis.com/mediapipe.StatusList='\n\x02\x08\x01']
06-06 07:40:12.005 28473 28522 W libc : Access denied finding property "persist.camera.dualev.limitUltrawide"
06-06 07:40:12.044 28473 28522 W libc : Access denied finding property "persist.camera.dualev.limitUltrawide"
06-06 07:40:12.074 28473 28522 W libc : Access denied finding property "persist.camera.dualev.limitUltrawide"
06-06 07:40:12.104 28473 28482 I eCameraEngR13F2: NativeAlloc concurrent copying GC freed 129468(4383KB) AllocSpace objects, 1(68KB) LOS objects, 75% free, 10MB/41MB, paused 156us,118us total 131.245ms
06-06 07:40:12.105 28473 28522 W libc : Access denied finding property "persist.camera.dualev.limitUltrawide"
06-06 07:40:12.138 28473 28522 W libc : Access denied finding property "persist.camera.dualev.limitUltrawide"
06-06 07:40:12.172 28473 28522 W libc : Access denied finding property "persist.camera.dualev.limitUltrawide"
06-06 07:40:12.203 28473 28522 W libc : Access denied finding property "persist.camera.dualev.limitUltrawide"
06-06 07:40:12.238 28473 28522 W libc : Access denied finding property "persist.camera.dualev.limitUltrawide"
06-06 07:40:12.272 28473 28522 W libc : Access denied finding property "persist.camera.dualev.limitUltrawide"
06-06 07:40:12.304 28473 28522 W libc : Access denied finding property "persist.camera.dualev.limitUltrawide"
06-06 07:40:12.337 28473 28522 W libc : Access denied finding property "persist.camera.dualev.limitUltrawide"
06-06 07:40:12.370 28473 28522 W libc : Access denied finding property "persist.camera.dualev.limitUltrawide"
06-06 07:40:12.407 28473 28522 W libc : Access denied finding property "persist.camera.dualev.limitUltrawide"
06-06 07:40:12.436 28473 28522 W libc : Access denied finding property "persist.camera.dualev.limitUltrawide"
06-06 07:40:12.476 28473 28522 W libc : Access denied finding property "persist.camera.dualev.limitUltrawide"
06-06 07:40:12.505 28473 28522 W libc : Access denied finding property "persist.camera.dualev.limitUltrawide"
06-06 07:40:12.542 28473 28522 W libc : Access denied finding property "persist.camera.dualev.limitUltrawide"
06-06 07:40:12.576 28473 28522 W libc : Access denied finding property "persist.camera.dualev.limitUltrawide"
06-06 07:40:12.608 28473 28522 W libc : Access denied finding property "persist.camera.dualev.limitUltrawide"
06-06 07:40:12.637 28473 28522 W libc : Access denied finding property "persist.camera.dualev.limitUltrawide"
06-06 07:40:12.692 28473 28522 W libc : Access denied finding property "persist.camera.dualev.limitUltrawide"
06-06 07:40:12.748 28473 28522 W libc : Access denied finding property "persist.camera.dualev.limitUltrawide"
06-06 07:40:12.748 28473 28473 W libc : Access denied finding property "persist.camera.raw_mode"
06-06 07:40:12.766 28473 28612 E CAM_A : Camera metadata not valid at : 1114637700640998
06-06 07:40:12.775 28473 28522 W libc : Access denied finding property "persist.camera.dualev.limitUltrawide"
06-06 07:40:12.771 28473 28473 W CallbackHndlr: type=1400 audit(0.0:58369364): avc: denied { read } for name="u:object_r:vendor_camera_prop:s0" dev="tmpfs" ino=13499 scontext=u:r:untrusted_app_29:s0:c73,c257,c512,c768 tcontext=u:object_r:vendor_camera_prop:s0 tclass=file permissive=0 app=com.google.android.GoogleCameraEngR13F2
06-06 07:40:12.771 28473 28473 W CallbackHndlr: type=1400 audit(0.0:58369365): avc: denied { read } for name="u:object_r:vendor_camera_prop:s0" dev="tmpfs" ino=13499 scontext=u:r:untrusted_app_29:s0:c73,c257,c512,c768 tcontext=u:object_r:vendor_camera_prop:s0 tclass=file permissive=0 app=com.google.android.GoogleCameraEngR13F2
06-06 07:40:12.775 28473 28522 W libc : Access denied finding property "persist.camera.dualev.limitUltrawide"
06-06 07:40:12.782 28473 28744 W libc : Access denied finding property "persist.camera.jpeg_data_rotation"
06-06 07:40:12.805 28473 28522 W libc : Access denied finding property "persist.camera.dualev.limitUltrawide"
06-06 07:40:12.839 28473 28522 W libc : Access denied finding property "persist.camera.dualev.limitUltrawide"
06-06 07:40:12.868 28473 28522 W libc : Access denied finding property "persist.camera.dualev.limitUltrawide"
06-06 07:40:12.900 28473 28522 W libc : Access denied finding property "persist.camera.dualev.limitUltrawide"
06-06 07:40:12.934 28473 28522 W libc : Access denied finding property "persist.camera.dualev.limitUltrawide"
06-06 07:40:12.970 28473 28522 W libc : Access denied finding property "persist.camera.dualev.limitUltrawide"
06-06 07:40:13.002 28473 28522 W libc : Access denied finding property "persist.camera.dualev.limitUltrawide"
06-06 07:40:13.036 28473 28522 W libc : Access denied finding property "persist.camera.dualev.limitUltrawide"
06-06 07:40:13.044 28473 28473 W libc : Access denied finding property "persist.camera.allow_fine_haptics"
06-06 07:40:13.072 28473 28522 W libc : Access denied finding property "persist.camera.dualev.limitUltrawide"
06-06 07:40:13.100 28473 28522 W libc : Access denied finding property "persist.camera.dualev.limitUltrawide"
06-06 07:40:13.135 28473 28522 W libc : Access denied finding property "persist.camera.dualev.limitUltrawide"
06-06 07:40:13.167 28473 28522 W libc : Access denied finding property "persist.camera.dualev.limitUltrawide"
06-06 07:40:13.202 28473 28522 W libc : Access denied finding property "persist.camera.dualev.limitUltrawide"
06-06 07:40:13.237 28473 28522 W libc : Access denied finding property "persist.camera.dualev.limitUltrawide"
06-06 07:40:13.279 28473 28522 W libc : Access denied finding property "persist.camera.dualev.limitUltrawide"
06-06 07:40:13.292 28473 28482 I eCameraEngR13F2: NativeAlloc concurrent copying GC freed 66565(2167KB) AllocSpace objects, 0(0B) LOS objects, 75% free, 10MB/42MB, paused 457us,45us total 151.159ms
06-06 07:40:13.308 28473 28522 W libc : Access denied finding property "persist.camera.dualev.limitUltrawide"
06-06 07:40:13.351 28473 28522 W libc : Access denied finding property "persist.camera.dualev.limitUltrawide"
06-06 07:40:13.375 28473 28522 W libc : Access denied finding property "persist.camera.dualev.limitUltrawide"
06-06 07:40:13.403 28473 28522 W libc : Access denied finding property "persist.camera.dualev.limitUltrawide"
06-06 07:40:13.443 28473 28522 W libc : Access denied finding property "persist.camera.dualev.limitUltrawide"
06-06 07:40:13.468 28473 28522 W libc : Access denied finding property "persist.camera.dualev.limitUltrawide"
06-06 07:40:13.502 28473 28744 W libc : Access denied finding property "persist.camera.cuttle.extended"
06-06 07:40:13.503 28473 28744 W libc : Access denied finding property "persist.camera.cuttle.extended_iterable_burst"
06-06 07:40:13.503 28473 28522 W libc : Access denied finding property "persist.camera.dualev.limitUltrawide"
06-06 07:40:13.503 28473 28744 W libc : Access denied finding property "persist.camera.mts_4k"
06-06 07:40:13.504 28473 28744 W libc : Access denied finding property "persist.camera.disable_hdrplus_postview"
06-06 07:40:13.506 28473 28744 W libc : Access denied finding property "persist.camera.jpeg_data_rotation"
06-06 07:40:13.506 28473 28744 W libc : Access denied finding property "persist.camera.acat_firefly_on"
06-06 07:40:13.507 28473 28744 W libc : Access denied finding property "persist.camera.spatial_rgb_enabled"
06-06 07:40:13.507 28473 28744 W libc : Access denied finding property "persist.camera.wiener_force"
06-06 07:40:13.507 28473 28744 W libc : Access denied finding property "persist.camera.shasta_zsl"
06-06 07:40:13.507 28473 28744 W libc : Access denied finding property "persist.camera.shasta.factor"
06-06 07:40:13.507 28473 28744 W libc : Access denied finding property "persist.camera.cuttle.sky"
06-06 07:40:13.507 28473 28744 W libc : Access denied finding property "persist.camera.cuttle.rerun_fd"
06-06 07:40:13.508 28473 28744 W pkr : CaptureResult is present COLOR_CORRECTION_GAINS NEUTRAL.
06-06 07:40:13.517 28473 28744 W pkr : CaptureResult is present COLOR_CORRECTION_GAINS NEUTRAL.
06-06 07:40:13.526 28473 28744 E libgcam : [tet_model.cc:110]: Check: TetModel::model[1]::overall_gain (1.000000) can not be less than the prior value (1.300000).
06-06 07:40:13.526 28473 28744 E libgcam : [tuning.cc:677]: GetPayloadBurstTetModel: Validation of TetModel failed:
06-06 07:40:13.526 28473 28744 E libgcam : [tuning.cc:680]: GetPayloadBurstTetModel: waypoints 6
06-06 07:40:13.526 28473 28744 E libgcam : exp_time_ms 0
06-06 07:40:13.526 28473 28744 E libgcam : overall_gain 1.29999995
06-06 07:40:13.526 28473 28744 E libgcam : exp_time_ms 3.20000005
06-06 07:40:13.526 28473 28744 E libgcam : overall_gain 1
06-06 07:40:13.526 28473 28744 E libgcam : exp_time_ms 3.20000005
06-06 07:40:13.526 28473 28744 E libgcam : overall_gain 51
06-06 07:40:13.526 28473 28744 E libgcam : exp_time_ms 200
06-06 07:40:13.526 28473 28744 E libgcam : overall_gain 102
06-06 07:40:13.526 28473 28744 E libgcam : exp_time_ms 200
06-06 07:40:13.526 28473 28744 E libgcam : overall_gain 102
06-06 07:40:13.526 28473 28744 E libgcam : exp_time_ms 99999
06-06 07:40:13.526 28473 28744 E libgcam : overall_gain 256
06-06 07:40:13.528 28473 28744 W libc : Access denied finding property "persist.camera.3a.debug_meta"
06-06 07:40:13.528 28473 28744 W libc : Access denied finding property "persist.camera.jpeg_data_rotation"
06-06 07:40:13.538 28473 28522 W libc : Access denied finding property "persist.camera.dualev.limitUltrawide"
06-06 07:40:13.570 28473 28522 W libc : Access denied finding property "persist.camera.dualev.limitUltrawide"
06-06 07:40:13.609 28473 28522 W libc : Access denied finding property "persist.camera.dualev.limitUltrawide"
06-06 07:40:13.634 28473 28522 W libc : Access denied finding property "persist.camera.dualev.limitUltrawide"
06-06 07:40:13.670 28473 28522 W libc : Access denied finding property "persist.camera.dualev.limitUltrawide"
06-06 07:40:13.704 28473 28522 W libc : Access denied finding property "persist.camera.dualev.limitUltrawide"
06-06 07:40:13.742 28473 28522 W libc : Access denied finding property "persist.camera.dualev.limitUltrawide"
06-06 07:40:13.761 28473 28522 W libc : Access denied finding property "persist.camera.dualev.limitUltrawide"
06-06 07:40:13.766 28473 28744 W pkr : CaptureResult is present COLOR_CORRECTION_GAINS NEUTRAL.
06-06 07:40:13.812 28473 28522 W libc : Access denied finding property "persist.camera.dualev.limitUltrawide"
06-06 07:40:13.807 28473 28473 W CallbackHndlr: type=1400 audit(0.0:58369557): avc: denied { read } for name="u:object_r:vendor_camera_prop:s0" dev="tmpfs" ino=13499 scontext=u:r:untrusted_app_29:s0:c73,c257,c512,c768 tcontext=u:object_r:vendor_camera_prop:s0 tclass=file permissive=0 app=com.google.android.GoogleCameraEngR13F2
06-06 07:40:13.820 28473 28744 W pkr : CaptureResult is present COLOR_CORRECTION_GAINS NEUTRAL.
06-06 07:40:13.836 28473 28522 W libc : Access denied finding property "persist.camera.dualev.limitUltrawide"
06-06 07:40:13.841 28473 28744 W pkr : CaptureResult is present COLOR_CORRECTION_GAINS NEUTRAL.
06-06 07:40:13.885 28473 28522 W libc : Access denied finding property "persist.camera.dualev.limitUltrawide"
06-06 07:40:13.902 28473 28744 W pkr : CaptureResult is present COLOR_CORRECTION_GAINS NEUTRAL.
06-06 07:40:13.910 28473 28522 W libc : Access denied finding property "persist.camera.dualev.limitUltrawide"
06-06 07:40:13.936 28473 28744 W pkr : CaptureResult is present COLOR_CORRECTION_GAINS NEUTRAL.
06-06 07:40:13.957 28473 28522 W libc : Access denied finding property "persist.camera.dualev.limitUltrawide"
06-06 07:40:13.959 28473 28744 W pkr : CaptureResult is present COLOR_CORRECTION_GAINS NEUTRAL.
06-06 07:40:13.961 28473 28522 W libc : Access denied finding property "persist.camera.dualev.limitUltrawide"
06-06 07:40:13.967 28473 28744 W pkr : CaptureResult is present COLOR_CORRECTION_GAINS NEUTRAL.
06-06 07:40:13.994 28473 28522 W libc : Access denied finding property "persist.camera.dualev.limitUltrawide"
06-06 07:40:13.998 28473 28744 W pkr : CaptureResult is present COLOR_CORRECTION_GAINS NEUTRAL.
06-06 07:40:14.029 28473 28522 W libc : Access denied finding property "persist.camera.dualev.limitUltrawide"
06-06 07:40:14.041 28473 28744 W pkr : CaptureResult is present COLOR_CORRECTION_GAINS NEUTRAL.
06-06 07:40:14.048 28473 28744 W CAM_PckHdrPBurstTkr: Marking frame 10 of 10 as invalid for shot 2.
06-06 07:40:14.052 28473 28744 W pkr : CaptureResult is present COLOR_CORRECTION_GAINS NEUTRAL.
06-06 07:40:14.053 28473 28744 W libgcam : [shot.cc:1593]: AddPayloadFrame_Validate: Payload frame 9 dropped by client.
06-06 07:40:14.053 28473 28587 E libgcam : [sharpness.cc:179]: MeasureSharpnessRaw: MeasureSharpnessRaw called with non-Bayer image, which is not supported.
06-06 07:40:14.053 28473 28587 E libgcam : [tet_model.cc:110]: Check: TetModel::model[1]::overall_gain (1.000000) can not be less than the prior value (1.300000).
06-06 07:40:14.053 28473 28587 E libgcam : [tuning.cc:677]: GetPayloadBurstTetModel: Validation of TetModel failed:
06-06 07:40:14.054 28473 28587 E libgcam : [tuning.cc:680]: GetPayloadBurstTetModel: waypoints 6
06-06 07:40:14.054 28473 28587 E libgcam : exp_time_ms 0
06-06 07:40:14.054 28473 28587 E libgcam : overall_gain 1.29999995
06-06 07:40:14.054 28473 28587 E libgcam : exp_time_ms 8
06-06 07:40:14.054 28473 28587 E libgcam : overall_gain 1
06-06 07:40:14.054 28473 28587 E libgcam : exp_time_ms 8
06-06 07:40:14.054 28473 28587 E libgcam : overall_gain 4
06-06 07:40:14.054 28473 28587 E libgcam : exp_time_ms 100
06-06 07:40:14.054 28473 28587 E libgcam : overall_gain 40
06-06 07:40:14.054 28473 28587 E libgcam : exp_time_ms 100
06-06 07:40:14.054 28473 28587 E libgcam : overall_gain 256
06-06 07:40:14.054 28473 28587 E libgcam : exp_time_ms 99999
06-06 07:40:14.054 28473 28587 E libgcam : overall_gain 256
06-06 07:40:14.054 28473 28587 W libc : Access denied finding property "persist.camera.disable_hdrplus_postview"
06-06 07:40:14.084 28473 28522 W libc : Access denied finding property "persist.camera.dualev.limitUltrawide"
06-06 07:40:14.112 28473 28522 W libc : Access denied finding property "persist.camera.dualev.limitUltrawide"
06-06 07:40:14.140 28473 28522 W libc : Access denied finding property "persist.camera.dualev.limitUltrawide"
06-06 07:40:14.172 28473 28522 W libc : Access denied finding property "persist.camera.dualev.limitUltrawide"
06-06 07:40:14.210 28473 28522 W libc : Access denied finding property "persist.camera.dualev.limitUltrawide"
06-06 07:40:14.239 28473 28522 W libc : Access denied finding property "persist.camera.dualev.limitUltrawide"
06-06 07:40:14.248 28473 28593 W libc : Access denied finding property "persist.camera.mts_4k"
06-06 07:40:14.248 28473 28587 W libc : Access denied finding property "persist.camera.no_low_fb"
06-06 07:40:14.262 28473 28593 W CAM_A : Ignored Rectiface warpfield re-initialization.
06-06 07:40:14.262 28473 28593 W libc : Access denied finding property "persist.camera.acat_on"
06-06 07:40:14.262 28473 28593 W libc : Access denied finding property "persist.camera.acat_debug"
06-06 07:40:14.267 28473 28593 W libc : Access denied finding property "persist.camera.acat_firefly_on"
06-06 07:40:14.267 28473 28593 W libc : Access denied finding property "persist.camera.acat_fsc_on"
06-06 07:40:14.268 28473 28593 W libc : Access denied finding property "persist.camera.acat_cpu_warp"
06-06 07:40:14.268 28473 28593 W libc : Access denied finding property "persist.camera.acat_force_fd"
06-06 07:40:14.268 28473 28593 W libc : Access denied finding property "persist.camera.acat_lc_only"
06-06 07:40:14.268 28473 28593 W libc : Access denied finding property "persist.camera.acat_use_mask"
06-06 07:40:14.272 28473 28522 W libc : Access denied finding property "persist.camera.dualev.limitUltrawide"
06-06 07:40:14.303 28473 28522 W libc : Access denied finding property "persist.camera.dualev.limitUltrawide"
06-06 07:40:14.309 28473 28763 W libgcam : [shot.cc:830]: CheckBlackLevelLock: Payload frame: Black level requested to be locked, but the frame returned had black level unlocked
06-06 07:40:14.316 28473 28612 W CAM_A : Previous or current projection matrix cannot be computed. Defaulting to identity
06-06 07:40:14.322 28473 28473 W libc : Access denied finding property "persist.camera.toggle_zoom_bar"
06-06 07:40:14.323 28473 28473 W libc : Access denied finding property "persist.camera.p20_lens_setup"
06-06 07:40:14.323 28473 28473 W libc : Access denied finding property "persist.camera.p20_lens_setup"
06-06 07:40:14.332 28473 28473 W libc : Access denied finding property "persist.camera.p20_lens_setup"
06-06 07:40:14.332 28473 28473 W libc : Access denied finding property "persist.camera.p20_lens_setup"
06-06 07:40:14.332 28473 28473 W libc : Access denied finding property "persist.camera.p20_lens_setup"
06-06 07:40:14.332 28473 28473 W libc : Access denied finding property "persist.camera.p20_lens_setup"
06-06 07:40:14.333 28473 28473 W libc : Access denied finding property "persist.camera.p20_lens_setup"
06-06 07:40:14.335 28473 28473 W libc : Access denied finding property "persist.camera.cutout_display"
06-06 07:40:14.335 28473 28473 W libc : Access denied finding property "persist.camera.cutout_trial_size"
06-06 07:40:14.337 28473 28473 W libc : Access denied finding property "persist.camera.allow_fine_haptics"
06-06 07:40:14.348 28473 28493 W libc : Access denied finding property "persist.camera.storage_space_override"
06-06 07:40:14.353 28473 28522 W libc : Access denied finding property "persist.camera.dualev.limitUltrawide"
06-06 07:40:14.353 28473 28612 W native : W0606 07:40:14.353490 28612 roi_ml_matcher.cc:48] Cannot add new box to tracker:
06-06 07:40:14.353 28473 28612 W native : CANCELLED: Graph has errors: 06-06 07:40:14.353 28473 28612 W native : [type.googleapis.com/mediapipe.StatusList='\n\x02\x08\x01']
06-06 07:40:14.353 28473 28582 E GoLog : W0606 07:40:14.353490 28612 roi_ml_matcher.cc:48] Cannot add new box to tracker:
06-06 07:40:14.353 28473 28582 E GoLog : CANCELLED: Graph has errors: 06-06 07:40:14.353 28473 28582 E GoLog : [type.googleapis.com/mediapipe.StatusList='\n\x02\x08\x01']
06-06 07:40:14.374 28473 28612 W native : W0606 07:40:14.373872 28612 roi_ml_matcher.cc:48] Failed to add input_video to tracker:
06-06 07:40:14.374 28473 28612 W native : CANCELLED: Graph has errors: 06-06 07:40:14.374 28473 28612 W native : [type.googleapis.com/mediapipe.StatusList='\n\x02\x08\x01']
06-06 07:40:14.374 28473 28582 E GoLog : W0606 07:40:14.373872 28612 roi_ml_matcher.cc:48] Failed to add input_video to tracker:
06-06 07:40:14.374 28473 28582 E GoLog : CANCELLED: Graph has errors: 06-06 07:40:14.374 28473 28582 E GoLog : [type.googleapis.com/mediapipe.StatusList='\n\x02\x08\x01']
06-06 07:40:14.375 28473 28522 W libc : Access denied finding property "persist.camera.dualev.limitUltrawide"
06-06 07:40:14.414 28473 28522 W libc : Access denied finding property "persist.camera.dualev.limitUltrawide"
06-06 07:40:14.415 28473 28612 E CAM_A : Camera metadata not valid at : 1114639404285772
06-06 07:40:14.446 28473 28522 W libc : Access denied finding property "persist.camera.dualev.limitUltrawide"
06-06 07:40:14.490 28473 28522 W libc : Access denied finding property "persist.camera.dualev.limitUltrawide"
06-06 07:40:14.551 28473 28593 W libc : Access denied finding property "persist.camera.jpeg_data_rotation"
06-06 07:40:14.554 28473 28522 W libc : Access denied finding property "persist.camera.dualev.limitUltrawide"
06-06 07:40:14.555 28473 28612 E CAM_A : Camera metadata not valid at : 1114639505157468
06-06 07:40:14.570 28473 28522 W libc : Access denied finding property "persist.camera.dualev.limitUltrawide"
06-06 07:40:14.616 28473 28522 W libc : Access denied finding property "persist.camera.dualev.limitUltrawide"
06-06 07:40:14.616 28473 28612 E CAM_A : Camera metadata not valid at : 1114639571365720
06-06 07:40:14.622 28473 28522 W libc : Access denied finding property "persist.camera.dualev.limitUltrawide"
06-06 07:40:14.627 28473 28612 E CAM_A : Camera metadata not valid at : 1114639604783168
06-06 07:40:14.642 28473 28522 W libc : Access denied finding property "persist.camera.dualev.limitUltrawide"
06-06 07:40:14.675 28473 28522 W libc : Access denied finding property "persist.camera.dualev.limitUltrawide"
06-06 07:40:14.715 28473 28522 W libc : Access denied finding property "persist.camera.dualev.limitUltrawide"
06-06 07:40:14.734 28473 28473 W libc : Access denied finding property "persist.camera.optbar.icons_on_closed_menu"
06-06 07:40:14.742 28473 28522 W libc : Access denied finding property "persist.camera.dualev.limitUltrawide"
06-06 07:40:14.809 28473 28522 W libc : Access denied finding property "persist.camera.dualev.limitUltrawide"
06-06 07:40:14.804 28473 28473 W CallbackHndlr: type=1400 audit(0.0:58369763): avc: denied { read } for name="u:object_r:vendor_camera_prop:s0" dev="tmpfs" ino=13499 scontext=u:r:untrusted_app_29:s0:c73,c257,c512,c768 tcontext=u:object_r:vendor_camera_prop:s0 tclass=file permissive=0 app=com.google.android.GoogleCameraEngR13F2
06-06 07:40:14.816 28473 28522 W libc : Access denied finding property "persist.camera.dualev.limitUltrawide"
06-06 07:40:14.851 28473 28482 I eCameraEngR13F2: Background concurrent copying GC freed 23729(1393KB) AllocSpace objects, 0(0B) LOS objects, 58% free, 69MB/165MB, paused 2.146ms,4.826ms total 135.840ms
06-06 07:40:14.874 28473 28522 W libc : Access denied finding property "persist.camera.dualev.limitUltrawide"
06-06 07:40:14.886 28473 28522 W libc : Access denied finding property "persist.camera.dualev.limitUltrawide"
06-06 07:40:14.906 28473 28522 W libc : Access denied finding property "persist.camera.dualev.limitUltrawide"
06-06 07:40:14.950 28473 28522 W libc : Access denied finding property "persist.camera.dualev.limitUltrawide"
06-06 07:40:14.983 28473 28522 W libc : Access denied finding property "persist.camera.dualev.limitUltrawide"
06-06 07:40:15.017 28473 28522 W libc : Access denied finding property "persist.camera.dualev.limitUltrawide"
06-06 07:40:15.049 28473 28522 W libc : Access denied finding property "persist.camera.dualev.limitUltrawide"
06-06 07:40:15.081 28473 28522 W libc : Access denied finding property "persist.camera.dualev.limitUltrawide"
06-06 07:40:15.110 28473 28522 W libc : Access denied finding property "persist.camera.dualev.limitUltrawide"
06-06 07:40:15.140 28473 28522 W libc : Access denied finding property "persist.camera.dualev.limitUltrawide"
06-06 07:40:15.175 28473 28522 W libc : Access denied finding property "persist.camera.dualev.limitUltrawide"
06-06 07:40:15.214 28473 28522 W libc : Access denied finding property "persist.camera.dualev.limitUltrawide"
06-06 07:40:15.246 28473 28522 W libc : Access denied finding property "persist.camera.dualev.limitUltrawide"
06-06 07:40:15.277 28473 28522 W libc : Access denied finding property "persist.camera.dualev.limitUltrawide"
