06-06 07:40:15.322 28473 28522 W libc : Access denied finding property "persist.camera.dualev.limitUltrawide"
06-06 07:40:15.410 28473 28522 W libc : Access denied finding property "persist.camera.dualev.limitUltrawide"
06-06 07:40:15.415 28473 28522 W libc : Access denied finding property "persist.camera.dualev.limitUltrawide"
06-06 07:40:15.421 28473 28522 W libc : Access denied finding property "persist.camera.dualev.limitUltrawide"
06-06 07:40:15.478 28473 28522 W libc : Access denied finding property "persist.camera.dualev.limitUltrawide"
06-06 07:40:15.483 28473 28522 W libc : Access denied finding property "persist.camera.dualev.limitUltrawide"
06-06 07:40:15.511 28473 28522 W libc : Access denied finding property "persist.camera.dualev.limitUltrawide"
06-06 07:40:15.549 28473 28522 W libc : Access denied finding property "persist.camera.dualev.limitUltrawide"
06-06 07:40:15.611 28473 28522 W CAM_AutoFlashIndicator: No converged AE result for 31 frames,falling back to single-image auto-flash photo
06-06 07:40:15.617 28473 28522 W libc : Access denied finding property "persist.camera.dualev.limitUltrawide"
06-06 07:40:15.619 28473 28522 W libc : Access denied finding property "persist.camera.dualev.limitUltrawide"
06-06 07:40:15.651 28473 28522 W libc : Access denied finding property "persist.camera.dualev.limitUltrawide"
06-06 07:40:15.687 28473 28522 W libc : Access denied finding property "persist.camera.dualev.limitUltrawide"
06-06 07:40:15.723 28473 28522 W libc : Access denied finding property "persist.camera.dualev.limitUltrawide"
06-06 07:40:15.777 28473 28473 W CallbackHndlr: type=1400 audit(0.0:58369926): avc: denied { read } for name="u:object_r:vendor_camera_prop:s0" dev="tmpfs" ino=13499 scontext=u:r:untrusted_app_29:s0:c73,c257,c512,c768 tcontext=u:object_r:vendor_camera_prop:s0 tclass=file permissive=0 app=com.google.android.GoogleCameraEngR13F2
06-06 07:40:15.783 28473 28522 W libc : Access denied finding property "persist.camera.dualev.limitUltrawide"
06-06 07:40:15.797 28473 28473 W CallbackHndlr: type=1400 audit(0.0:58369928): avc: denied { read } for name="u:object_r:vendor_camera_prop:s0" dev="tmpfs" ino=13499 scontext=u:r:untrusted_app_29:s0:c73,c257,c512,c768 tcontext=u:object_r:vendor_camera_prop:s0 tclass=file permissive=0 app=com.google.android.GoogleCameraEngR13F2
06-06 07:40:15.801 28473 28522 W libc : Access denied finding property "persist.camera.dualev.limitUltrawide"
06-06 07:40:15.817 28473 28522 W libc : Access denied finding property "persist.camera.dualev.limitUltrawide"
06-06 07:40:15.843 28473 28522 W libc : Access denied finding property "persist.camera.dualev.limitUltrawide"
06-06 07:40:15.866 28473 28482 I eCameraEngR13F2: Background young concurrent copying GC freed 37251(1307KB) AllocSpace objects, 14(32MB) LOS objects, 1% free, 163MB/165MB, paused 544us,698us total 111.734ms
06-06 07:40:15.907 28473 28522 W libc : Access denied finding property "persist.camera.dualev.limitUltrawide"
06-06 07:40:15.919 28473 28522 W libc : Access denied finding property "persist.camera.dualev.limitUltrawide"
06-06 07:40:15.950 28473 28522 W libc : Access denied finding property "persist.camera.dualev.limitUltrawide"
06-06 07:40:16.009 28473 28522 W libc : Access denied finding property "persist.camera.dualev.limitUltrawide"
06-06 07:40:16.036 28473 28522 W libc : Access denied finding property "persist.camera.dualev.limitUltrawide"
06-06 07:40:16.046 28473 28522 W libc : Access denied finding property "persist.camera.dualev.limitUltrawide"
06-06 07:40:16.083 28473 28522 W libc : Access denied finding property "persist.camera.dualev.limitUltrawide"
06-06 07:40:16.125 28473 28522 W libc : Access denied finding property "persist.camera.dualev.limitUltrawide"
06-06 07:40:16.148 28473 28522 W libc : Access denied finding property "persist.camera.dualev.limitUltrawide"
06-06 07:40:16.181 28473 28522 W libc : Access denied finding property "persist.camera.dualev.limitUltrawide"
06-06 07:40:16.212 28473 28522 W libc : Access denied finding property "persist.camera.dualev.limitUltrawide"
06-06 07:40:16.252 28473 28522 W libc : Access denied finding property "persist.camera.dualev.limitUltrawide"
06-06 07:40:16.288 28473 28522 W libc : Access denied finding property "persist.camera.dualev.limitUltrawide"
06-06 07:40:16.308 28473 28522 W libc : Access denied finding property "persist.camera.dualev.limitUltrawide"
06-06 07:40:16.343 28473 28522 W libc : Access denied finding property "persist.camera.dualev.limitUltrawide"
06-06 07:40:16.365 28473 28482 I eCameraEngR13F2: Background concurrent copying GC freed 18181(839KB) AllocSpace objects, 7(260KB) LOS objects, 29% free, 225MB/321MB, paused 10.411ms,280us total 482.036ms
06-06 07:40:16.406 28473 28522 W libc : Access denied finding property "persist.camera.dualev.limitUltrawide"
06-06 07:40:16.433 28473 28473 W CAM_A : Placeholder drawable removed: key=ShotId-0 evicted=false
06-06 07:40:16.436 28473 28522 W libc : Access denied finding property "persist.camera.dualev.limitUltrawide"
06-06 07:40:16.453 28473 28522 W libc : Access denied finding property "persist.camera.dualev.limitUltrawide"
06-06 07:40:16.473 28473 28473 W libc : Access denied finding property "persist.camera.cutout_display"
06-06 07:40:16.474 28473 28473 W libc : Access denied finding property "persist.camera.cutout_trial_size"
06-06 07:40:16.482 28473 28522 W libc : Access denied finding property "persist.camera.dualev.limitUltrawide"
06-06 07:40:16.514 28473 28522 W libc : Access denied finding property "persist.camera.dualev.limitUltrawide"
06-06 07:40:16.543 28473 28522 W libc : Access denied finding property "persist.camera.dualev.limitUltrawide"
06-06 07:40:16.580 28473 28522 W libc : Access denied finding property "persist.camera.dualev.limitUltrawide"
06-06 07:40:16.613 28473 28522 W libc : Access denied finding property "persist.camera.dualev.limitUltrawide"
06-06 07:40:16.649 28473 28522 W libc : Access denied finding property "persist.camera.dualev.limitUltrawide"
06-06 07:40:16.676 28473 28522 W libc : Access denied finding property "persist.camera.dualev.limitUltrawide"
06-06 07:40:16.709 28473 28522 W libc : Access denied finding property "persist.camera.dualev.limitUltrawide"
06-06 07:40:16.728 28473 28473 W libc : Access denied finding property "persist.camera.cutout_display"
06-06 07:40:16.731 28473 28473 W libc : Access denied finding property "persist.camera.cutout_trial_size"
06-06 07:40:16.743 28473 28522 W libc : Access denied finding property "persist.camera.dualev.limitUltrawide"
06-06 07:40:16.777 28473 28522 W libc : Access denied finding property "persist.camera.dualev.limitUltrawide"
06-06 07:40:16.816 28473 28522 W libc : Access denied finding property "persist.camera.dualev.limitUltrawide"
06-06 07:40:16.841 28473 28522 W libc : Access denied finding property "persist.camera.dualev.limitUltrawide"
06-06 07:40:16.873 28473 28522 W libc : Access denied finding property "persist.camera.dualev.limitUltrawide"
06-06 07:40:16.915 28473 28522 W libc : Access denied finding property "persist.camera.dualev.limitUltrawide"
06-06 07:40:16.943 28473 28522 W libc : Access denied finding property "persist.camera.dualev.limitUltrawide"
06-06 07:40:16.977 28473 28522 W libc : Access denied finding property "persist.camera.dualev.limitUltrawide"
06-06 07:40:17.014 28473 28522 W libc : Access denied finding property "persist.camera.dualev.limitUltrawide"
06-06 07:40:17.050 28473 28522 W libc : Access denied finding property "persist.camera.dualev.limitUltrawide"
06-06 07:40:17.078 28473 28522 W libc : Access denied finding property "persist.camera.dualev.limitUltrawide"
06-06 07:40:17.100 28473 28473 W libc : Access denied finding property "persist.camera.cutout_display"
06-06 07:40:17.101 28473 28473 W libc : Access denied finding property "persist.camera.cutout_trial_size"
06-06 07:40:17.108 28473 28497 E FrameEvents: updateAcquireFence: Did not find frame.
06-06 07:40:17.109 28473 28522 W libc : Access denied finding property "persist.camera.dualev.limitUltrawide"
06-06 07:40:17.113 28473 28542 W Parcel : Expecting binder but got null!
06-06 07:40:17.120 28473 28473 W libc : Access denied finding property "persist.camera.hdr_plus_torch_thermal_throttling"
06-06 07:40:17.120 28473 28473 W CAM_A : Disconnecting the camera device because filmstrip was launched.
06-06 07:40:17.122 28473 28473 W libc : Access denied finding property "persist.camera.catshark_minibar_enabled"
06-06 07:40:17.123 28473 28509 W libc : Access denied finding property "persist.camera.fc_extraction"
06-06 07:40:17.152 28473 28473 W libc : Access denied finding property "persist.camera.cutout_display"
06-06 07:40:17.153 28473 28473 W libc : Access denied finding property "persist.camera.cutout_trial_size"
06-06 07:40:17.156 28473 28795 E native : E0606 07:40:17.151717 28795 calculator_graph.cc:810] CANCELLED: CalculatorGraph::Run() failed in Run: 06-06 07:40:17.156 28473 28795 E native : [type.googleapis.com/mediapipe.StatusList='\n\x02\x08\x01']
06-06 07:40:17.156 28473 28795 E native : === Source Location Trace: === 06-06 07:40:17.156 28473 28795 E native : third_party/mediapipe/framework/tool/status_util.cc:139
06-06 07:40:17.156 28473 28795 E native : 06-06 07:40:17.156 28473 28744 E native : E0606 07:40:17.149955 28744 jni_environment.cc:81] Failed to detach current thread from the JVM. JavaVM::DetachCurrentThread returned: -1
06-06 07:40:17.156 28473 28795 W native : W0606 07:40:17.156942 28795 roi_ml_matcher.cc:48] Failed to WaitUntilIdle:
06-06 07:40:17.156 28473 28795 W native : CANCELLED: CalculatorGraph::Run() failed in Run: 06-06 07:40:17.156 28473 28795 W native : [type.googleapis.com/mediapipe.StatusList='\n\x02\x08\x01']
06-06 07:40:17.157 28473 28582 E GoLog : E0606 07:40:17.149955 28744 jni_environment.cc:81] Failed to detach current thread from the JVM. JavaVM::DetachCurrentThread returned: -1
06-06 07:40:17.157 28473 28582 E GoLog : E0606 07:40:17.151717 28795 calculator_graph.cc:810] CANCELLED: CalculatorGraph::Run() failed in Run: 06-06 07:40:17.157 28473 28582 E GoLog : [type.googleapis.com/mediapipe.StatusList='\n\x02\x08\x01']
06-06 07:40:17.157 28473 28582 E GoLog : === Source Location Trace: === 06-06 07:40:17.157 28473 28582 E GoLog : third_party/mediapipe/framework/tool/status_util.cc:139
06-06 07:40:17.157 28473 28582 E GoLog : 06-06 07:40:17.157 28473 28582 E GoLog : W0606 07:40:17.156942 28795 roi_ml_matcher.cc:48] Failed to WaitUntilIdle:
06-06 07:40:17.157 28473 28582 E GoLog : CANCELLED: CalculatorGraph::Run() failed in Run: 06-06 07:40:17.157 28473 28582 E GoLog : [type.googleapis.com/mediapipe.StatusList='\n\x02\x08\x01']
06-06 07:40:17.159 28473 28473 W libc : Access denied finding property "persist.camera.hdr_plus_torch_thermal_throttling"
06-06 07:40:17.159 28473 28473 W libc : Access denied finding property "persist.camera.catshark_enabled.RESTART"
06-06 07:40:17.172 28473 28495 E PhenotypeFlagCommitter: Retrieving snapshot for com.google.android.apps.camera#com.google.android.GoogleCameraEngR13F2 failed
06-06 07:40:17.172 28473 28495 E PhenotypeFlagCommitter: java.util.concurrent.ExecutionException: java.lang.SecurityException: GoogleCertificatesRslt: not allowed: pkg=com.google.android.GoogleCameraEngR13F2, sha256=[a40da80a59d170caa950cf15c18c454d47a39b26989d8b640ecd745ba71bf5dc], atk=false, ver=242213038.true (go/gsrlt)
06-06 07:40:17.172 28473 28495 E PhenotypeFlagCommitter: at mip.fb(Unknown Source:27)
06-06 07:40:17.172 28473 28495 E PhenotypeFlagCommitter: at mip.cd(Unknown Source:63)
06-06 07:40:17.172 28473 28495 E PhenotypeFlagCommitter: at kuc.c(Unknown Source:12)
06-06 07:40:17.172 28473 28495 E PhenotypeFlagCommitter: at kuc.e(Unknown Source:35)
06-06 07:40:17.172 28473 28495 E PhenotypeFlagCommitter: at kuc.b(Unknown Source:1)
06-06 07:40:17.172 28473 28495 E PhenotypeFlagCommitter: at gvh.a(Unknown Source:35)
06-06 07:40:17.172 28473 28495 E PhenotypeFlagCommitter: at gvj.run(Unknown Source:9)
06-06 07:40:17.172 28473 28495 E PhenotypeFlagCommitter: at law.run(Unknown Source:2)
06-06 07:40:17.172 28473 28495 E PhenotypeFlagCommitter: at java.util.concurrent.Executors$RunnableAdapter.call(Executors.java:487)
06-06 07:40:17.172 28473 28495 E PhenotypeFlagCommitter: at pio.a(Unknown Source:2)
06-06 07:40:17.172 28473 28495 E PhenotypeFlagCommitter: at phs.run(Unknown Source:20)
06-06 07:40:17.172 28473 28495 E PhenotypeFlagCommitter: at pip.run(Unknown Source:4)
06-06 07:40:17.172 28473 28495 E PhenotypeFlagCommitter: at java.util.concurrent.Executors$RunnableAdapter.call(Executors.java:487)
06-06 07:40:17.172 28473 28495 E PhenotypeFlagCommitter: at java.util.concurrent.FutureTask.run(FutureTask.java:264)
06-06 07:40:17.172 28473 28495 E PhenotypeFlagCommitter: at java.util.concurrent.ScheduledThreadPoolExecutor$ScheduledFutureTask.run(ScheduledThreadPoolExecutor.java:307)
06-06 07:40:17.172 28473 28495 E PhenotypeFlagCommitter: at lbh.run(Unknown Source:2)
06-06 07:40:17.172 28473 28495 E PhenotypeFlagCommitter: at lbg.run(Unknown Source:0)
06-06 07:40:17.172 28473 28495 E PhenotypeFlagCommitter: at java.util.concurrent.ThreadPoolExecutor.runWorker(ThreadPoolExecutor.java:1145)
06-06 07:40:17.172 28473 28495 E PhenotypeFlagCommitter: at java.util.concurrent.ThreadPoolExecutor$Worker.run(ThreadPoolExecutor.java:644)
06-06 07:40:17.172 28473 28495 E PhenotypeFlagCommitter: at java.lang.Thread.run(Thread.java:1012)
06-06 07:40:17.172 28473 28495 E PhenotypeFlagCommitter: at lab.run(Unknown Source:5)
06-06 07:40:17.172 28473 28495 E PhenotypeFlagCommitter: Caused by: java.lang.SecurityException: GoogleCertificatesRslt: not allowed: pkg=com.google.android.GoogleCameraEngR13F2, sha256=[a40da80a59d170caa950cf15c18c454d47a39b26989d8b640ecd745ba71bf5dc], atk=false, ver=242213038.true (go/gsrlt)
06-06 07:40:17.172 28473 28495 E PhenotypeFlagCommitter: at android.os.Parcel.createExceptionOrNull(Parcel.java:3057)
06-06 07:40:17.172 28473 28495 E PhenotypeFlagCommitter: at android.os.Parcel.createException(Parcel.java:3041)
06-06 07:40:17.172 28473 28495 E PhenotypeFlagCommitter: at android.os.Parcel.readException(Parcel.java:3024)
06-06 07:40:17.172 28473 28495 E PhenotypeFlagCommitter: at android.os.Parcel.readException(Parcel.java:2966)
06-06 07:40:17.172 28473 28495 E PhenotypeFlagCommitter: at bmn.z(Unknown Source:10)
06-06 07:40:17.172 28473 28495 E PhenotypeFlagCommitter: at ktz.a(Unknown Source:38)
06-06 07:40:17.172 28473 28495 E PhenotypeFlagCommitter: at kjd.f(Unknown Source:10)
06-06 07:40:17.172 28473 28495 E PhenotypeFlagCommitter: at kkc.t(Unknown Source:9)
06-06 07:40:17.172 28473 28495 E PhenotypeFlagCommitter: at kkc.u(Unknown Source:22)
06-06 07:40:17.172 28473 28495 E PhenotypeFlagCommitter: at kkc.e(Unknown Source:15)
06-06 07:40:17.172 28473 28495 E PhenotypeFlagCommitter: at kkg.handleMessage(Unknown Source:920)
06-06 07:40:17.172 28473 28495 E PhenotypeFlagCommitter: at android.os.Handler.dispatchMessage(Handler.java:102)
06-06 07:40:17.172 28473 28495 E PhenotypeFlagCommitter: at ksg.b(Unknown Source:0)
06-06 07:40:17.172 28473 28495 E PhenotypeFlagCommitter: at ksg.dispatchMessage(Unknown Source:0)
06-06 07:40:17.172 28473 28495 E PhenotypeFlagCommitter: at android.os.Looper.loopOnce(Looper.java:205)
06-06 07:40:17.172 28473 28495 E PhenotypeFlagCommitter: at android.os.Looper.loop(Looper.java:294)
06-06 07:40:17.172 28473 28495 E PhenotypeFlagCommitter: at android.os.HandlerThread.run(HandlerThread.java:67)
06-06 07:40:17.173 28473 28795 W native : W0606 07:40:17.173253 28795 roi_ml_matcher.cc:48] Failed to WaitUntilDone:
06-06 07:40:17.173 28473 28795 W native : CANCELLED: CalculatorGraph::Run() failed in Run: 06-06 07:40:17.173 28473 28795 W native : [type.googleapis.com/mediapipe.StatusList='\n\x02\x08\x01']
06-06 07:40:17.173 28473 28582 E GoLog : W0606 07:40:17.173253 28795 roi_ml_matcher.cc:48] Failed to WaitUntilDone:
06-06 07:40:17.173 28473 28582 E GoLog : CANCELLED: CalculatorGraph::Run() failed in Run: 06-06 07:40:17.173 28473 28582 E GoLog : [type.googleapis.com/mediapipe.StatusList='\n\x02\x08\x01']
06-06 07:40:17.175 28473 28630 E libEGL : validate_display:549 error 3008 (EGL_BAD_DISPLAY)
06-06 07:40:17.178 28473 28523 W CAM_MetadataDst: onCaptureFailed for Frame 796 (images were captured)
06-06 07:40:17.178 28473 28523 W CAM_MetadataDst: onCaptureFailed for Frame 795 (images were captured)
06-06 07:40:17.178 28473 28523 W CAM_MetadataDst: onCaptureFailed for Frame 794 (images were captured)
06-06 07:40:17.178 28473 28523 W CAM_MetadataDst: onCaptureFailed for Frame 793 (images were captured)
06-06 07:40:17.178 28473 28523 W CAM_MetadataDst: onCaptureFailed for Frame 792 (images were captured)
06-06 07:40:17.178 28473 28523 W CAM_MetadataDst: onCaptureFailed for Frame 791 (images were captured)
06-06 07:40:17.180 28473 28519 W CAM_RAW10w4032: Received onBufferLost from Stream-1 for frame 792 but was unable to find a matching request to abort.
06-06 07:40:17.181 28473 28622 E libEGL : validate_display:549 error 3008 (EGL_BAD_DISPLAY)
06-06 07:40:17.412 28473 28473 W libc : Access denied finding property "persist.camera.cutout_display"
06-06 07:40:17.414 28473 28473 W libc : Access denied finding property "persist.camera.cutout_trial_size"
06-06 07:40:17.544 28473 28515 W CAM_VirtualCameraMgr: Failed to set audio restriction on camera device.
06-06 07:40:17.544 28473 28515 W CAM_VirtualCameraMgr: llv: java.lang.IllegalStateException: CameraDevice was already closed
06-06 07:40:17.544 28473 28515 W CAM_VirtualCameraMgr: at luw.a(Unknown Source:18)
06-06 07:40:17.544 28473 28515 W CAM_VirtualCameraMgr: at lzt.a(Unknown Source:2)
06-06 07:40:17.544 28473 28515 W CAM_VirtualCameraMgr: at lzt.a(Unknown Source:2)
06-06 07:40:17.544 28473 28515 W CAM_VirtualCameraMgr: at llg.a(Unknown Source:15)
06-06 07:40:17.544 28473 28515 W CAM_VirtualCameraMgr: at ljq.run(Unknown Source:32)
06-06 07:40:17.544 28473 28515 W CAM_VirtualCameraMgr: at pie.run(Unknown Source:2)
06-06 07:40:17.544 28473 28515 W CAM_VirtualCameraMgr: at pif.run(Unknown Source:75)
06-06 07:40:17.544 28473 28515 W CAM_VirtualCameraMgr: at java.util.concurrent.ThreadPoolExecutor.runWorker(ThreadPoolExecutor.java:1145)
06-06 07:40:17.544 28473 28515 W CAM_VirtualCameraMgr: at java.util.concurrent.ThreadPoolExecutor$Worker.run(ThreadPoolExecutor.java:644)
06-06 07:40:17.544 28473 28515 W CAM_VirtualCameraMgr: at java.lang.Thread.run(Thread.java:1012)
06-06 07:40:17.544 28473 28515 W CAM_VirtualCameraMgr: at lab.run(Unknown Source:5)
06-06 07:40:17.544 28473 28515 W CAM_VirtualCameraMgr: Caused by: java.lang.IllegalStateException: CameraDevice was already closed
06-06 07:40:17.544 28473 28515 W CAM_VirtualCameraMgr: at android.hardware.camera2.impl.CameraDeviceImpl.checkIfCameraClosedOrInError(CameraDeviceImpl.java:2475)
06-06 07:40:17.544 28473 28515 W CAM_VirtualCameraMgr: at android.hardware.camera2.impl.CameraDeviceImpl.getCameraAudioRestriction(CameraDeviceImpl.java:2535)
06-06 07:40:17.544 28473 28515 W CAM_VirtualCameraMgr: at luw.a(Unknown Source:2)
06-06 07:40:17.544 28473 28515 W CAM_VirtualCameraMgr: ... 10 more
06-06 07:40:17.544 28473 28515 W CAM_VirtualCameraMgr: Failed to set audio restriction on camera device.
06-06 07:40:17.544 28473 28515 W CAM_VirtualCameraMgr: llv: java.lang.IllegalStateException: CameraDevice was already closed
06-06 07:40:17.544 28473 28515 W CAM_VirtualCameraMgr: at luw.a(Unknown Source:18)
06-06 07:40:17.544 28473 28515 W CAM_VirtualCameraMgr: at lzt.a(Unknown Source:2)
06-06 07:40:17.544 28473 28515 W CAM_VirtualCameraMgr: at lzt.a(Unknown Source:2)
06-06 07:40:17.544 28473 28515 W CAM_VirtualCameraMgr: at llg.a(Unknown Source:15)
06-06 07:40:17.544 28473 28515 W CAM_VirtualCameraMgr: at ljq.run(Unknown Source:32)
06-06 07:40:17.544 28473 28515 W CAM_VirtualCameraMgr: at pif.run(Unknown Source:75)
06-06 07:40:17.544 28473 28515 W CAM_VirtualCameraMgr: at java.util.concurrent.ThreadPoolExecutor.runWorker(ThreadPoolExecutor.java:1145)
06-06 07:40:17.544 28473 28515 W CAM_VirtualCameraMgr: at java.util.concurrent.ThreadPoolExecutor$Worker.run(ThreadPoolExecutor.java:644)
06-06 07:40:17.544 28473 28515 W CAM_VirtualCameraMgr: at java.lang.Thread.run(Thread.java:1012)
06-06 07:40:17.544 28473 28515 W CAM_VirtualCameraMgr: at lab.run(Unknown Source:5)
06-06 07:40:17.544 28473 28515 W CAM_VirtualCameraMgr: Caused by: java.lang.IllegalStateException: CameraDevice was already closed
06-06 07:40:17.544 28473 28515 W CAM_VirtualCameraMgr: at android.hardware.camera2.impl.CameraDeviceImpl.checkIfCameraClosedOrInError(CameraDeviceImpl.java:2475)
06-06 07:40:17.544 28473 28515 W CAM_VirtualCameraMgr: at android.hardware.camera2.impl.CameraDeviceImpl.getCameraAudioRestriction(CameraDeviceImpl.java:2535)
06-06 07:40:17.544 28473 28515 W CAM_VirtualCameraMgr: at luw.a(Unknown Source:2)
06-06 07:40:17.544 28473 28515 W CAM_VirtualCameraMgr: ... 9 more
06-06 07:40:17.791 28473 28473 W CAM_A : Duplicate call to stopModule; skipping stop.
06-06 07:40:17.810 28473 28649 D BufferPoolAccessor2.0: bufferpool2 0x751d8f77f8 : 0(0 size) total buffers - 0(0 size) used buffers - 1/7 (recycle/alloc) - 6/82 (fetch/transfer)
06-06 07:40:17.811 28473 28649 D BufferPoolAccessor2.0: Destruction - bufferpool2 0x751d8f77f8 cached: 0/0M, 0/0% in use; allocs: 7, 14% recycled; transfers: 82, 93% unfetched
06-06 07:40:17.811 28473 28649 D BufferPoolAccessor2.0: bufferpool2 0x751d901098 : 0(0 size) total buffers - 0(0 size) used buffers - 1/7 (recycle/alloc) - 6/40 (fetch/transfer)
06-06 07:40:17.811 28473 28649 D BufferPoolAccessor2.0: Destruction - bufferpool2 0x751d901098 cached: 0/0M, 0/0% in use; allocs: 7, 14% recycled; transfers: 40, 85% unfetched
06-06 07:40:17.825 28473 28473 W CAM_A : Duplicate call to stopModule; skipping stop.
06-06 07:40:22.063 28473 28593 W libc : Access denied finding property "persist.camera.mts_4k"
06-06 07:40:22.063 28473 28593 W CAM_A : Ignored Rectiface warpfield re-initialization.
06-06 07:40:22.063 28473 28593 W libc : Access denied finding property "persist.camera.acat_on"
06-06 07:40:22.063 28473 28593 W libc : Access denied finding property "persist.camera.acat_debug"
06-06 07:40:22.063 28473 28593 W libc : Access denied finding property "persist.camera.acat_firefly_on"
06-06 07:40:22.063 28473 28593 W libc : Access denied finding property "persist.camera.acat_fsc_on"
06-06 07:40:22.063 28473 28593 W libc : Access denied finding property "persist.camera.acat_cpu_warp"
06-06 07:40:22.063 28473 28593 W libc : Access denied finding property "persist.camera.acat_force_fd"
06-06 07:40:22.063 28473 28593 W libc : Access denied finding property "persist.camera.acat_lc_only"
06-06 07:40:22.064 28473 28593 W libc : Access denied finding property "persist.camera.acat_use_mask"
06-06 07:40:22.162 28473 28593 W libc : Access denied finding property "persist.camera.jpeg_data_rotation"
06-06 07:40:22.811 28473 28648 D BufferPoolAccessor2.0: evictor expired: 2, evicted: 0
06-06 07:40:22.923 28473 28482 I eCameraEngR13F2: Background young concurrent copying GC freed 104566(3752KB) AllocSpace objects, 8(320KB) LOS objects, 0% free, 450MB/450MB, paused 171us,112us total 182.811ms
06-06 07:40:22.936 28473 28473 W WindowOnBackDispatcher: sendCancelIfRunning: isInProgress=falsecallback=android.view.ViewRootImpl$$ExternalSyntheticLambda17@8475640
06-06 07:40:23.125 28473 28482 I eCameraEngR13F2: Background concurrent copying GC freed 28710(1177KB) AllocSpace objects, 34(252MB) LOS objects, 32% free, 196MB/292MB, paused 163us,225us total 198.737ms
06-06 07:40:23.201 28473 28473 W CAM_A : Placeholder drawable removed: key=ShotId-1 evicted=false
06-06 07:40:26.072 28473 28507 W libc : Access denied finding property "persist.camera.enable_sideline"
06-06 07:40:26.073 28473 28507 D CameraManager2: GotArray:0
06-06 07:40:26.073 28473 28507 D CameraManager2: GotArray:1
06-06 07:40:26.074 28473 28509 D CameraManager2: GotArray:0
06-06 07:40:26.075 28473 28509 D CameraManager2: GotArray:1
06-06 07:40:26.075 28473 28509 W libc : Access denied finding property "persist.camera.enable_zebras"
06-06 07:40:26.075 28473 28509 W libc : Access denied finding property "persist.camera.launch_vfe"
06-06 07:40:26.075 28473 28509 W libc : Access denied finding property "persist.camera.viewfinder_effect_disabled_photo"
06-06 07:40:26.075 28473 28509 W libc : Access denied finding property "persist.camera.front.translucentSelfieIllumination"
06-06 07:40:26.075 28473 28509 W libc : Access denied finding property "persist.camera.front.viewfinderIlluminationColor"
06-06 07:40:26.076 28473 28509 D CameraManager2: GotArray:0
06-06 07:40:26.076 28473 28509 D CameraManager2: GotArray:1
06-06 07:40:26.077 28473 28509 D CameraManager2: GotArray:0
06-06 07:40:26.077 28473 28509 D CameraManager2: GotArray:1
06-06 07:40:26.079 28473 28509 W libc : Access denied finding property "persist.camera.lasagna"
06-06 07:40:26.080 28473 28509 D CameraManager2: GotArray:0
06-06 07:40:26.080 28473 28509 D CameraManager2: GotArray:1
06-06 07:40:26.080 28473 28509 W libc : Access denied finding property "persist.camera.p21_front_setup"
06-06 07:40:26.081 28473 28507 W libc : Access denied finding property "persist.camera.enable_coach"
06-06 07:40:26.083 28473 28507 W libc : Access denied finding property "persist.camera.coach.scene_detection"
06-06 07:40:26.084 28473 28509 W libc : Access denied finding property "persist.camera.pck_large_yuv"
06-06 07:40:26.084 28473 28507 W libc : Access denied finding property "persist.camera.enable_coach"
06-06 07:40:26.084 28473 28509 W libc : Access denied finding property "persist.camera.gpu_sampled_image"
06-06 07:40:26.084 28473 28507 W libc : Access denied finding property "persist.camera.coach.content_detection"
06-06 07:40:26.085 28473 28509 W libc : Access denied finding property "persist.camera.enable_micro"
06-06 07:40:26.085 28473 28509 W libc : Access denied finding property "persist.camera.enable_hw_buff_uflag"
06-06 07:40:26.085 28473 28509 W libc : Access denied finding property "persist.camera.ddepth_rear"
06-06 07:40:26.085 28473 28509 W libc : Access denied finding property "persist.camera.3a_stats_log"
06-06 07:40:26.085 28473 28509 W libc : Access denied finding property "persist.camera.familiar_faces_awb"
06-06 07:40:26.085 28473 28509 W libc : Access denied finding property "persist.camera.falcon_enabled"
06-06 07:40:26.086 28473 28509 W libc : Access denied finding property "persist.camera.falcon_enabled"
06-06 07:40:26.098 28473 28473 W libc : Access denied finding property "persist.camera.optbar.icons_on_closed_menu"
06-06 07:40:26.128 28473 28509 W libc : Access denied finding property "persist.camera.3a_stats_log"
06-06 07:40:26.128 28473 28509 W libc : Access denied finding property "persist.camera.p20_lens_setup"
06-06 07:40:26.129 28473 28509 W libc : Access denied finding property "persist.camera.enable_hound"
06-06 07:40:26.129 28473 28509 W libc : Access denied finding property "persist.camera.hdr_plus_torch_thermal_throttling"
06-06 07:40:26.129 28473 28509 W libc : Access denied finding property "persist.camera.cuttle.motion_metadata"
06-06 07:40:26.129 28473 28509 W libc : Access denied finding property "persist.camera.shasta_zsl.max_exptime_ms"
06-06 07:40:26.129 28473 28509 W libc : Access denied finding property "persist.camera.ddepth_rear"
06-06 07:40:26.129 28473 28509 W libc : Access denied finding property "persist.camera.falcon_enabled"
06-06 07:40:26.129 28473 28509 W libc : Access denied finding property "persist.camera.catshark_enabled.RESTART"
06-06 07:40:26.130 28473 28509 W libc : Access denied finding property "persist.camera.disable_hdrplus_postview"
06-06 07:40:26.130 28473 28509 W libc : Access denied finding property "persist.camera.cuttle.motion_metadata"
06-06 07:40:26.130 28473 28509 W libc : Access denied finding property "persist.camera.catshark_enabled.RESTART"
06-06 07:40:26.131 28473 28509 W libc : Access denied finding property "persist.camera.enable_zebras"
06-06 07:40:26.131 28473 28505 W libc : Access denied finding property "persist.camera.shasta_zsl.max_exptime_ms"
06-06 07:40:26.131 28473 28509 W libc : Access denied finding property "persist.camera.fc_extraction"
06-06 07:40:26.131 28473 28509 W libc : Access denied finding property "persist.camera.p20_lens_setup"
06-06 07:40:26.132 28473 28509 W libc : Access denied finding property "persist.camera.first_preview_frame"
06-06 07:40:26.133 28473 28509 W libc : Access denied finding property "persist.camera.falcon_enabled"
06-06 07:40:26.133 28473 28509 W libc : Access denied finding property "persist.camera.chameleon.enabled"
06-06 07:40:26.134 28473 28509 W libc : Access denied finding property "persist.camera.disable_hdrplus_postview"
06-06 07:40:26.135 28473 28509 W libc : Access denied finding property "persist.camera.artemis_idx"
06-06 07:40:26.137 28473 28509 W libc : Access denied finding property "persist.camera.p20_lens_setup"
06-06 07:40:26.138 28473 28509 W libc : Access denied finding property "persist.camera.auto_timer_enabled"
06-06 07:40:26.138 28473 28509 W libc : Access denied finding property "persist.camera.shasta_zsl"
06-06 07:40:26.139 28473 28505 W libc : Access denied finding property "persist.camera.fc_extraction"
06-06 07:40:26.139 28473 28509 W libc : Access denied finding property "persist.camera.disable_hdrplus_postview"
06-06 07:40:26.141 28473 28495 W libc : Access denied finding property "persist.camera.catshark_enabled.RESTART"
06-06 07:40:26.141 28473 28495 W libc : Access denied finding property "persist.camera.shasta_zsl"
06-06 07:40:26.141 28473 28495 W libc : Access denied finding property "persist.camera.pck_large_yuv"
06-06 07:40:26.142 28473 28495 W libc : Access denied finding property "persist.camera.mts_4k"
06-06 07:40:26.145 28473 28495 W libc : Access denied finding property "persist.camera.falcon_enabled"
06-06 07:40:26.145 28473 28509 W libc : Access denied finding property "persist.camera.hal_capture_status"
06-06 07:40:26.145 28473 28509 W libc : Access denied finding property "persist.camera.p20_lens_setup"
06-06 07:40:26.147 28473 28509 W libc : Access denied finding property "persist.camera.falcon_enabled"
06-06 07:40:26.147 28473 28509 W CAM_A : UI view not yet initialized
06-06 07:40:26.147 28473 28495 W libc : Access denied finding property "persist.camera.falcon_enabled"
06-06 07:40:26.147 28473 28509 W libc : Access denied finding property "persist.camera.3a_stats_log"
06-06 07:40:26.147 28473 28495 W libc : Access denied finding property "persist.camera.falcon_enabled"
06-06 07:40:26.147 28473 28495 W libc : Access denied finding property "persist.camera.3a.debug_meta"
06-06 07:40:26.147 28473 28509 W libc : Access denied finding property "persist.camera.familiar_faces_awb"
06-06 07:40:26.147 28473 28509 W libc : Access denied finding property "persist.camera.falcon_enabled"
06-06 07:40:26.147 28473 28495 W libc : Access denied finding property "persist.camera.pck_large_yuv"
06-06 07:40:26.148 28473 28495 W libc : Access denied finding property "persist.camera.pck_large_yuv"
06-06 07:40:26.148 28473 28495 W libc : Access denied finding property "persist.camera.cuttle.enable_timeout"
06-06 07:40:26.148 28473 28495 W libc : Access denied finding property "persist.camera.cuttle.custom_timeout_ms"
06-06 07:40:26.148 28473 28495 W libc : Access denied finding property "persist.camera.psaf_skip_af_lock_chk"
06-06 07:40:26.149 28473 28509 W libc : Access denied finding property "persist.camera.enable_hound"
06-06 07:40:26.151 28473 28495 W libc : Access denied finding property "persist.camera.catshark_enabled.RESTART"
06-06 07:40:26.151 28473 28495 W libc : Access denied finding property "persist.camera.kepler_enabled"
06-06 07:40:26.152 28473 28495 W libc : Access denied finding property "persist.camera.cuttle.extended_iterable_burst"
06-06 07:40:26.152 28473 28495 W libc : Access denied finding property "persist.camera.shasta_zsl"
06-06 07:40:26.152 28473 28495 W libc : Access denied finding property "persist.camera.cuttle.fastaf"
06-06 07:40:26.152 28473 28495 W libc : Access denied finding property "persist.camera.cuttle.extended_iterable_burst"
06-06 07:40:26.152 28473 28495 W libc : Access denied finding property "persist.camera.catshark_enabled.RESTART"
06-06 07:40:26.152 28473 28495 W libc : Access denied finding property "persist.camera.enable_cuttlef"
06-06 07:40:26.176 28473 28473 I DeezNuts: MSG: SLIDER 1 FOCUS: 1.0E-4
06-06 07:40:26.176 28473 28473 I ProReC : setprogres0
06-06 07:40:26.176 28473 28473 I DeezNuts: MSG: SLIDER 0 IDX: 0
06-06 07:40:26.176 28473 28473 I ProReC : setprogres_iso0
06-06 07:40:26.176 28473 28473 I za.defcomk.prorec.cust2.RotSeek: setprogres_iso0
06-06 07:40:26.200 28473 28473 W libc : Access denied finding property "persist.camera.cutout_trial_size"
06-06 07:40:26.200 28473 28473 W libc : Access denied finding property "persist.camera.cutout_trial_size"
06-06 07:40:26.246 28473 28507 W libc : Access denied finding property "persist.camera.launch_vfe"
06-06 07:40:26.251 28473 28507 W libc : Access denied finding property "persist.camera.catshark_enabled.RESTART"
06-06 07:40:26.252 28473 28507 W libc : Access denied finding property "persist.camera.catshark_enabled.RESTART"
06-06 07:40:26.252 28473 28507 W libc : Access denied finding property "persist.camera.manual_focus_infinity"
06-06 07:40:26.254 28473 28473 W libc : Access denied finding property "persist.camera.logger_throttle_millis"
06-06 07:40:26.254 28473 28507 W libc : Access denied finding property "persist.camera.allow_fine_haptics"
06-06 07:40:26.255 28473 28507 W libc : Access denied finding property "persist.camera.toggle_zoom_bar"
06-06 07:40:26.255 28473 28507 W libc : Access denied finding property "persist.camera.p21_front_setup"
06-06 07:40:26.256 28473 28541 W Parcel : Expecting binder but got null!
06-06 07:40:26.318 28473 28515 W CAM_SimpleReqProcessor: Failed to add Stream-3 to CaptureRequest for Request-95. The surface (null) was not valid.
06-06 07:40:26.335 28473 28515 W CAM_SimpleReqProcessor: Failed to add Stream-3 to CaptureRequest for Request-96. The surface (null) was not valid.
06-06 07:40:26.433 28473 28507 W libc : Access denied finding property "persist.camera.gouda.firefly_enabled"
06-06 07:40:26.433 28473 28507 W libc : Access denied finding property "persist.camera.cuttleface_edu"
06-06 07:40:26.434 28473 28507 W libc : Access denied finding property "persist.camera.chameleon.enabled"
06-06 07:40:26.436 28473 28507 W libc : Access denied finding property "persist.camera.optbar.icons_on_closed_menu"
06-06 07:40:26.437 28473 28507 W libc : Access denied finding property "persist.camera.auto_timer_enabled"
06-06 07:40:26.438 28473 28507 W libc : Access denied finding property "persist.camera.hdr_plus_torch_thermal_throttling"
06-06 07:40:26.438 28473 28507 W libc : Access denied finding property "persist.camera.micro_longp_help"
06-06 07:40:26.438 28473 28507 W libc : Access denied finding property "persist.camera.longp_zoom_lock"
06-06 07:40:26.445 28473 28473 D CameraManager2: GotArray:0
06-06 07:40:26.445 28473 28473 D CameraManager2: GotArray:1
06-06 07:40:26.445 28473 28473 W libc : Access denied finding property "persist.camera.enable_cheetah"
06-06 07:40:26.448 28473 28507 W libc : Access denied finding property "persist.camera.longp_topshot_indicator"
06-06 07:40:26.448 28473 28507 W libc : Access denied finding property "persist.camera.longp_top_shot_animation"
06-06 07:40:26.450 28473 28507 W libc : Access denied finding property "persist.camera.lasagna"
06-06 07:40:26.451 28473 28473 W libc : Access denied finding property "persist.camera.lasagna_options"
06-06 07:40:26.451 28473 28507 W libc : Access denied finding property "persist.camera.micro_longp_slide"
06-06 07:40:26.451 28473 28507 W libc : Access denied finding property "persist.camera.longp_zoom_lock"
06-06 07:40:26.451 28473 28507 W libc : Access denied finding property "persist.camera.chameleon.enabled"
06-06 07:40:26.451 28473 28507 W libc : Access denied finding property "persist.camera.toggle_zoom_bar"
06-06 07:40:26.452 28473 28473 W libc : Access denied finding property "persist.camera.catshark_enabled.RESTART"
06-06 07:40:26.452 28473 28473 W libc : Access denied finding property "persist.camera.coach.horizon_no_face"
06-06 07:40:26.452 28473 28473 W libc : Access denied finding property "persist.camera.coach.fast_up_down"
06-06 07:40:26.452 28473 28473 W libc : Access denied finding property "persist.camera.coach.fast_up_down"
06-06 07:40:26.452 28473 28473 W libc : Access denied finding property "persist.camera.coach.selfie_angle"
06-06 07:40:26.452 28473 28473 W libc : Access denied finding property "persist.camera.coach.selfie_bottom_sheet"
06-06 07:40:26.452 28473 28473 W libc : Access denied finding property "persist.camera.coach.long_lock"
06-06 07:40:26.452 28473 28473 W libc : Access denied finding property "persist.camera.coach.hint_ns"
06-06 07:40:26.452 28473 28473 W libc : Access denied finding property "persist.camera.chameleon.enabled"
06-06 07:40:26.455 28473 28473 W libc : Access denied finding property "persist.camera.optbar.standalone_settings_button"
06-06 07:40:26.456 28473 28473 W libc : Access denied finding property "persist.camera.optbar.standalone_settings_button"
06-06 07:40:26.456 28473 28473 W libc : Access denied finding property "persist.camera.catshark_enabled.RESTART"
06-06 07:40:26.462 28473 28473 W libc : Access denied finding property "persist.camera.use_video_resolution_option"
06-06 07:40:26.503 28473 28473 W libc : Access denied finding property "persist.camera.manual_focus_enabled"
06-06 07:40:26.529 28473 28473 W libc : Access denied finding property "persist.camera.hdr_plus_torch_thermal_throttling"
06-06 07:40:26.529 28473 28473 W libc : Access denied finding property "persist.camera.catshark_enabled.RESTART"
06-06 07:40:26.529 28473 28473 W libc : Access denied finding property "persist.camera.optbar.standalone_settings_button"
06-06 07:40:26.531 28473 28473 D CameraManager2: GotArray:0
06-06 07:40:26.531 28473 28473 D CameraManager2: GotArray:1
06-06 07:40:26.532 28473 28473 W libc : Access denied finding property "persist.camera.p21_front_setup"
06-06 07:40:26.534 28473 29051 W CAM_A : PHOTO > abs Δ(result sensor timestamp) = 9339,68 ms > 70,00 ms
06-06 07:40:26.534 28473 29051 W CAM_A : PHOTO > rel Δ(result sensor timestamp) = 278,71 > 0,25
06-06 07:40:26.534 28473 29051 W CAM_A : PHOTO > result sensor delay = 280,19 > 1,10
06-06 07:40:26.537 28473 28473 D CameraManager2: GotArray:0
06-06 07:40:26.537 28473 28473 D CameraManager2: GotArray:1
06-06 07:40:26.538 28473 29051 W libc : Access denied finding property "persist.camera.dualev.limitUltrawide"
06-06 07:40:26.538 28473 28473 W libc : Access denied finding property "persist.camera.p21_front_setup"
06-06 07:40:26.539 28473 28505 W libc : Access denied finding property "persist.camera.familiar_faces_v2"
06-06 07:40:26.540 28473 28505 W libc : Access denied finding property "persist.camera.mts_accel_faces_back"
06-06 07:40:26.540 28473 28505 W libc : Access denied finding property "persist.camera.mts_accel_action_back"
06-06 07:40:26.540 28473 28505 W libc : Access denied finding property "persist.camera.mts_smartcapturenet_2"
06-06 07:40:26.541 28473 28505 W libc : Access denied finding property "persist.camera.mts_pose_and_pet"
06-06 07:40:26.541 28473 28505 W libc : Access denied finding property "persist.camera.mts_pose"
06-06 07:40:26.541 28473 28505 W libc : Access denied finding property "persist.camera.mts_sc_accel_tpu"
06-06 07:40:26.541 28473 28473 D CameraManager2: GotArray:0
06-06 07:40:26.542 28473 28473 D CameraManager2: GotArray:1
06-06 07:40:26.543 28473 28473 W libc : Access denied finding property "persist.camera.p21_front_setup"
06-06 07:40:26.548 28473 28473 D CameraManager2: GotArray:0
06-06 07:40:26.548 28473 28473 D CameraManager2: GotArray:1
06-06 07:40:26.551 28473 28473 W libc : Access denied finding property "persist.camera.p21_front_setup"
06-06 07:40:26.553 28473 28473 W libc : Access denied finding property "persist.camera.micro_bottom_sheet"
06-06 07:40:26.554 28473 28473 W libc : Access denied finding property "persist.camera.vesper_bottomsheet"
06-06 07:40:26.554 28473 28473 W libc : Access denied finding property "persist.camera.auto_timer_enabled"
06-06 07:40:26.558 28473 29051 W CAM_A : PHOTO > rel Δ(result sensor timestamp) = 0,99 > 0,25
06-06 07:40:26.558 28473 29051 W CAM_A : PHOTO > result sensor delay = 2,01 > 1,10
06-06 07:40:26.558 28473 29051 W libc : Access denied finding property "persist.camera.dualev.limitUltrawide"
06-06 07:40:26.565 28473 28473 W libc : Access denied finding property "persist.camera.front.translucentSelfieIllumination"
06-06 07:40:26.565 28473 28473 W libc : Access denied finding property "persist.camera.front.backgroundIlluminationColor"
06-06 07:40:26.568 28473 28495 I tflite : Replacing 5 node(s) with delegate (TfLiteXNNPackDelegate) node, yielding 1 partitions.
06-06 07:40:26.568 28473 28582 E GoLog : INFO: Replacing 5 node(s) with delegate (TfLiteXNNPackDelegate) node, yielding 1 partitions.
06-06 07:40:26.589 28473 28495 I acceleration: ModifyGraphWithDelegate model namespace: unknown_namespace model id: unknown_model_id accelerator name: NNAPI:
06-06 07:40:26.597 28473 29051 W CAM_A : PHOTO > result sensor delay = 2,00 > 1,10
06-06 07:40:26.600 28473 29051 W libc : Access denied finding property "persist.camera.dualev.limitUltrawide"
06-06 07:40:26.620 28473 28473 W libc : Access denied finding property "persist.camera.coach.long_lock_sens"
06-06 07:40:26.620 28473 28473 W libc : Access denied finding property "persist.camera.coach.hint_pr_spirit"
06-06 07:40:26.620 28473 28473 W libc : Access denied finding property "persist.camera.sparrow"
06-06 07:40:26.625 28473 29051 W CAM_A : PHOTO > rel Δ(result sensor timestamp) = 0,50 > 0,25
06-06 07:40:26.627 28473 29051 W libc : Access denied finding property "persist.camera.dualev.limitUltrawide"
06-06 07:40:26.629 28473 28473 W libc : Access denied finding property "persist.camera.longp_topshot_indicator"
06-06 07:40:26.630 28473 28473 W libc : Access denied finding property "persist.camera.toggle_zoom_bar"
06-06 07:40:26.631 28473 28473 D CameraManager2: GotArray:0
06-06 07:40:26.631 28473 28473 D CameraManager2: GotArray:1
06-06 07:40:26.647 28473 28473 W libc : Access denied finding property "persist.camera.toggle_zoom_bar"
06-06 07:40:26.650 28473 28473 W libc : Access denied finding property "persist.camera.p20_lens_setup"
06-06 07:40:26.650 28473 28473 W libc : Access denied finding property "persist.camera.p20_lens_setup"
06-06 07:40:26.651 28473 28473 W libc : Access denied finding property "persist.camera.p20_lens_setup"
06-06 07:40:26.651 28473 28473 W libc : Access denied finding property "persist.camera.p20_lens_setup"
06-06 07:40:26.651 28473 28473 W libc : Access denied finding property "persist.camera.p20_lens_setup"
06-06 07:40:26.651 28473 28473 W libc : Access denied finding property "persist.camera.p20_lens_setup"
06-06 07:40:26.651 28473 28473 W libc : Access denied finding property "persist.camera.p20_lens_setup"
06-06 07:40:26.651 28473 28473 W libc : Access denied finding property "persist.camera.p20_lens_setup"
06-06 07:40:26.652 28473 28495 I tflite : Replacing 97 node(s) with delegate (TfLiteNnapiDelegate) node, yielding 1 partitions.
06-06 07:40:26.652 28473 28582 E GoLog : INFO: Replacing 97 node(s) with delegate (TfLiteNnapiDelegate) node, yielding 1 partitions.
06-06 07:40:26.653 28473 28473 W libc : Access denied finding property "persist.camera.p20_lens_setup"
06-06 07:40:26.653 28473 28473 W libc : Access denied finding property "persist.camera.p20_lens_setup"
06-06 07:40:26.653 28473 28473 W libc : Access denied finding property "persist.camera.p20_lens_setup"
06-06 07:40:26.654 28473 28473 W libc : Access denied finding property "persist.camera.p20_lens_setup"
06-06 07:40:26.654 28473 28473 W libc : Access denied finding property "persist.camera.p20_lens_setup"
06-06 07:40:26.654 28473 28473 W libc : Access denied finding property "persist.camera.p20_lens_setup"
06-06 07:40:26.654 28473 28473 W libc : Access denied finding property "persist.camera.p20_lens_setup"
06-06 07:40:26.654 28473 28473 W libc : Access denied finding property "persist.camera.p20_lens_setup"
06-06 07:40:26.656 28473 28473 W libc : Access denied finding property "persist.camera.p20_lens_setup"
06-06 07:40:26.656 28473 28473 W libc : Access denied finding property "persist.camera.p20_lens_setup"
06-06 07:40:26.658 28473 29054 W CAM_SimpleReqProcessor: Failed to add Stream-3 to CaptureRequest for Request-97. The surface (null) was not valid.
06-06 07:40:26.664 28473 29054 W CAM_SimpleReqProcessor: Failed to add Stream-3 to CaptureRequest for Request-98. The surface (null) was not valid.
06-06 07:40:26.674 28473 28473 W libc : Access denied finding property "persist.camera.toggle_zoom_bar"
06-06 07:40:26.674 28473 29100 E native : E0606 07:40:26.674545 29100 resource_util_android.cc:65] generic::internal: RET_CHECK failure (third_party/mediapipe/util/resource_util_android.cc:65) Singleton<AssetManager>::get()->ReadFile(path, output) could not read asset: research/vision/loco/video/models/siamese_fcpp/mobile/model_21086792_30/siamese_fe.tflite
06-06 07:40:26.674 28473 29100 E native : Stack trace:
06-06 07:40:26.674 28473 29100 E native : 06-06 07:40:26.674 28473 29100 E native : E0606 07:40:26.674707 29100 asset_manager_util.cc:166] generic::internal: RET_CHECK failure (third_party/mediapipe/util/android/asset_manager_util.cc:166) ReadFile(asset_path, &asset_data) could not read asset: research/vision/loco/video/models/siamese_fcpp/mobile/model_21086792_30/siamese_fe.tflite
06-06 07:40:26.674 28473 29100 E native : Stack trace:
06-06 07:40:26.674 28473 29100 E native : 06-06 07:40:26.674 28473 28582 E GoLog : E0606 07:40:26.674545 29100 resource_util_android.cc:65] generic::internal: RET_CHECK failure (third_party/mediapipe/util/resource_util_android.cc:65) Singleton<AssetManager>::get()->ReadFile(path, output) could not read asset: research/vision/loco/video/models/siamese_fcpp/mobile/model_21086792_30/siamese_fe.tflite
06-06 07:40:26.674 28473 28582 E GoLog : Stack trace:
06-06 07:40:26.674 28473 28582 E GoLog : 06-06 07:40:26.674 28473 28582 E GoLog : E0606 07:40:26.674707 29100 asset_manager_util.cc:166] generic::internal: RET_CHECK failure (third_party/mediapipe/util/android/asset_manager_util.cc:166) ReadFile(asset_path, &asset_data) could not read asset: research/vision/loco/video/models/siamese_fcpp/mobile/model_21086792_30/siamese_fe.tflite
06-06 07:40:26.674 28473 28473 W libc : Access denied finding property "persist.camera.p20_lens_setup"
06-06 07:40:26.674 28473 28582 E GoLog : Stack trace:
06-06 07:40:26.674 28473 28582 E GoLog : 06-06 07:40:26.674 28473 28473 W libc : Access denied finding property "persist.camera.p20_lens_setup"
06-06 07:40:26.675 28473 28473 W libc : Access denied finding property "persist.camera.p20_lens_setup"
06-06 07:40:26.675 28473 28473 W libc : Access denied finding property "persist.camera.p20_lens_setup"
06-06 07:40:26.675 28473 28473 W libc : Access denied finding property "persist.camera.p20_lens_setup"
06-06 07:40:26.675 28473 28473 W libc : Access denied finding property "persist.camera.p20_lens_setup"
06-06 07:40:26.675 28473 28473 W libc : Access denied finding property "persist.camera.p20_lens_setup"
06-06 07:40:26.675 28473 28473 W libc : Access denied finding property "persist.camera.p20_lens_setup"
06-06 07:40:26.675 28473 28473 W libc : Access denied finding property "persist.camera.p20_lens_setup"
06-06 07:40:26.675 28473 28473 W libc : Access denied finding property "persist.camera.p20_lens_setup"
06-06 07:40:26.675 28473 28473 W libc : Access denied finding property "persist.camera.p20_lens_setup"
06-06 07:40:26.675 28473 28473 W libc : Access denied finding property "persist.camera.p20_lens_setup"
06-06 07:40:26.675 28473 28473 W libc : Access denied finding property "persist.camera.p20_lens_setup"
06-06 07:40:26.675 28473 28473 W libc : Access denied finding property "persist.camera.p20_lens_setup"
06-06 07:40:26.676 28473 28473 W libc : Access denied finding property "persist.camera.p20_lens_setup"
06-06 07:40:26.676 28473 28473 W libc : Access denied finding property "persist.camera.p20_lens_setup"
06-06 07:40:26.676 28473 28473 W libc : Access denied finding property "persist.camera.p20_lens_setup"
06-06 07:40:26.676 28473 28473 D CameraManager2: GotArray:0
06-06 07:40:26.676 28473 28473 D CameraManager2: GotArray:1
06-06 07:40:26.677 28473 28473 D CameraManager2: GotArray:0
06-06 07:40:26.677 28473 28473 D CameraManager2: GotArray:1
06-06 07:40:26.677 28473 29051 W libc : Access denied finding property "persist.camera.dualev.limitUltrawide"
06-06 07:40:26.678 28473 28473 W libc : Access denied finding property "persist.camera.gouda.max_zoom_override"
06-06 07:40:26.678 28473 28473 W libc : Access denied finding property "persist.camera.p20_lens_setup"
06-06 07:40:26.678 28473 28473 W libc : Access denied finding property "persist.camera.p20_lens_setup"
06-06 07:40:26.678 28473 28473 W libc : Access denied finding property "persist.camera.p20_lens_setup"
06-06 07:40:26.678 28473 28473 W libc : Access denied finding property "persist.camera.p20_lens_setup"
06-06 07:40:26.678 28473 28473 W libc : Access denied finding property "persist.camera.p20_lens_setup"
06-06 07:40:26.678 28473 28473 W libc : Access denied finding property "persist.camera.p20_lens_setup"
06-06 07:40:26.678 28473 28473 W libc : Access denied finding property "persist.camera.p20_lens_setup"
06-06 07:40:26.679 28473 28473 D CameraManager2: GotArray:0
06-06 07:40:26.679 28473 28473 D CameraManager2: GotArray:1
06-06 07:40:26.679 28473 28473 D CameraManager2: GotArray:0
06-06 07:40:26.679 28473 28473 D CameraManager2: GotArray:1
